ChemmineR 1.6.0 Y. Eddie Cao
 | Snapshot Date: 2009-12-13 23:30:35 -0800 (Sun, 13 Dec 2009) |  | URL: https://hedgehog.fhcrc.org/bioconductor/branches/RELEASE_2_5/madman/Rpacks/ChemmineR |  | Last Changed Rev: 42684 / Revision: 43539 |  | Last Changed Date: 2009-10-27 16:33:29 -0700 (Tue, 27 Oct 2009) |  
  | wilson2  | Linux (openSUSE 11.1) / x86_64  |  OK  |  OK  |  | 
| liverpool  | Windows Server 2003 R2 (32-bit) / x64  | [ ERROR ] |  skipped  |  skipped  | 
| pitt  | Mac OS X Tiger (10.4.11) / i386  |  OK  |  OK  |  OK  | 
| pelham  | Mac OS X Leopard (10.5.8) / i386  |  OK  |  OK  |  OK  | 
* checking for file 'ChemmineR/DESCRIPTION' ... OK
* preparing 'ChemmineR':
* checking DESCRIPTION meta-information ... OK
* installing the package to re-build vignettes
* installing *source* package 'ChemmineR' ...
** R
** inst
** preparing package for lazy loading
** help
*** installing help indices
** building package indices ...
** MD5 sums
* DONE (ChemmineR)
* creating vignettes ... ERROR
Error: processing vignette 'ChemmineR.Rnw' failed with diagnostics:
 chunk 8 
Error in if (length(num_atoms) == 0 || num_atoms == 0) return(list(atoms = vector(),  : 
  missing value where TRUE/FALSE needed
In addition: Warning messages:
1: In .parse(filename) : NAs introduced by coercion
2: In .parse(filename) : NAs introduced by coercion
Execution halted