cosmoGUI 1.25.1 Oliver Bembom
 | Snapshot Date: 2013-03-18 17:01:46 -0700 (Mon, 18 Mar 2013) |  | URL: https://hedgehog.fhcrc.org/bioconductor/trunk/madman/Rpacks/cosmoGUI |  | Last Changed Rev: 70688 / Revision: 74537 |  | Last Changed Date: 2012-10-19 12:19:12 -0700 (Fri, 19 Oct 2012) |  
  | george2  | Linux (Ubuntu 12.04.1 LTS) / x86_64  |  OK  |  ERROR  |  | 
| moscato2  | Windows Server 2008 R2 Enterprise SP1 (64-bit) / x64  |  OK  |  ERROR  |  ERROR  | 
| petty  | Mac OS X Leopard (10.5.8) / i386  |  OK  | [ ERROR ] |  ERROR  | 
* using log directory '/Users/biocbuild/bbs-2.12-bioc/meat/cosmoGUI.Rcheck'
* using R Under development (unstable) (2013-02-26 r62077)
* using platform: i386-apple-darwin9.8.0 (32-bit)
* using session charset: ASCII
* using option '--no-vignettes'
* checking for file 'cosmoGUI/DESCRIPTION' ... OK
* this is package 'cosmoGUI' version '1.25.1'
* checking package namespace information ... OK
* checking package dependencies ... ERROR
Package required but not available: 'cosmo'
See the information on DESCRIPTION files in the chapter 'Creating R
packages' of the 'Writing R Extensions' manual.