Back to Multiple platform build/check report for BioC 3.21:   simplified   long
ABCDEFGHIJKLMNOPQ[R]STUVWXYZ

This page was generated on 2025-10-13 11:42 -0400 (Mon, 13 Oct 2025).

HostnameOSArch (*)R versionInstalled pkgs
nebbiolo1Linux (Ubuntu 24.04.3 LTS)x86_644.5.1 (2025-06-13) -- "Great Square Root" 4833
merida1macOS 12.7.5 Montereyx86_644.5.1 RC (2025-06-05 r88288) -- "Great Square Root" 4614
kjohnson1macOS 13.6.6 Venturaarm644.5.1 Patched (2025-06-14 r88325) -- "Great Square Root" 4555
kunpeng2Linux (openEuler 24.03 LTS)aarch64R Under development (unstable) (2025-02-19 r87757) -- "Unsuffered Consequences" 4586
Click on any hostname to see more info about the system (e.g. compilers)      (*) as reported by 'uname -p', except on Windows and Mac OS X

Package 1823/2341HostnameOS / ArchINSTALLBUILDCHECKBUILD BIN
ropls 1.40.0  (landing page)
Etienne A. Thevenot
Snapshot Date: 2025-10-09 13:40 -0400 (Thu, 09 Oct 2025)
git_url: https://git.bioconductor.org/packages/ropls
git_branch: RELEASE_3_21
git_last_commit: 4c98856
git_last_commit_date: 2025-04-15 10:52:06 -0400 (Tue, 15 Apr 2025)
nebbiolo1Linux (Ubuntu 24.04.3 LTS) / x86_64  OK    OK    OK  UNNEEDED, same version is already published
merida1macOS 12.7.5 Monterey / x86_64  OK    OK    OK    OK  UNNEEDED, same version is already published
kjohnson1macOS 13.6.6 Ventura / arm64  OK    OK    OK    OK  UNNEEDED, same version is already published
kunpeng2Linux (openEuler 24.03 LTS) / aarch64  OK    ERROR  skipped


BUILD results for ropls on kunpeng2

To the developers/maintainers of the ropls package:
- Allow up to 24 hours (and sometimes 48 hours) for your latest push to git@git.bioconductor.org:packages/ropls.git to reflect on this report. See Troubleshooting Build Report for more information.
- Use the following Renviron settings to reproduce errors and warnings.
- If 'R CMD check' started to fail recently on the Linux builder(s) over a missing dependency, add the missing dependency to 'Suggests:' in your DESCRIPTION file. See Renviron.bioc for more information.
- See Martin Grigorov's blog post for how to debug Linux ARM64 related issues on a x86_64 host.

raw results


Summary

Package: ropls
Version: 1.40.0
Command: /home/biocbuild/R/R/bin/R CMD build --keep-empty-dirs --no-resave-data ropls
StartedAt: 2025-10-10 04:06:22 -0000 (Fri, 10 Oct 2025)
EndedAt: 2025-10-10 04:07:28 -0000 (Fri, 10 Oct 2025)
EllapsedTime: 66.0 seconds
RetCode: 1
Status:   ERROR  
PackageFile: None
PackageFileSize: NA

Command output

##############################################################################
##############################################################################
###
### Running command:
###
###   /home/biocbuild/R/R/bin/R CMD build --keep-empty-dirs --no-resave-data ropls
###
##############################################################################
##############################################################################


* checking for file ‘ropls/DESCRIPTION’ ... OK
* preparing ‘ropls’:
* checking DESCRIPTION meta-information ... OK
* installing the package to build vignettes
* creating vignettes ... ERROR
--- re-building ‘ropls-vignette.Rmd’ using rmarkdown

Quitting from ropls-vignette.Rmd:413-415 [plot_score_se]
~~~~~~~~~~~~~~~~~~~~~~~~~~~~~~~~~~~~~~~~~~~~~~~~~~~~~~~~~~~~~~~~~~~~~~~~~~~~~~~~
<error/rlang_error>
Error in `pm[[2]]`:
! subscript out of bounds
---
Backtrace:
    ▆
 1. ├─ropls::plot_score(...)
 2. └─ropls::plot_score(...)
 3.   └─ropls:::.gg_scoreplot(...)
 4.     ├─plotly::ggplotly(p, tooltip = ".text")
 5.     └─plotly:::ggplotly.ggplot(p, tooltip = ".text")
 6.       └─plotly::gg2list(...)
~~~~~~~~~~~~~~~~~~~~~~~~~~~~~~~~~~~~~~~~~~~~~~~~~~~~~~~~~~~~~~~~~~~~~~~~~~~~~~~~

Error: processing vignette 'ropls-vignette.Rmd' failed with diagnostics:
subscript out of bounds
--- failed re-building ‘ropls-vignette.Rmd’

SUMMARY: processing the following file failed:
  ‘ropls-vignette.Rmd’

Error: Vignette re-building failed.
Execution halted