Back to Multiple platform build/check report for BioC 3.22:   simplified   long
ABCDEFGHIJKLMNOPQ[R]STUVWXYZ

This page was generated on 2025-11-04 12:04 -0500 (Tue, 04 Nov 2025).

HostnameOSArch (*)R versionInstalled pkgs
nebbiolo2Linux (Ubuntu 24.04.3 LTS)x86_644.5.1 Patched (2025-08-23 r88802) -- "Great Square Root" 4902
lconwaymacOS 12.7.6 Montereyx86_644.5.1 Patched (2025-09-10 r88807) -- "Great Square Root" 4692
kjohnson3macOS 13.7.7 Venturaarm644.5.1 Patched (2025-09-10 r88807) -- "Great Square Root" 4638
Click on any hostname to see more info about the system (e.g. compilers)      (*) as reported by 'uname -p', except on Windows and Mac OS X

Package 1774/2361HostnameOS / ArchINSTALLBUILDCHECKBUILD BIN
rexposome 1.32.0  (landing page)
Xavier Escribà Montagut
Snapshot Date: 2025-11-03 13:45 -0500 (Mon, 03 Nov 2025)
git_url: https://git.bioconductor.org/packages/rexposome
git_branch: RELEASE_3_22
git_last_commit: 4e63989
git_last_commit_date: 2025-10-29 10:39:53 -0500 (Wed, 29 Oct 2025)
nebbiolo2Linux (Ubuntu 24.04.3 LTS) / x86_64  OK    OK    WARNINGS  UNNEEDED, same version is already published
lconwaymacOS 12.7.6 Monterey / x86_64  OK    OK    WARNINGS    OK  UNNEEDED, same version is already published
kjohnson3macOS 13.7.7 Ventura / arm64  OK    OK    WARNINGS    OK  UNNEEDED, same version is already published


CHECK results for rexposome on lconway

To the developers/maintainers of the rexposome package:
- Allow up to 24 hours (and sometimes 48 hours) for your latest push to git@git.bioconductor.org:packages/rexposome.git to reflect on this report. See Troubleshooting Build Report for more information.
- Use the following Renviron settings to reproduce errors and warnings.
- If 'R CMD check' started to fail recently on the Linux builder(s) over a missing dependency, add the missing dependency to 'Suggests:' in your DESCRIPTION file. See Renviron.bioc for more information.

raw results


Summary

Package: rexposome
Version: 1.32.0
Command: /Library/Frameworks/R.framework/Resources/bin/R CMD check --install=check:rexposome.install-out.txt --library=/Library/Frameworks/R.framework/Resources/library --no-vignettes --timings rexposome_1.32.0.tar.gz
StartedAt: 2025-11-03 23:42:39 -0500 (Mon, 03 Nov 2025)
EndedAt: 2025-11-03 23:45:53 -0500 (Mon, 03 Nov 2025)
EllapsedTime: 193.8 seconds
RetCode: 0
Status:   WARNINGS  
CheckDir: rexposome.Rcheck
Warnings: 5

Command output

##############################################################################
##############################################################################
###
### Running command:
###
###   /Library/Frameworks/R.framework/Resources/bin/R CMD check --install=check:rexposome.install-out.txt --library=/Library/Frameworks/R.framework/Resources/library --no-vignettes --timings rexposome_1.32.0.tar.gz
###
##############################################################################
##############################################################################


* using log directory ‘/Users/biocbuild/bbs-3.22-bioc/meat/rexposome.Rcheck’
* using R version 4.5.1 Patched (2025-09-10 r88807)
* using platform: x86_64-apple-darwin20
* R was compiled by
    Apple clang version 14.0.0 (clang-1400.0.29.202)
    GNU Fortran (GCC) 14.2.0
* running under: macOS Monterey 12.7.6
* using session charset: UTF-8
* using option ‘--no-vignettes’
* checking for file ‘rexposome/DESCRIPTION’ ... OK
* this is package ‘rexposome’ version ‘1.32.0’
* package encoding: UTF-8
* checking package namespace information ... OK
* checking package dependencies ... INFO
Imports includes 21 non-default packages.
Importing from so many packages makes the package vulnerable to any of
them becoming unavailable.  Move as many as possible to Suggests and
use conditionally.
* checking if this is a source package ... OK
* checking if there is a namespace ... OK
* checking for hidden files and directories ... OK
* checking for portable file names ... WARNING
Found the following file with a non-portable file name:
  vignettes/rsconnect/documents/exposome_data_analysis.Rmd/rpubs.com/rpubs/Publish Document.dcf
These are not fully portable file names.
See section ‘Package structure’ in the ‘Writing R Extensions’ manual.
Found the following non-portable file path:
  rexposome/vignettes/rsconnect/documents/exposome_data_analysis.Rmd/rpubs.com/rpubs/Publish Document.dcf

Tarballs are only required to store paths of up to 100 bytes and cannot
store those of more than 256 bytes, with restrictions including to 100
bytes for the final component.
See section ‘Package structure’ in the ‘Writing R Extensions’ manual.
* checking for sufficient/correct file permissions ... OK
* checking whether package ‘rexposome’ can be installed ... OK
* checking installed package size ... INFO
  installed size is  6.0Mb
  sub-directories of 1Mb or more:
    data      2.8Mb
    extdata   2.2Mb
* checking package directory ... OK
* checking ‘build’ directory ... OK
* checking DESCRIPTION meta-information ... NOTE
License stub is invalid DCF.
* checking top-level files ... OK
* checking for left-over files ... OK
* checking index information ... OK
* checking package subdirectories ... OK
* checking code files for non-ASCII characters ... OK
* checking R files for syntax errors ... OK
* checking whether the package can be loaded ... OK
* checking whether the package can be loaded with stated dependencies ... OK
* checking whether the package can be unloaded cleanly ... OK
* checking whether the namespace can be loaded with stated dependencies ... OK
* checking whether the namespace can be unloaded cleanly ... OK
* checking dependencies in R code ... WARNING
'::' or ':::' imports not declared from:
  ‘missMDA’ ‘nnet’ ‘sandwich’
* checking S3 generic/method consistency ... OK
* checking replacement functions ... OK
* checking foreign function calls ... OK
* checking R code for possible problems ... NOTE
imputeLOD: multiple local function definitions for ‘faux’ with
  different formal arguments
invExWAS,ExposomeSet : <anonymous>: no visible global function
  definition for ‘reformulate’
invExWAS,ExposomeSet : <anonymous>: no visible global function
  definition for ‘terms’
invExWAS,ExposomeSet : <anonymous>: no visible global function
  definition for ‘confint’
invExWAS,ExposomeSet: no visible global function definition for
  ‘reformulate’
invExWAS,ExposomeSet: no visible global function definition for ‘terms’
plotHistogram,ExposomeSet: no visible binding for global variable
  ‘..density..’
Undefined global functions or variables:
  ..density.. confint reformulate terms
Consider adding
  importFrom("stats", "confint", "reformulate", "terms")
to your NAMESPACE file.
* checking Rd files ... NOTE
checkRd: (-1) exwas-methods.Rd:50: Lost braces
    50 | An code{ExWAS} object with the result of the association study
       |        ^
checkRd: (-1) invExWAS-methods.Rd:31: Lost braces
    31 | An code{ExWAS} object with the result of the association study
       |        ^
checkRd: (-1) standardize-methods.Rd:13: Lost braces
    13 | #' @param object code{ExposomeSet} with 'set' will be summarized.
       |                      ^
* checking Rd metadata ... WARNING
Rd files with duplicated alias 'extract':
  ‘extract-methods.Rd’ ‘get_robust_sd-methods.Rd’
* checking Rd cross-references ... NOTE
Found the following Rd file(s) with Rd \link{} targets missing package
anchors:
  ExposomeCorr-class.Rd: eSet-class, eSet, AssayData,
    AnnotatedDataFrame
  ExposomePCA-class.Rd: eSet, AnnotatedDataFrame
  ExposomeSet-class.Rd: eSet, AssayData, AnnotatedDataFrame
  correlation-methods.Rd: cramersV
  exposureNames-methods.Rd: featureNames, eSet
  ilod-methods.Rd: impute.MinProb
  pca-methods.Rd: FactoMineR
  plotCorrelation-methods.Rd: corrplot
  rexposome.Rd: impute
  volcano_plot.Rd: ggplot2
Please provide package anchors for all Rd \link{} targets not in the
package itself and the base packages.
* checking for missing documentation entries ... OK
* checking for code/documentation mismatches ... WARNING
S4 class codoc mismatches from Rd file 'ExWAS-class.Rd':
Slots for class 'ExWAS'
  Code: comparison description effective formula robust.std.err
  Docs: comparison description effective formula

* checking Rd \usage sections ... WARNING
Undocumented arguments in Rd file 'ExposomeSet-class.Rd'
  ‘robust’

Undocumented arguments in Rd file 'exwas-methods.Rd'
  ‘robust’

Undocumented arguments in Rd file 'imExposomeSet-class.Rd'
  ‘robust’

Functions with \usage entries need to have the appropriate \alias
entries, and all their arguments documented.
The \usage entries must correspond to syntactically valid R code.
See chapter ‘Writing R documentation files’ in the ‘Writing R
Extensions’ manual.
* checking Rd contents ... OK
* checking for unstated dependencies in examples ... OK
* checking contents of ‘data’ directory ... OK
* checking data for non-ASCII characters ... OK
* checking LazyData ... OK
* checking data for ASCII and uncompressed saves ... OK
* checking files in ‘vignettes’ ... OK
* checking examples ... OK
Examples with CPU (user + system) or elapsed time > 5s
                          user system elapsed
clustering-methods      14.744  0.166  15.007
invExWAS-methods        12.930  0.122  13.164
plotCorrelation-methods 11.477  0.150  11.722
* checking for unstated dependencies in vignettes ... OK
* checking package vignettes ... OK
* checking running R code from vignettes ... SKIPPED
* checking re-building of vignette outputs ... SKIPPED
* checking PDF version of manual ... OK
* DONE

Status: 5 WARNINGs, 4 NOTEs
See
  ‘/Users/biocbuild/bbs-3.22-bioc/meat/rexposome.Rcheck/00check.log’
for details.


Installation output

rexposome.Rcheck/00install.out

##############################################################################
##############################################################################
###
### Running command:
###
###   /Library/Frameworks/R.framework/Resources/bin/R CMD INSTALL rexposome
###
##############################################################################
##############################################################################


* installing to library ‘/Library/Frameworks/R.framework/Versions/4.5-x86_64/Resources/library’
* installing *source* package ‘rexposome’ ...
** this is package ‘rexposome’ version ‘1.32.0’
** using staged installation
** R
** data
*** moving datasets to lazyload DB
** inst
** byte-compile and prepare package for lazy loading
** help
*** installing help indices
** building package indices
** installing vignettes
** testing if installed package can be loaded from temporary location
** testing if installed package can be loaded from final location
** testing if installed package keeps a record of temporary installation path
* DONE (rexposome)

Tests output


Example timings

rexposome.Rcheck/rexposome-Ex.timings

nameusersystemelapsed
classification-methods0.0130.0060.019
clustering-methods14.744 0.16615.007
correlation-methods4.6470.0814.769
ex_imp0.0170.0020.018
expo0.0150.0100.025
expo_c0.0190.0030.023
expos-methods0.1600.0030.164
exposureNames-methods0.0130.0040.017
exwas-methods0.3780.0120.393
familyNames-methods0.0130.0020.017
highAndLow-methods0.6480.0100.663
ilod-methods0.0000.0010.001
imputation-methods000
imputeLOD000
invExWAS-methods12.930 0.12213.164
loadExposome0.0670.0030.072
loadExposome_plain0.0670.0030.072
loadImputed0.0150.0010.017
me0.0020.0010.003
mexwas-methods0.7750.0120.793
ndim-methods0.0430.0020.045
normalityTest-methods0.2120.0080.221
pca-methods0.0900.0030.092
phenotypeNames-methods0.0110.0030.015
plotClassification-methods0.0000.0010.000
plotCorrelation-methods11.477 0.15011.722
plotEXP-methods0.3880.0080.399
plotEffect-methods0.7940.0200.820
plotExwas-methods0.5640.0110.581
plotFamily-methods2.5830.0832.688
plotHistogram-methods0.4630.0080.476
plotLOD-methods0.4700.0090.483
plotMissings-methods0.6960.0110.714
plotPCA-methods2.2790.0252.324
plotPHE-methods0.4390.0070.452
readExposome0.0380.0020.039
standardize-methods0.6130.0300.649
tableLOD-methods0.1460.0060.152
tableMissings-methods0.0190.0060.025
tef-methods0.2890.0100.304
toES0.1490.0050.155
trans-methods0.1790.0020.182
volcano_plot0.8480.0220.876