| Back to Multiple platform build/check report for BioC 3.21: simplified long |
|
This page was generated on 2025-08-18 11:42 -0400 (Mon, 18 Aug 2025).
| Hostname | OS | Arch (*) | R version | Installed pkgs |
|---|---|---|---|---|
| nebbiolo1 | Linux (Ubuntu 24.04.3 LTS) | x86_64 | 4.5.1 (2025-06-13) -- "Great Square Root" | 4824 |
| palomino7 | Windows Server 2022 Datacenter | x64 | 4.5.1 (2025-06-13 ucrt) -- "Great Square Root" | 4566 |
| merida1 | macOS 12.7.5 Monterey | x86_64 | 4.5.1 RC (2025-06-05 r88288) -- "Great Square Root" | 4604 |
| kjohnson1 | macOS 13.6.6 Ventura | arm64 | 4.5.1 Patched (2025-06-14 r88325) -- "Great Square Root" | 4545 |
| kunpeng2 | Linux (openEuler 24.03 LTS) | aarch64 | R Under development (unstable) (2025-02-19 r87757) -- "Unsuffered Consequences" | 4579 |
| Click on any hostname to see more info about the system (e.g. compilers) (*) as reported by 'uname -p', except on Windows and Mac OS X | ||||
| Package 1530/2341 | Hostname | OS / Arch | INSTALL | BUILD | CHECK | BUILD BIN | ||||||||
Kim Philipp Jablonski
| nebbiolo1 | Linux (Ubuntu 24.04.3 LTS) / x86_64 | OK | ERROR | skipped | |||||||||
| palomino7 | Windows Server 2022 Datacenter / x64 | OK | ERROR | skipped | skipped | |||||||||
| merida1 | macOS 12.7.5 Monterey / x86_64 | OK | ERROR | skipped | skipped | |||||||||
| kjohnson1 | macOS 13.6.6 Ventura / arm64 | OK | ERROR | skipped | skipped | |||||||||
| kunpeng2 | Linux (openEuler 24.03 LTS) / aarch64 | OK | ERROR | skipped | ||||||||||
|
To the developers/maintainers of the pareg package: - Allow up to 24 hours (and sometimes 48 hours) for your latest push to git@git.bioconductor.org:packages/pareg.git to reflect on this report. See Troubleshooting Build Report for more information. - Use the following Renviron settings to reproduce errors and warnings. - If 'R CMD check' started to fail recently on the Linux builder(s) over a missing dependency, add the missing dependency to 'Suggests:' in your DESCRIPTION file. See Renviron.bioc for more information. |
| Package: pareg |
| Version: 1.12.0 |
| Command: chmod a+r pareg -R && E:\biocbuild\bbs-3.21-bioc\R\bin\R.exe --arch x64 CMD build --keep-empty-dirs --no-resave-data pareg |
| StartedAt: 2025-08-14 21:08:34 -0400 (Thu, 14 Aug 2025) |
| EndedAt: 2025-08-14 21:21:49 -0400 (Thu, 14 Aug 2025) |
| EllapsedTime: 794.8 seconds |
| RetCode: 1 |
| Status: ERROR |
| PackageFile: None |
| PackageFileSize: NA |
##############################################################################
##############################################################################
###
### Running command:
###
### chmod a+r pareg -R && E:\biocbuild\bbs-3.21-bioc\R\bin\R.exe --arch x64 CMD build --keep-empty-dirs --no-resave-data pareg
###
##############################################################################
##############################################################################
* checking for file 'pareg/DESCRIPTION' ... OK
* preparing 'pareg':
* checking DESCRIPTION meta-information ... OK
* installing the package to build vignettes
* creating vignettes ... ERROR
--- re-building 'pareg.Rmd' using rmarkdown
Channels:
- anaconda
Platform: win-64
Collecting package metadata (repodata.json): ...working... done
Solving environment: ...working... done
## Package Plan ##
environment location: C:\Users\biocbuild\.basilisk\1.20.0\pareg\1.12.0\pareg
added / updated specs:
- python=3.12.8
The following NEW packages will be INSTALLED:
bzip2 anaconda/win-64::bzip2-1.0.8-h2bbff1b_6
ca-certificates anaconda/win-64::ca-certificates-2025.7.15-haa95532_0
expat anaconda/win-64::expat-2.7.1-h8ddb27b_0
libffi anaconda/win-64::libffi-3.4.4-hd77b12b_1
openssl anaconda/win-64::openssl-3.0.17-h35632f6_0
pip anaconda/noarch::pip-25.1-pyhc872135_2
python anaconda/win-64::python-3.12.8-h14ffc60_0
setuptools anaconda/win-64::setuptools-78.1.1-py312haa95532_0
sqlite anaconda/win-64::sqlite-3.50.2-hda9a48d_1
tk anaconda/win-64::tk-8.6.14-h5e9d12e_1
tzdata anaconda/noarch::tzdata-2025b-h04d1e81_0
ucrt anaconda/win-64::ucrt-10.0.22621.0-haa95532_0
vc anaconda/win-64::vc-14.3-h2df5915_10
vc14_runtime anaconda/win-64::vc14_runtime-14.44.35208-h4927774_10
vs2015_runtime anaconda/win-64::vs2015_runtime-14.44.35208-ha6b5a95_10
wheel anaconda/win-64::wheel-0.45.1-py312haa95532_0
xz anaconda/win-64::xz-5.6.4-h4754444_1
zlib anaconda/win-64::zlib-1.2.13-h8cc25b3_1
Preparing transaction: ...working... done
Verifying transaction: ...working... done
Executing transaction: ...working... done
Channels:
- anaconda
Platform: win-64
Collecting package metadata (repodata.json): ...working... done
Solving environment: ...working... done
# All requested packages already installed.
Channels:
- anaconda
Platform: win-64
Collecting package metadata (repodata.json): ...working... done
Solving environment: ...working... failed
LibMambaUnsatisfiableError: Encountered problems while solving:
- package tensorflow-base-2.10.0-gpu_py37h9761872_0 requires python >=3.7,<3.8.0a0, but none of the providers can be installed
Could not solve for environment specs
The following packages are incompatible
\u251c\u2500 python 3.12.8** is requested and can be installed;
\u2514\u2500 tensorflow 2.10.0** is not installable because there are no viable options
\u251c\u2500 tensorflow 2.10.0 would require
\u2502 \u2514\u2500 tensorflow-base [2.10.0 eigen_py37he3c91d7_0|2.10.0 gpu_py37h9761872_0], which requires
\u2502 \u2514\u2500 python >=3.7,<3.8.0a0 , which conflicts with any installable versions previously reported;
\u251c\u2500 tensorflow 2.10.0 would require
\u2502 \u2514\u2500 tensorflow-base [2.10.0 eigen_py310he3c91d7_0|2.10.0 gpu_py310h9761872_0|2.10.0 mkl_py310h6a7f48e_0], which requires
\u2502 \u2514\u2500 python >=3.10,<3.11.0a0 , which conflicts with any installable versions previously reported;
\u251c\u2500 tensorflow 2.10.0 would require
\u2502 \u2514\u2500 tensorflow-base [2.10.0 eigen_py38he3c91d7_0|2.10.0 gpu_py38h9761872_0|2.10.0 mkl_py38h6a7f48e_0], which requires
\u2502 \u2514\u2500 python >=3.8,<3.9.0a0 , which conflicts with any installable versions previously reported;
\u2514\u2500 tensorflow 2.10.0 would require
\u2514\u2500 tensorflow-base [2.10.0 eigen_py39he3c91d7_0|2.10.0 gpu_py39h9761872_0|2.10.0 mkl_py39h6a7f48e_0], which requires
\u2514\u2500 python >=3.9,<3.10.0a0 , which conflicts with any installable versions previously reported.
Quitting from pareg.Rmd:144-150 [unnamed-chunk-9]
~~~~~~~~~~~~~~~~~~~~~~~~~~~~~~~~~~~~~~~~~~~~~~~~~~~~~~~~~~~~~~~~~~~~~~~~~~~~~~~~
<error/rlang_error>
Error:
! one or more Python packages failed to install [error code 1]
---
Backtrace:
▆
1. └─pareg::pareg(...)
2. └─basilisk::basiliskStart(...)
3. └─basilisk::obtainEnvironmentPath(env)
4. └─basilisk::setupBasiliskEnv(...)
5. └─reticulate::conda_install(...)
6. └─reticulate:::stopf(fmt, result)
~~~~~~~~~~~~~~~~~~~~~~~~~~~~~~~~~~~~~~~~~~~~~~~~~~~~~~~~~~~~~~~~~~~~~~~~~~~~~~~~
Error: processing vignette 'pareg.Rmd' failed with diagnostics:
one or more Python packages failed to install [error code 1]
--- failed re-building 'pareg.Rmd'
--- re-building 'pathway_similarities.Rmd' using rmarkdown
--- finished re-building 'pathway_similarities.Rmd'
SUMMARY: processing the following file failed:
'pareg.Rmd'
Error: Vignette re-building failed.
Execution halted