| Back to Multiple platform build/check report for BioC 3.22: simplified long |
|
This page was generated on 2025-08-15 12:07 -0400 (Fri, 15 Aug 2025).
| Hostname | OS | Arch (*) | R version | Installed pkgs |
|---|---|---|---|---|
| nebbiolo2 | Linux (Ubuntu 24.04.3 LTS) | x86_64 | 4.5.1 (2025-06-13) -- "Great Square Root" | 4818 |
| palomino8 | Windows Server 2022 Datacenter | x64 | 4.5.1 (2025-06-13 ucrt) -- "Great Square Root" | 4554 |
| lconway | macOS 12.7.1 Monterey | x86_64 | 4.5.1 (2025-06-13) -- "Great Square Root" | 4595 |
| kjohnson3 | macOS 13.7.7 Ventura | arm64 | 4.5.1 Patched (2025-06-14 r88325) -- "Great Square Root" | 4537 |
| taishan | Linux (openEuler 24.03 LTS) | aarch64 | 4.5.0 (2025-04-11) -- "How About a Twenty-Six" | 4535 |
| Click on any hostname to see more info about the system (e.g. compilers) (*) as reported by 'uname -p', except on Windows and Mac OS X | ||||
| Package 1486/2317 | Hostname | OS / Arch | INSTALL | BUILD | CHECK | BUILD BIN | ||||||||
| oppar 1.37.0 (landing page) Soroor Hediyeh zadeh
| nebbiolo2 | Linux (Ubuntu 24.04.3 LTS) / x86_64 | OK | OK | WARNINGS | |||||||||
| palomino8 | Windows Server 2022 Datacenter / x64 | OK | OK | WARNINGS | OK | |||||||||
| lconway | macOS 12.7.1 Monterey / x86_64 | OK | OK | WARNINGS | OK | |||||||||
| kjohnson3 | macOS 13.7.7 Ventura / arm64 | OK | OK | WARNINGS | OK | |||||||||
| taishan | Linux (openEuler 24.03 LTS) / aarch64 | OK | OK | WARNINGS | ||||||||||
|
To the developers/maintainers of the oppar package: - Allow up to 24 hours (and sometimes 48 hours) for your latest push to git@git.bioconductor.org:packages/oppar.git to reflect on this report. See Troubleshooting Build Report for more information. - Use the following Renviron settings to reproduce errors and warnings. - If 'R CMD check' started to fail recently on the Linux builder(s) over a missing dependency, add the missing dependency to 'Suggests:' in your DESCRIPTION file. See Renviron.bioc for more information. |
| Package: oppar |
| Version: 1.37.0 |
| Command: F:\biocbuild\bbs-3.22-bioc\R\bin\R.exe CMD check --no-multiarch --install=check:oppar.install-out.txt --library=F:\biocbuild\bbs-3.22-bioc\R\library --no-vignettes --timings oppar_1.37.0.tar.gz |
| StartedAt: 2025-08-15 06:03:50 -0400 (Fri, 15 Aug 2025) |
| EndedAt: 2025-08-15 06:09:47 -0400 (Fri, 15 Aug 2025) |
| EllapsedTime: 356.9 seconds |
| RetCode: 0 |
| Status: WARNINGS |
| CheckDir: oppar.Rcheck |
| Warnings: 2 |
##############################################################################
##############################################################################
###
### Running command:
###
### F:\biocbuild\bbs-3.22-bioc\R\bin\R.exe CMD check --no-multiarch --install=check:oppar.install-out.txt --library=F:\biocbuild\bbs-3.22-bioc\R\library --no-vignettes --timings oppar_1.37.0.tar.gz
###
##############################################################################
##############################################################################
* using log directory 'F:/biocbuild/bbs-3.22-bioc/meat/oppar.Rcheck'
* using R version 4.5.1 (2025-06-13 ucrt)
* using platform: x86_64-w64-mingw32
* R was compiled by
gcc.exe (GCC) 14.2.0
GNU Fortran (GCC) 14.2.0
* running under: Windows Server 2022 x64 (build 20348)
* using session charset: UTF-8
* using option '--no-vignettes'
* checking for file 'oppar/DESCRIPTION' ... OK
* checking extension type ... Package
* this is package 'oppar' version '1.37.0'
* checking package namespace information ... OK
* checking package dependencies ... OK
* checking if this is a source package ... OK
* checking if there is a namespace ... OK
* checking for hidden files and directories ... OK
* checking for portable file names ... OK
* checking whether package 'oppar' can be installed ... WARNING
Found the following significant warnings:
Warning: multiple methods tables found for 'gsva'
See 'F:/biocbuild/bbs-3.22-bioc/meat/oppar.Rcheck/00install.out' for details.
* used C compiler: 'gcc.exe (GCC) 14.2.0'
* checking installed package size ... INFO
installed size is 5.5Mb
sub-directories of 1Mb or more:
data 5.0Mb
* checking package directory ... OK
* checking 'build' directory ... OK
* checking DESCRIPTION meta-information ... OK
* checking top-level files ... OK
* checking for left-over files ... OK
* checking index information ... OK
* checking package subdirectories ... NOTE
Problems with news in 'NEWS':
Cannot process chunk/lines:
Initial release
* checking code files for non-ASCII characters ... OK
* checking R files for syntax errors ... OK
* checking whether the package can be loaded ... OK
* checking whether the package can be loaded with stated dependencies ... OK
* checking whether the package can be unloaded cleanly ... OK
* checking whether the namespace can be loaded with stated dependencies ... NOTE
Warning: multiple methods tables found for 'gsva'
A namespace must be able to be loaded with just the base namespace
loaded: otherwise if the namespace gets loaded by a saved object, the
session will be unable to start.
Probably some imports need to be declared in the NAMESPACE file.
* checking whether the namespace can be unloaded cleanly ... OK
* checking whether startup messages can be suppressed ... OK
* checking dependencies in R code ... OK
* checking S3 generic/method consistency ... OK
* checking replacement functions ... OK
* checking foreign function calls ... OK
* checking R code for possible problems ... NOTE
compute.gene.density : <anonymous>: no visible global function
definition for 'ecdf'
compute.geneset.es: no visible global function definition for
'txtProgressBar'
compute.geneset.es: no visible global function definition for
'setTxtProgressBar'
ks_test_m: no visible global function definition for
'setTxtProgressBar'
plage: no visible global function definition for 'txtProgressBar'
plage : <anonymous>: no visible global function definition for 'sd'
plage : <anonymous>: no visible global function definition for
'setTxtProgressBar'
plage: no visible global function definition for 'setTxtProgressBar'
ssgsea: no visible global function definition for 'txtProgressBar'
ssgsea : <anonymous>: no visible global function definition for
'setTxtProgressBar'
ssgsea: no visible global function definition for 'setTxtProgressBar'
zscore: no visible global function definition for 'txtProgressBar'
zscore : <anonymous>: no visible global function definition for 'sd'
zscore : <anonymous>: no visible global function definition for
'setTxtProgressBar'
zscore: no visible global function definition for 'setTxtProgressBar'
computeGeneSetsOverlap,list-ExpressionSet : <anonymous>: no visible
global function definition for 'na.omit'
computeGeneSetsOverlap,list-character : <anonymous>: no visible global
function definition for 'na.omit'
gsva,ExpressionSet-GeneSetCollection: no visible binding for global
variable 'sd'
gsva,ExpressionSet-GeneSetCollection : <anonymous>: no visible global
function definition for 'na.omit'
gsva,ExpressionSet-list: no visible binding for global variable 'sd'
gsva,ExpressionSet-list : <anonymous>: no visible global function
definition for 'na.omit'
gsva,matrix-GeneSetCollection: no visible binding for global variable
'sd'
gsva,matrix-GeneSetCollection : <anonymous>: no visible global function
definition for 'na.omit'
gsva,matrix-list: no visible binding for global variable 'sd'
gsva,matrix-list : <anonymous>: no visible global function definition
for 'na.omit'
opa,matrix: no visible global function definition for 'relevel'
opa,matrix : <anonymous>: no visible global function definition for
'mad'
opa,matrix : <anonymous>: no visible global function definition for
'median'
opa,matrix : <anonymous>: no visible binding for global variable
'quantile'
opa,matrix : <anonymous>: no visible global function definition for
'IQR'
show,OPPARList: no visible global function definition for 'head'
Undefined global functions or variables:
IQR ecdf head mad median na.omit quantile relevel sd
setTxtProgressBar txtProgressBar
Consider adding
importFrom("stats", "IQR", "ecdf", "mad", "median", "na.omit",
"quantile", "relevel", "sd")
importFrom("utils", "head", "setTxtProgressBar", "txtProgressBar")
to your NAMESPACE file.
* checking Rd files ... OK
* checking Rd metadata ... OK
* checking Rd cross-references ... OK
* checking for missing documentation entries ... OK
* checking for code/documentation mismatches ... OK
* checking Rd \usage sections ... OK
* checking Rd contents ... OK
* checking for unstated dependencies in examples ... OK
* checking contents of 'data' directory ... OK
* checking data for non-ASCII characters ... OK
* checking LazyData ... WARNING
LazyData DB of 5.0 MB without LazyDataCompression set
See ยง1.1.6 of 'Writing R Extensions'
* checking data for ASCII and uncompressed saves ... OK
* checking line endings in C/C++/Fortran sources/headers ... OK
* checking compiled code ... NOTE
Note: information on .o files for x64 is not available
File 'F:/biocbuild/bbs-3.22-bioc/R/library/oppar/libs/x64/oppar.dll':
Found '_exit', possibly from '_exit' (C)
Found 'abort', possibly from 'abort' (C), 'runtime' (Fortran)
Compiled code should not call entry points which might terminate R nor
write to stdout/stderr instead of to the console, nor use Fortran I/O
nor system RNGs nor [v]sprintf. The detected symbols are linked into
the code but might come from libraries and not actually be called.
See 'Writing portable packages' in the 'Writing R Extensions' manual.
* checking files in 'vignettes' ... OK
* checking examples ... OK
Examples with CPU (user + system) or elapsed time > 5s
user system elapsed
getSampleOutlier 20.61 0.75 21.36
getSubtypeProbes 20.62 0.52 21.14
opa 19.72 0.47 20.18
* checking for unstated dependencies in vignettes ... OK
* checking package vignettes ... OK
* checking running R code from vignettes ... SKIPPED
* checking re-building of vignette outputs ... SKIPPED
* checking PDF version of manual ... OK
* DONE
Status: 2 WARNINGs, 4 NOTEs
See
'F:/biocbuild/bbs-3.22-bioc/meat/oppar.Rcheck/00check.log'
for details.
oppar.Rcheck/00install.out
##############################################################################
##############################################################################
###
### Running command:
###
### F:\biocbuild\bbs-3.22-bioc\R\bin\R.exe CMD INSTALL oppar
###
##############################################################################
##############################################################################
* installing to library 'F:/biocbuild/bbs-3.22-bioc/R/library'
* installing *source* package 'oppar' ...
** this is package 'oppar' version '1.37.0'
** using staged installation
** libs
using C compiler: 'gcc.exe (GCC) 14.2.0'
gcc -I"F:/biocbuild/bbs-3.22-bioc/R/include" -DNDEBUG -I"C:/rtools45/x86_64-w64-mingw32.static.posix/include" -O2 -Wall -std=gnu2x -mfpmath=sse -msse2 -mstackrealign -c R_init_oppar.c -o R_init_oppar.o
gcc -I"F:/biocbuild/bbs-3.22-bioc/R/include" -DNDEBUG -I"C:/rtools45/x86_64-w64-mingw32.static.posix/include" -O2 -Wall -std=gnu2x -mfpmath=sse -msse2 -mstackrealign -c kernel_estimation.c -o kernel_estimation.o
gcc -I"F:/biocbuild/bbs-3.22-bioc/R/include" -DNDEBUG -I"C:/rtools45/x86_64-w64-mingw32.static.posix/include" -O2 -Wall -std=gnu2x -mfpmath=sse -msse2 -mstackrealign -c ks_test.c -o ks_test.o
ks_test.c: In function 'ks_sample':
ks_test.c:22:16: warning: unused variable 'mx_value' [-Wunused-variable]
22 | double mx_value = 0.0;
| ^~~~~~~~
gcc -shared -s -static-libgcc -o oppar.dll tmp.def R_init_oppar.o kernel_estimation.o ks_test.o -LC:/rtools45/x86_64-w64-mingw32.static.posix/lib/x64 -LC:/rtools45/x86_64-w64-mingw32.static.posix/lib -LF:/biocbuild/bbs-3.22-bioc/R/bin/x64 -lR
installing to F:/biocbuild/bbs-3.22-bioc/R/library/00LOCK-oppar/00new/oppar/libs/x64
** R
** data
*** moving datasets to lazyload DB
** inst
** byte-compile and prepare package for lazy loading
Creating a new generic function for 'gsva' in package 'oppar'
** help
*** installing help indices
** building package indices
** installing vignettes
** testing if installed package can be loaded from temporary location
Warning: multiple methods tables found for 'gsva'
** testing if installed package can be loaded from final location
Warning: multiple methods tables found for 'gsva'
** testing if installed package keeps a record of temporary installation path
* DONE (oppar)
oppar.Rcheck/oppar-Ex.timings
| name | user | system | elapsed | |
| getSampleOutlier | 20.61 | 0.75 | 21.36 | |
| getSubtypeProbes | 20.62 | 0.52 | 21.14 | |
| gsva | 0.28 | 0.00 | 0.29 | |
| opa | 19.72 | 0.47 | 20.18 | |