Back to Multiple platform build/check report for BioC 3.22:   simplified   long
AB[C]DEFGHIJKLMNOPQRSTUVWXYZ

This page was generated on 2025-11-03 12:04 -0500 (Mon, 03 Nov 2025).

HostnameOSArch (*)R versionInstalled pkgs
nebbiolo2Linux (Ubuntu 24.04.3 LTS)x86_644.5.1 Patched (2025-08-23 r88802) -- "Great Square Root" 4902
lconwaymacOS 12.7.6 Montereyx86_644.5.1 Patched (2025-09-10 r88807) -- "Great Square Root" 4692
kjohnson3macOS 13.7.7 Venturaarm644.5.1 Patched (2025-09-10 r88807) -- "Great Square Root" 4638
Click on any hostname to see more info about the system (e.g. compilers)      (*) as reported by 'uname -p', except on Windows and Mac OS X

Package 422/2361HostnameOS / ArchINSTALLBUILDCHECKBUILD BIN
cogeqc 1.14.0  (landing page)
Fabrício Almeida-Silva
Snapshot Date: 2025-11-02 13:45 -0500 (Sun, 02 Nov 2025)
git_url: https://git.bioconductor.org/packages/cogeqc
git_branch: RELEASE_3_22
git_last_commit: 5bac111
git_last_commit_date: 2025-10-29 11:16:40 -0500 (Wed, 29 Oct 2025)
nebbiolo2Linux (Ubuntu 24.04.3 LTS) / x86_64  OK    ERROR  skipped
lconwaymacOS 12.7.6 Monterey / x86_64  OK    ERROR  skippedskipped
kjohnson3macOS 13.7.7 Ventura / arm64  OK    ERROR  skippedskipped


BUILD results for cogeqc on kjohnson3

To the developers/maintainers of the cogeqc package:
- Allow up to 24 hours (and sometimes 48 hours) for your latest push to git@git.bioconductor.org:packages/cogeqc.git to reflect on this report. See Troubleshooting Build Report for more information.
- Use the following Renviron settings to reproduce errors and warnings.
- If 'R CMD check' started to fail recently on the Linux builder(s) over a missing dependency, add the missing dependency to 'Suggests:' in your DESCRIPTION file. See Renviron.bioc for more information.

raw results


Summary

Package: cogeqc
Version: 1.14.0
Command: /Library/Frameworks/R.framework/Resources/bin/R CMD build --keep-empty-dirs --no-resave-data cogeqc
StartedAt: 2025-11-02 15:59:41 -0500 (Sun, 02 Nov 2025)
EndedAt: 2025-11-02 16:00:20 -0500 (Sun, 02 Nov 2025)
EllapsedTime: 39.4 seconds
RetCode: 1
Status:   ERROR  
PackageFile: None
PackageFileSize: NA

Command output

##############################################################################
##############################################################################
###
### Running command:
###
###   /Library/Frameworks/R.framework/Resources/bin/R CMD build --keep-empty-dirs --no-resave-data cogeqc
###
##############################################################################
##############################################################################


* checking for file ‘cogeqc/DESCRIPTION’ ... OK
* preparing ‘cogeqc’:
* checking DESCRIPTION meta-information ... OK
* installing the package to build vignettes
* creating vignettes ... ERROR
--- re-building ‘vignette_01_assessing_genome_assembly.Rmd’ using rmarkdown

Quitting from vignette_01_assessing_genome_assembly.Rmd:74-85 [get_maize_genomes]
~~~~~~~~~~~~~~~~~~~~~~~~~~~~~~~~~~~~~~~~~~~~~~~~~~~~~~~~~~~~~~~~~~~~~~~~~~~~~~~~
<error/rlang_error>
Error in `open.connection()`:
! cannot open the connection to 'https://api.ncbi.nlm.nih.gov/datasets/v2alpha/genome/taxon/Zea%20mays/dataset_report?page_size=1000'
---
Backtrace:
    ▆
 1. └─cogeqc::get_genome_stats(taxon = "Zea mays")
 2.   └─jsonlite::read_json(base_url, simplifyVector = TRUE)
 3.     └─jsonlite::parse_json(...)
 4.       └─jsonlite:::parse_and_simplify(...)
 5.         └─jsonlite:::parseJSON(txt, bigint_as_char)
 6.           └─jsonlite:::parse_con(txt, bigint_as_char)
 7.             ├─base::open(con, "rb")
 8.             └─base::open.connection(con, "rb")
~~~~~~~~~~~~~~~~~~~~~~~~~~~~~~~~~~~~~~~~~~~~~~~~~~~~~~~~~~~~~~~~~~~~~~~~~~~~~~~~

Error: processing vignette 'vignette_01_assessing_genome_assembly.Rmd' failed with diagnostics:
cannot open the connection to 'https://api.ncbi.nlm.nih.gov/datasets/v2alpha/genome/taxon/Zea%20mays/dataset_report?page_size=1000'
--- failed re-building ‘vignette_01_assessing_genome_assembly.Rmd’

--- re-building ‘vignette_02_assessing_orthogroup_inference.Rmd’ using rmarkdown
2025-11-02 16:00:10.472 R[53333:606861268] XType: Using static font registry.
--- finished re-building ‘vignette_02_assessing_orthogroup_inference.Rmd’

--- re-building ‘vignette_03_assessing_synteny.Rmd’ using rmarkdown
--- finished re-building ‘vignette_03_assessing_synteny.Rmd’

SUMMARY: processing the following file failed:
  ‘vignette_01_assessing_genome_assembly.Rmd’

Error: Vignette re-building failed.
Execution halted