Back to Multiple platform build/check report for BioC 3.22:   simplified   long
A[B]CDEFGHIJKLMNOPQRSTUVWXYZ

This page was generated on 2025-11-24 12:07 -0500 (Mon, 24 Nov 2025).

HostnameOSArch (*)R versionInstalled pkgs
nebbiolo2Linux (Ubuntu 24.04.3 LTS)x86_644.5.2 (2025-10-31) -- "[Not] Part in a Rumble" 4873
merida1macOS 12.7.6 Montereyx86_644.5.2 Patched (2025-11-05 r88990) -- "[Not] Part in a Rumble" 4654
kjohnson1macOS 13.7.5 Venturaarm644.5.2 Patched (2025-11-04 r88984) -- "[Not] Part in a Rumble" 4600
taishanLinux (openEuler 24.03 LTS)aarch644.5.0 (2025-04-11) -- "How About a Twenty-Six" 4668
Click on any hostname to see more info about the system (e.g. compilers)      (*) as reported by 'uname -p', except on Windows and Mac OS X

Package 210/2361HostnameOS / ArchINSTALLBUILDCHECKBUILD BIN
biodbChebi 1.16.0  (landing page)
Pierrick Roger
Snapshot Date: 2025-11-20 15:01 -0500 (Thu, 20 Nov 2025)
git_url: https://git.bioconductor.org/packages/biodbChebi
git_branch: RELEASE_3_22
git_last_commit: 28c1b2d
git_last_commit_date: 2025-10-29 11:12:25 -0500 (Wed, 29 Oct 2025)
nebbiolo2Linux (Ubuntu 24.04.3 LTS) / x86_64  OK    ERROR  skipped
merida1macOS 12.7.6 Monterey / x86_64  OK    ERROR  skippedskipped
kjohnson1macOS 13.7.5 Ventura / arm64  OK    ERROR  skippedskipped
taishanLinux (openEuler 24.03 LTS) / aarch64  OK    ERROR  skipped


BUILD results for biodbChebi on taishan

To the developers/maintainers of the biodbChebi package:
- Allow up to 24 hours (and sometimes 48 hours) for your latest push to git@git.bioconductor.org:packages/biodbChebi.git to reflect on this report. See Troubleshooting Build Report for more information.
- Use the following Renviron settings to reproduce errors and warnings.
- If 'R CMD check' started to fail recently on the Linux builder(s) over a missing dependency, add the missing dependency to 'Suggests:' in your DESCRIPTION file. See Renviron.bioc for more information.
- See Martin Grigorov's blog post for how to debug Linux ARM64 related issues on a x86_64 host.

raw results


Summary

Package: biodbChebi
Version: 1.16.0
Command: /home/biocbuild/R/R/bin/R CMD build --keep-empty-dirs --no-resave-data biodbChebi
StartedAt: 2025-11-21 00:44:56 -0000 (Fri, 21 Nov 2025)
EndedAt: 2025-11-21 00:46:20 -0000 (Fri, 21 Nov 2025)
EllapsedTime: 84.0 seconds
RetCode: 1
Status:   ERROR  
PackageFile: None
PackageFileSize: NA

Command output

##############################################################################
##############################################################################
###
### Running command:
###
###   /home/biocbuild/R/R/bin/R CMD build --keep-empty-dirs --no-resave-data biodbChebi
###
##############################################################################
##############################################################################


* checking for file ‘biodbChebi/DESCRIPTION’ ... OK
* preparing ‘biodbChebi’:
* checking DESCRIPTION meta-information ... OK
* installing the package to build vignettes
* creating vignettes ... ERROR
--- re-building ‘biodbChebi.Rmd’ using rmarkdown
INFO  [00:45:08.332] Loading definitions from package biodb version 1.18.0.
INFO  [00:45:10.217] Loading definitions from package biodbChebi version 1.16.0.
INFO  [00:45:10.263] Loading definitions from package biodbHmdb version 1.16.0.
INFO  [00:45:10.312] Loading definitions from package biodbNcbi version 1.14.0.
INFO  [00:45:10.349] Loading definitions from package biodbNci version 1.14.0.
INFO  [00:45:10.361] Loading definitions from package biodbUniprot version 1.16.0.
INFO  [00:45:10.554] Load 3 contents, from /home/biocbuild/.cache/R/biodb/chebi-0c5076ac2a43d16dbce503a44b09f649.
INFO  [00:45:10.582] Load 1 contents, from /home/biocbuild/.cache/R/sched.
INFO  [00:45:12.569] Error when retrieving URL content HTTP error 404 (""). When contacting URL "https://www.ebi.ac.uk/webservices/chebi/2.0/test/getCompleteEntity?chebiId=2528". Retrying connection to server...
INFO  [00:45:14.173] Error when retrieving URL content HTTP error 404 (""). When contacting URL "https://www.ebi.ac.uk/webservices/chebi/2.0/test/getCompleteEntity?chebiId=2528". Retrying connection to server...
INFO  [00:45:17.025] Error when retrieving URL content HTTP error 404 (""). When contacting URL "https://www.ebi.ac.uk/webservices/chebi/2.0/test/getCompleteEntity?chebiId=2528". Retrying connection to server...
INFO  [00:45:19.648] Error when retrieving URL content HTTP error 404 (""). When contacting URL "https://www.ebi.ac.uk/webservices/chebi/2.0/test/getCompleteEntity?chebiId=2528". Retrying connection to server...
INFO  [00:45:21.229] Error when retrieving URL content HTTP error 404 (""). When contacting URL "https://www.ebi.ac.uk/webservices/chebi/2.0/test/getCompleteEntity?chebiId=2528". Retrying connection to server...
INFO  [00:45:24.848] Error when retrieving URL content HTTP error 404 (""). When contacting URL "https://www.ebi.ac.uk/webservices/chebi/2.0/test/getCompleteEntity?chebiId=2528". Retrying connection to server...
INFO  [00:45:27.607] Error when retrieving URL content HTTP error 404 (""). When contacting URL "https://www.ebi.ac.uk/webservices/chebi/2.0/test/getCompleteEntity?chebiId=2528". Retrying connection to server...
INFO  [00:45:30.199] Error when retrieving URL content HTTP error 404 (""). When contacting URL "https://www.ebi.ac.uk/webservices/chebi/2.0/test/getCompleteEntity?chebiId=2528". Retrying connection to server...
INFO  [00:45:31.778] Error when retrieving URL content HTTP error 404 (""). When contacting URL "https://www.ebi.ac.uk/webservices/chebi/2.0/test/getCompleteEntity?chebiId=2528". Retrying connection to server...
INFO  [00:45:33.400] Error when retrieving URL content HTTP error 404 (""). When contacting URL "https://www.ebi.ac.uk/webservices/chebi/2.0/test/getCompleteEntity?chebiId=2528". Retrying connection to server...
INFO  [00:45:33.511] Load 1 contents, from /home/biocbuild/.cache/R/sched.
INFO  [00:45:34.863] Error when retrieving URL content HTTP error 404 (""). When contacting URL "https://www.ebi.ac.uk/webservices/chebi/2.0/test/getCompleteEntity?chebiId=17053". Retrying connection to server...
INFO  [00:45:36.441] Error when retrieving URL content HTTP error 404 (""). When contacting URL "https://www.ebi.ac.uk/webservices/chebi/2.0/test/getCompleteEntity?chebiId=17053". Retrying connection to server...
INFO  [00:45:39.610] Error when retrieving URL content HTTP error 404 (""). When contacting URL "https://www.ebi.ac.uk/webservices/chebi/2.0/test/getCompleteEntity?chebiId=17053". Retrying connection to server...
INFO  [00:45:42.349] Error when retrieving URL content HTTP error 404 (""). When contacting URL "https://www.ebi.ac.uk/webservices/chebi/2.0/test/getCompleteEntity?chebiId=17053". Retrying connection to server...
INFO  [00:45:43.926] Error when retrieving URL content HTTP error 404 (""). When contacting URL "https://www.ebi.ac.uk/webservices/chebi/2.0/test/getCompleteEntity?chebiId=17053". Retrying connection to server...
INFO  [00:45:45.502] Error when retrieving URL content HTTP error 404 (""). When contacting URL "https://www.ebi.ac.uk/webservices/chebi/2.0/test/getCompleteEntity?chebiId=17053". Retrying connection to server...
INFO  [00:45:47.179] Error when retrieving URL content HTTP error 404 (""). When contacting URL "https://www.ebi.ac.uk/webservices/chebi/2.0/test/getCompleteEntity?chebiId=17053". Retrying connection to server...
INFO  [00:45:52.007] Error when retrieving URL content HTTP error 404 (""). When contacting URL "https://www.ebi.ac.uk/webservices/chebi/2.0/test/getCompleteEntity?chebiId=17053". Retrying connection to server...
INFO  [00:45:56.059] Error when retrieving URL content HTTP error 404 (""). When contacting URL "https://www.ebi.ac.uk/webservices/chebi/2.0/test/getCompleteEntity?chebiId=17053". Retrying connection to server...
INFO  [00:45:57.668] Error when retrieving URL content HTTP error 404 (""). When contacting URL "https://www.ebi.ac.uk/webservices/chebi/2.0/test/getCompleteEntity?chebiId=17053". Retrying connection to server...
INFO  [00:45:57.674] Load 1 contents, from /home/biocbuild/.cache/R/sched.
INFO  [00:46:00.277] Error when retrieving URL content HTTP error 404 (""). When contacting URL "https://www.ebi.ac.uk/webservices/chebi/2.0/test/getCompleteEntity?chebiId=15440". Retrying connection to server...
INFO  [00:46:01.886] Error when retrieving URL content HTTP error 404 (""). When contacting URL "https://www.ebi.ac.uk/webservices/chebi/2.0/test/getCompleteEntity?chebiId=15440". Retrying connection to server...
INFO  [00:46:03.494] Error when retrieving URL content HTTP error 404 (""). When contacting URL "https://www.ebi.ac.uk/webservices/chebi/2.0/test/getCompleteEntity?chebiId=15440". Retrying connection to server...
INFO  [00:46:05.115] Error when retrieving URL content HTTP error 404 (""). When contacting URL "https://www.ebi.ac.uk/webservices/chebi/2.0/test/getCompleteEntity?chebiId=15440". Retrying connection to server...
INFO  [00:46:09.185] Error when retrieving URL content HTTP error 404 (""). When contacting URL "https://www.ebi.ac.uk/webservices/chebi/2.0/test/getCompleteEntity?chebiId=15440". Retrying connection to server...
INFO  [00:46:10.797] Error when retrieving URL content HTTP error 404 (""). When contacting URL "https://www.ebi.ac.uk/webservices/chebi/2.0/test/getCompleteEntity?chebiId=15440". Retrying connection to server...
INFO  [00:46:12.375] Error when retrieving URL content HTTP error 404 (""). When contacting URL "https://www.ebi.ac.uk/webservices/chebi/2.0/test/getCompleteEntity?chebiId=15440". Retrying connection to server...
INFO  [00:46:13.953] Error when retrieving URL content HTTP error 404 (""). When contacting URL "https://www.ebi.ac.uk/webservices/chebi/2.0/test/getCompleteEntity?chebiId=15440". Retrying connection to server...
INFO  [00:46:15.562] Error when retrieving URL content HTTP error 404 (""). When contacting URL "https://www.ebi.ac.uk/webservices/chebi/2.0/test/getCompleteEntity?chebiId=15440". Retrying connection to server...
INFO  [00:46:18.991] Error when retrieving URL content HTTP error 404 (""). When contacting URL "https://www.ebi.ac.uk/webservices/chebi/2.0/test/getCompleteEntity?chebiId=15440". Retrying connection to server...
INFO  [00:46:18.994] Save 3 contents to /home/biocbuild/.cache/R/biodb/chebi-0c5076ac2a43d16dbce503a44b09f649.

Quitting from biodbChebi.Rmd:72-74 [unnamed-chunk-5]
~~~~~~~~~~~~~~~~~~~~~~~~~~~~~~~~~~~~~~~~~~~~~~~~~~~~~~~~~~~~~~~~~~~~~~~~~~~~~~~~
<error/rlang_error>
Error:
! attempt to apply non-function
~~~~~~~~~~~~~~~~~~~~~~~~~~~~~~~~~~~~~~~~~~~~~~~~~~~~~~~~~~~~~~~~~~~~~~~~~~~~~~~~

Error: processing vignette 'biodbChebi.Rmd' failed with diagnostics:
attempt to apply non-function
--- failed re-building ‘biodbChebi.Rmd’

SUMMARY: processing the following file failed:
  ‘biodbChebi.Rmd’

Error: Vignette re-building failed.
Execution halted