Back to Multiple platform build/check report for BioC 3.22:   simplified   long
ABCDEFGHIJKLMNOPQR[S]TUVWXYZ

This page was generated on 2025-11-07 12:01 -0500 (Fri, 07 Nov 2025).

HostnameOSArch (*)R versionInstalled pkgs
nebbiolo2Linux (Ubuntu 24.04.3 LTS)x86_644.5.1 Patched (2025-08-23 r88802) -- "Great Square Root" 4902
kjohnson3macOS 13.7.7 Venturaarm644.5.1 Patched (2025-09-10 r88807) -- "Great Square Root" 4638
Click on any hostname to see more info about the system (e.g. compilers)      (*) as reported by 'uname -p', except on Windows and Mac OS X

Package 1997/2361HostnameOS / ArchINSTALLBUILDCHECKBUILD BIN
SGCP 1.10.0  (landing page)
Niloofar AghaieAbiane
Snapshot Date: 2025-11-06 13:45 -0500 (Thu, 06 Nov 2025)
git_url: https://git.bioconductor.org/packages/SGCP
git_branch: RELEASE_3_22
git_last_commit: d571adf
git_last_commit_date: 2025-10-29 11:20:24 -0500 (Wed, 29 Oct 2025)
nebbiolo2Linux (Ubuntu 24.04.3 LTS) / x86_64  OK    ERROR  skipped
kjohnson3macOS 13.7.7 Ventura / arm64  OK    ERROR  skippedskipped


BUILD results for SGCP on kjohnson3

To the developers/maintainers of the SGCP package:
- Allow up to 24 hours (and sometimes 48 hours) for your latest push to git@git.bioconductor.org:packages/SGCP.git to reflect on this report. See Troubleshooting Build Report for more information.
- Use the following Renviron settings to reproduce errors and warnings.
- If 'R CMD check' started to fail recently on the Linux builder(s) over a missing dependency, add the missing dependency to 'Suggests:' in your DESCRIPTION file. See Renviron.bioc for more information.

raw results


Summary

Package: SGCP
Version: 1.10.0
Command: /Library/Frameworks/R.framework/Resources/bin/R CMD build --keep-empty-dirs --no-resave-data SGCP
StartedAt: 2025-11-06 17:44:20 -0500 (Thu, 06 Nov 2025)
EndedAt: 2025-11-06 17:44:49 -0500 (Thu, 06 Nov 2025)
EllapsedTime: 29.4 seconds
RetCode: 1
Status:   ERROR  
PackageFile: None
PackageFileSize: NA

Command output

##############################################################################
##############################################################################
###
### Running command:
###
###   /Library/Frameworks/R.framework/Resources/bin/R CMD build --keep-empty-dirs --no-resave-data SGCP
###
##############################################################################
##############################################################################


* checking for file ‘SGCP/DESCRIPTION’ ... OK
* preparing ‘SGCP’:
* checking DESCRIPTION meta-information ... OK
* installing the package to build vignettes
* creating vignettes ... ERROR
--- re-building ‘SGCP.Rmd’ using rmarkdown
2025-11-06 17:44:47.747 R[16008:648067828] XType: Using static font registry.

Quitting from SGCP.Rmd:395-398 [unnamed-chunk-7]
~~~~~~~~~~~~~~~~~~~~~~~~~~~~~~~~~~~~~~~~~~~~~~~~~~~~~~~~~~~~~~~~~~~~~~~~~~~~~~~~
<error/rlang_error>
Error in `print()`:
! unused argument (useS4 = FALSE)
---
Backtrace:
     ▆
  1. ├─SGCP::SGCP_ezPLOT(...)
  2. │ └─SGCP:::SGCP_plot2excel(...)
  3. │   ├─methods::show(pl)
  4. │   └─methods::show(pl)
  5. │     └─methods::showDefault(object)
  6. │       ├─base::print(object, useS4 = FALSE)
  7. │       └─base::print.default(object, useS4 = FALSE)
  8. ├─base (local) `<fn>`(x, useS4 = FALSE)
  9. └─ggplot2:::print.ggproto(x, useS4 = FALSE)
 10.   └─x$print(...)
~~~~~~~~~~~~~~~~~~~~~~~~~~~~~~~~~~~~~~~~~~~~~~~~~~~~~~~~~~~~~~~~~~~~~~~~~~~~~~~~

Error: processing vignette 'SGCP.Rmd' failed with diagnostics:
unused argument (useS4 = FALSE)
--- failed re-building ‘SGCP.Rmd’

SUMMARY: processing the following file failed:
  ‘SGCP.Rmd’

Error: Vignette re-building failed.
Execution halted