| Back to Multiple platform build/check report for BioC 3.21: simplified long |
|
This page was generated on 2025-08-18 11:42 -0400 (Mon, 18 Aug 2025).
| Hostname | OS | Arch (*) | R version | Installed pkgs |
|---|---|---|---|---|
| nebbiolo1 | Linux (Ubuntu 24.04.3 LTS) | x86_64 | 4.5.1 (2025-06-13) -- "Great Square Root" | 4824 |
| palomino7 | Windows Server 2022 Datacenter | x64 | 4.5.1 (2025-06-13 ucrt) -- "Great Square Root" | 4566 |
| merida1 | macOS 12.7.5 Monterey | x86_64 | 4.5.1 RC (2025-06-05 r88288) -- "Great Square Root" | 4604 |
| kjohnson1 | macOS 13.6.6 Ventura | arm64 | 4.5.1 Patched (2025-06-14 r88325) -- "Great Square Root" | 4545 |
| kunpeng2 | Linux (openEuler 24.03 LTS) | aarch64 | R Under development (unstable) (2025-02-19 r87757) -- "Unsuffered Consequences" | 4579 |
| Click on any hostname to see more info about the system (e.g. compilers) (*) as reported by 'uname -p', except on Windows and Mac OS X | ||||
| Package 1706/2341 | Hostname | OS / Arch | INSTALL | BUILD | CHECK | BUILD BIN | ||||||||
| Rbowtie2 2.14.0 (landing page) Zheng Wei
| nebbiolo1 | Linux (Ubuntu 24.04.3 LTS) / x86_64 | OK | OK | OK | |||||||||
| palomino7 | Windows Server 2022 Datacenter / x64 | OK | OK | WARNINGS | OK | |||||||||
| merida1 | macOS 12.7.5 Monterey / x86_64 | OK | OK | OK | OK | |||||||||
| kjohnson1 | macOS 13.6.6 Ventura / arm64 | OK | OK | OK | OK | |||||||||
| kunpeng2 | Linux (openEuler 24.03 LTS) / aarch64 | OK | OK | OK | ||||||||||
|
To the developers/maintainers of the Rbowtie2 package: - Allow up to 24 hours (and sometimes 48 hours) for your latest push to git@git.bioconductor.org:packages/Rbowtie2.git to reflect on this report. See Troubleshooting Build Report for more information. - Use the following Renviron settings to reproduce errors and warnings. - If 'R CMD check' started to fail recently on the Linux builder(s) over a missing dependency, add the missing dependency to 'Suggests:' in your DESCRIPTION file. See Renviron.bioc for more information. |
| Package: Rbowtie2 |
| Version: 2.14.0 |
| Command: E:\biocbuild\bbs-3.21-bioc\R\bin\R.exe CMD check --no-multiarch --install=check:Rbowtie2.install-out.txt --library=E:\biocbuild\bbs-3.21-bioc\R\library --no-vignettes --timings Rbowtie2_2.14.0.tar.gz |
| StartedAt: 2025-08-15 05:53:21 -0400 (Fri, 15 Aug 2025) |
| EndedAt: 2025-08-15 05:54:29 -0400 (Fri, 15 Aug 2025) |
| EllapsedTime: 68.0 seconds |
| RetCode: 0 |
| Status: WARNINGS |
| CheckDir: Rbowtie2.Rcheck |
| Warnings: 1 |
##############################################################################
##############################################################################
###
### Running command:
###
### E:\biocbuild\bbs-3.21-bioc\R\bin\R.exe CMD check --no-multiarch --install=check:Rbowtie2.install-out.txt --library=E:\biocbuild\bbs-3.21-bioc\R\library --no-vignettes --timings Rbowtie2_2.14.0.tar.gz
###
##############################################################################
##############################################################################
* using log directory 'E:/biocbuild/bbs-3.21-bioc/meat/Rbowtie2.Rcheck'
* using R version 4.5.1 (2025-06-13 ucrt)
* using platform: x86_64-w64-mingw32
* R was compiled by
gcc.exe (GCC) 14.2.0
GNU Fortran (GCC) 14.2.0
* running under: Windows Server 2022 x64 (build 20348)
* using session charset: UTF-8
* using option '--no-vignettes'
* checking for file 'Rbowtie2/DESCRIPTION' ... OK
* checking extension type ... Package
* this is package 'Rbowtie2' version '2.14.0'
* package encoding: UTF-8
* checking package namespace information ... OK
* checking package dependencies ... OK
* checking if this is a source package ... OK
* checking if there is a namespace ... OK
* checking for hidden files and directories ... OK
* checking for portable file names ... OK
* checking whether package 'Rbowtie2' can be installed ... WARNING
Found the following significant warnings:
aligner_sw_nuc.h:191:17: warning: template-id not allowed for constructor in C++20 [-Wtemplate-id-cdtor]
See 'E:/biocbuild/bbs-3.21-bioc/meat/Rbowtie2.Rcheck/00install.out' for details.
* checking installed package size ... INFO
installed size is 73.3Mb
* checking package directory ... OK
* checking 'build' directory ... OK
* checking DESCRIPTION meta-information ... OK
* checking top-level files ... OK
* checking for left-over files ... OK
* checking index information ... OK
* checking package subdirectories ... OK
* checking code files for non-ASCII characters ... OK
* checking R files for syntax errors ... OK
* checking whether the package can be loaded ... OK
* checking whether the package can be loaded with stated dependencies ... OK
* checking whether the package can be unloaded cleanly ... OK
* checking whether the namespace can be loaded with stated dependencies ... OK
* checking whether the namespace can be unloaded cleanly ... OK
* checking dependencies in R code ... OK
* checking S3 generic/method consistency ... OK
* checking replacement functions ... OK
* checking foreign function calls ... OK
* checking R code for possible problems ... OK
* checking Rd files ... OK
* checking Rd metadata ... OK
* checking Rd cross-references ... OK
* checking for missing documentation entries ... OK
* checking for code/documentation mismatches ... OK
* checking Rd \usage sections ... OK
* checking Rd contents ... OK
* checking for unstated dependencies in examples ... OK
* checking line endings in C/C++/Fortran sources/headers ... OK
* checking line endings in Makefiles ... OK
* checking for GNU extensions in Makefiles ... INFO
GNU make is a SystemRequirements.
* checking for portable use of $(BLAS_LIBS) and $(LAPACK_LIBS) ... OK
* checking use of PKG_*FLAGS in Makefiles ... OK
* checking include directives in Makefiles ... OK
* checking compiled code ... OK
* checking files in 'vignettes' ... OK
* checking examples ... OK
Examples with CPU (user + system) or elapsed time > 5s
user system elapsed
bowtie2_samtools 4.00 0.29 8.28
bowtie2-build 0.04 0.02 9.87
* checking for unstated dependencies in vignettes ... OK
* checking package vignettes ... OK
* checking running R code from vignettes ... SKIPPED
* checking re-building of vignette outputs ... SKIPPED
* checking PDF version of manual ... OK
* DONE
Status: 1 WARNING
See
'E:/biocbuild/bbs-3.21-bioc/meat/Rbowtie2.Rcheck/00check.log'
for details.
Rbowtie2.Rcheck/00install.out
##############################################################################
##############################################################################
###
### Running command:
###
### E:\biocbuild\bbs-3.21-bioc\R\bin\R.exe CMD INSTALL Rbowtie2
###
##############################################################################
##############################################################################
* installing to library 'E:/biocbuild/bbs-3.21-bioc/R/library'
* installing *source* package 'Rbowtie2' ...
** this is package 'Rbowtie2' version '2.14.0'
** using staged installation
** libs
running 'src/Makefile.win' ...
mkdir -p ../inst
(cd adapterremoval && (/usr/bin/make -f"E:/biocbuild/bbs-3.21-bioc/R/etc/x64/Makeconf" -fMakefile.win))
Makefile.win:46: warning: overriding recipe for target '.cc.o'
E:/biocbuild/bbs-3.21-bioc/R/etc/x64/Makeconf:294: warning: ignoring old recipe for target '.cc.o'
g++ -std=gnu++17 -std=gnu++11 -O3 -D_REENTRANT -lpthread -DNDEBUG -c adapterset.cc
g++ -std=gnu++17 -std=gnu++11 -O3 -D_REENTRANT -lpthread -DNDEBUG -c alignment.cc
g++ -std=gnu++17 -std=gnu++11 -O3 -D_REENTRANT -lpthread -DNDEBUG -c argparse.cc
g++ -std=gnu++17 -std=gnu++11 -O3 -D_REENTRANT -lpthread -DNDEBUG -c debug.cc
g++ -std=gnu++17 -std=gnu++11 -O3 -D_REENTRANT -lpthread -DNDEBUG -c demultiplex.cc
g++ -std=gnu++17 -std=gnu++11 -O3 -D_REENTRANT -lpthread -DNDEBUG -c fastq.cc
g++ -std=gnu++17 -std=gnu++11 -O3 -D_REENTRANT -lpthread -DNDEBUG -c fastq_enc.cc
g++ -std=gnu++17 -std=gnu++11 -O3 -D_REENTRANT -lpthread -DNDEBUG -c fastq_io.cc
g++ -std=gnu++17 -std=gnu++11 -O3 -D_REENTRANT -lpthread -DNDEBUG -c linereader.cc
g++ -std=gnu++17 -std=gnu++11 -O3 -D_REENTRANT -lpthread -DNDEBUG -c linereader_joined.cc
g++ -std=gnu++17 -std=gnu++11 -O3 -D_REENTRANT -lpthread -DNDEBUG -c main_adapter_id.cc
g++ -std=gnu++17 -std=gnu++11 -O3 -D_REENTRANT -lpthread -DNDEBUG -c main_adapter_rm.cc
g++ -std=gnu++17 -std=gnu++11 -O3 -D_REENTRANT -lpthread -DNDEBUG -c main_demultiplex.cc
g++ -std=gnu++17 -std=gnu++11 -O3 -D_REENTRANT -lpthread -DNDEBUG -c scheduler.cc
g++ -std=gnu++17 -std=gnu++11 -O3 -D_REENTRANT -lpthread -DNDEBUG -c strutils.cc
g++ -std=gnu++17 -std=gnu++11 -O3 -D_REENTRANT -lpthread -DNDEBUG -c threads.cc
g++ -std=gnu++17 -std=gnu++11 -O3 -D_REENTRANT -lpthread -DNDEBUG -c timer.cc
g++ -std=gnu++17 -std=gnu++11 -O3 -D_REENTRANT -lpthread -DNDEBUG -c trimmed_reads.cc
g++ -std=gnu++17 -std=gnu++11 -O3 -D_REENTRANT -lpthread -DNDEBUG -c userconfig.cc
g++ -std=gnu++17 -std=gnu++11 -O3 -D_REENTRANT -lpthread -DNDEBUG -c main.cc
g++ -std=gnu++17 -std=gnu++11 -O3 -D_REENTRANT -lpthread -DNDEBUG -o AdapterRemoval adapterset.o alignment.o argparse.o debug.o demultiplex.o fastq.o fastq_enc.o fastq_io.o linereader.o linereader_joined.o main_adapter_id.o main_adapter_rm.o main_demultiplex.o scheduler.o strutils.o threads.o timer.o trimmed_reads.o userconfig.o main.o
cp AdapterRemoval ../../inst/
(cd bowtie2-2.4.4 && (/usr/bin/make -f"E:/biocbuild/bbs-3.21-bioc/R/etc/x64/Makeconf" -fMakefile.win))
g++ -std=gnu++17 -O3 -msse2 -funroll-loops -g3 -DCOMPILER_OPTIONS="\"-O3 -msse2 -funroll-loops -g3 -O2 -Wall -mfpmath=sse -msse2 -mstackrealign -std=c++11 -DPOPCNT_CAPABILITY -DNO_SPINLOCK -DWITH_QUEUELOCK=1 -static-libgcc -static-libstdc++\"" -O2 -Wall -mfpmath=sse -msse2 -mstackrealign -std=c++11 -DPOPCNT_CAPABILITY -DNO_SPINLOCK -DWITH_QUEUELOCK=1 -static-libgcc -static-libstdc++ \
-fno-strict-aliasing -DBOWTIE2_VERSION="\"`cat BOWTIE2_VERSION`\"" -DBUILD_HOST="\"${HOSTNAME:-`hostname`}\"" -DBUILD_TIME="\"`date -u`\"" -DCOMPILER_VERSION="\"`g++ -std=gnu++17 -v 2>&1 | tail -1`\"" -D_LARGEFILE_SOURCE -D_FILE_OFFSET_BITS=64 -D_GNU_SOURCE -DBOWTIE2 -DNDEBUG -Wall \
-I third_party \
-o bowtie2-build-s bt2_build.cpp \
ccnt_lut.cpp ref_read.cpp alphabet.cpp shmem.cpp edit.cpp bt2_locks.cpp bt2_idx.cpp bt2_io.cpp bt2_util.cpp reference.cpp ds.cpp multikey_qsort.cpp limit.cpp random_source.cpp diff_sample.cpp bowtie_build_main.cpp \
-lpthread -lz
In file included from bt2_idx.h:59,
from bt2_build.cpp:28:
In member function 'bool ProcessorSupport::POPCNTenabled()',
inlined from 'Ebwt::Ebwt(TStr, bool, int, int, int32_t, int32_t, int32_t, int, const std::string&, bool, bool, TIndexOffU, TIndexOffU, TIndexOffU, int, EList<FileBuf*>&, EList<RefRecord>&, TIndexOffU, const RefReadInParams&, uint32_t, int32_t, bool, bool, bool, bool, bool) [with TStr = S2bDnaString]' at bt2_idx.h:615:43,
inlined from 'void driver(const std::string&, EList<std::__cxx11::basic_string<char> >&, const std::string&, bool, int) [with TStr = S2bDnaString]' at bt2_build.cpp:469:7:
processor_support.h:55:13: warning: 'regs.regs_t::ECX' may be used uninitialized [-Wmaybe-uninitialized]
55 | if( !( (regs.ECX & BIT(20)) && (regs.ECX & BIT(23)) ) ) return false;
| ^~~~~~~~~~~~~~~~~~~~~~~~~~~~~~~~~~~~~~~~~~~~~~~~~
processor_support.h: In function 'void driver(const std::string&, EList<std::__cxx11::basic_string<char> >&, const std::string&, bool, int) [with TStr = S2bDnaString]':
processor_support.h:43:12: note: 'regs.regs_t::ECX' was declared here
43 | regs_t regs;
| ^~~~
In member function 'bool ProcessorSupport::POPCNTenabled()',
inlined from 'Ebwt::Ebwt(TStr, bool, int, int, int32_t, int32_t, int32_t, int, const std::string&, bool, bool, TIndexOffU, TIndexOffU, TIndexOffU, int, EList<FileBuf*>&, EList<RefRecord>&, TIndexOffU, const RefReadInParams&, uint32_t, int32_t, bool, bool, bool, bool, bool) [with TStr = SString<char>]' at bt2_idx.h:615:43,
inlined from 'void driver(const std::string&, EList<std::__cxx11::basic_string<char> >&, const std::string&, bool, int) [with TStr = SString<char>]' at bt2_build.cpp:469:7:
processor_support.h:55:13: warning: 'regs.regs_t::ECX' may be used uninitialized [-Wmaybe-uninitialized]
55 | if( !( (regs.ECX & BIT(20)) && (regs.ECX & BIT(23)) ) ) return false;
| ^~~~~~~~~~~~~~~~~~~~~~~~~~~~~~~~~~~~~~~~~~~~~~~~~
processor_support.h: In function 'void driver(const std::string&, EList<std::__cxx11::basic_string<char> >&, const std::string&, bool, int) [with TStr = SString<char>]':
processor_support.h:43:12: note: 'regs.regs_t::ECX' was declared here
43 | regs_t regs;
| ^~~~
g++ -std=gnu++17 -O3 -msse2 -funroll-loops -g3 -DCOMPILER_OPTIONS="\"-O3 -msse2 -funroll-loops -g3 -O2 -Wall -mfpmath=sse -msse2 -mstackrealign -std=c++11 -DPOPCNT_CAPABILITY -DNO_SPINLOCK -DWITH_QUEUELOCK=1 -static-libgcc -static-libstdc++\"" -O2 -Wall -mfpmath=sse -msse2 -mstackrealign -std=c++11 -DPOPCNT_CAPABILITY -DNO_SPINLOCK -DWITH_QUEUELOCK=1 -static-libgcc -static-libstdc++ \
-fno-strict-aliasing -DBOWTIE2_VERSION="\"`cat BOWTIE2_VERSION`\"" -DBUILD_HOST="\"${HOSTNAME:-`hostname`}\"" -DBUILD_TIME="\"`date -u`\"" -DCOMPILER_VERSION="\"`g++ -std=gnu++17 -v 2>&1 | tail -1`\"" -D_LARGEFILE_SOURCE -D_FILE_OFFSET_BITS=64 -D_GNU_SOURCE -DBOWTIE2 -DBOWTIE_64BIT_INDEX -DNDEBUG -Wall \
-I third_party \
-o bowtie2-build-l bt2_build.cpp \
ccnt_lut.cpp ref_read.cpp alphabet.cpp shmem.cpp edit.cpp bt2_locks.cpp bt2_idx.cpp bt2_io.cpp bt2_util.cpp reference.cpp ds.cpp multikey_qsort.cpp limit.cpp random_source.cpp diff_sample.cpp bowtie_build_main.cpp \
-lpthread -lz
In file included from bt2_idx.h:59,
from bt2_build.cpp:28:
In member function 'bool ProcessorSupport::POPCNTenabled()',
inlined from 'Ebwt::Ebwt(TStr, bool, int, int, int32_t, int32_t, int32_t, int, const std::string&, bool, bool, TIndexOffU, TIndexOffU, TIndexOffU, int, EList<FileBuf*>&, EList<RefRecord>&, TIndexOffU, const RefReadInParams&, uint32_t, int32_t, bool, bool, bool, bool, bool) [with TStr = S2bDnaString]' at bt2_idx.h:615:43,
inlined from 'void driver(const std::string&, EList<std::__cxx11::basic_string<char> >&, const std::string&, bool, int) [with TStr = S2bDnaString]' at bt2_build.cpp:469:7:
processor_support.h:55:13: warning: 'regs.regs_t::ECX' may be used uninitialized [-Wmaybe-uninitialized]
55 | if( !( (regs.ECX & BIT(20)) && (regs.ECX & BIT(23)) ) ) return false;
| ^~~~~~~~~~~~~~~~~~~~~~~~~~~~~~~~~~~~~~~~~~~~~~~~~
processor_support.h: In function 'void driver(const std::string&, EList<std::__cxx11::basic_string<char> >&, const std::string&, bool, int) [with TStr = S2bDnaString]':
processor_support.h:43:12: note: 'regs.regs_t::ECX' was declared here
43 | regs_t regs;
| ^~~~
In member function 'bool ProcessorSupport::POPCNTenabled()',
inlined from 'Ebwt::Ebwt(TStr, bool, int, int, int32_t, int32_t, int32_t, int, const std::string&, bool, bool, TIndexOffU, TIndexOffU, TIndexOffU, int, EList<FileBuf*>&, EList<RefRecord>&, TIndexOffU, const RefReadInParams&, uint32_t, int32_t, bool, bool, bool, bool, bool) [with TStr = SString<char>]' at bt2_idx.h:615:43,
inlined from 'void driver(const std::string&, EList<std::__cxx11::basic_string<char> >&, const std::string&, bool, int) [with TStr = SString<char>]' at bt2_build.cpp:469:7:
processor_support.h:55:13: warning: 'regs.regs_t::ECX' may be used uninitialized [-Wmaybe-uninitialized]
55 | if( !( (regs.ECX & BIT(20)) && (regs.ECX & BIT(23)) ) ) return false;
| ^~~~~~~~~~~~~~~~~~~~~~~~~~~~~~~~~~~~~~~~~~~~~~~~~
processor_support.h: In function 'void driver(const std::string&, EList<std::__cxx11::basic_string<char> >&, const std::string&, bool, int) [with TStr = SString<char>]':
processor_support.h:43:12: note: 'regs.regs_t::ECX' was declared here
43 | regs_t regs;
| ^~~~
g++ -std=gnu++17 -O3 -msse2 -funroll-loops -g3 -DCOMPILER_OPTIONS="\"-O3 -msse2 -funroll-loops -g3 -O2 -Wall -mfpmath=sse -msse2 -mstackrealign -std=c++11 -DPOPCNT_CAPABILITY -DNO_SPINLOCK -DWITH_QUEUELOCK=1 -static-libgcc -static-libstdc++\"" -O2 -Wall -mfpmath=sse -msse2 -mstackrealign -std=c++11 -DPOPCNT_CAPABILITY -DNO_SPINLOCK -DWITH_QUEUELOCK=1 -static-libgcc -static-libstdc++ \
-fno-strict-aliasing -DBOWTIE2_VERSION="\"`cat BOWTIE2_VERSION`\"" -DBUILD_HOST="\"${HOSTNAME:-`hostname`}\"" -DBUILD_TIME="\"`date -u`\"" -DCOMPILER_VERSION="\"`g++ -std=gnu++17 -v 2>&1 | tail -1`\"" -D_LARGEFILE_SOURCE -D_FILE_OFFSET_BITS=64 -D_GNU_SOURCE -DBOWTIE2 -DNDEBUG -Wall \
-I third_party \
-o bowtie2-align-s bt2_search.cpp \
ccnt_lut.cpp ref_read.cpp alphabet.cpp shmem.cpp edit.cpp bt2_locks.cpp bt2_idx.cpp bt2_io.cpp bt2_util.cpp reference.cpp ds.cpp multikey_qsort.cpp limit.cpp random_source.cpp qual.cpp pat.cpp sam.cpp read_qseq.cpp aligner_seed_policy.cpp aligner_seed.cpp aligner_seed2.cpp aligner_sw.cpp aligner_sw_driver.cpp aligner_cache.cpp aligner_result.cpp ref_coord.cpp mask.cpp pe.cpp aln_sink.cpp dp_framer.cpp scoring.cpp presets.cpp unique.cpp simple_func.cpp random_util.cpp aligner_bt.cpp sse_util.cpp aligner_swsse.cpp outq.cpp aligner_swsse_loc_i16.cpp aligner_swsse_ee_i16.cpp aligner_swsse_loc_u8.cpp aligner_swsse_ee_u8.cpp aligner_driver.cpp bowtie_main.cpp \
-lpthread -lz
In file included from aligner_sw.h:75,
from bt2_search.cpp:54:
aligner_sw_nuc.h:191:17: warning: template-id not allowed for constructor in C++20 [-Wtemplate-id-cdtor]
191 | NBest<T>() { nelt_ = nbest_ = n_ = 0; }
| ^
aligner_sw_nuc.h:191:17: note: remove the '< >'
In file included from bt2_idx.h:59,
from bt2_search.cpp:41:
In member function 'bool ProcessorSupport::POPCNTenabled()',
inlined from 'Ebwt::Ebwt(const std::string&, int, int, bool, int32_t, int32_t, bool, bool, bool, bool, bool, bool, bool, bool, bool, bool, bool)' at bt2_idx.h:542:43:
processor_support.h:55:13: warning: 'regs.regs_t::ECX' may be used uninitialized [-Wmaybe-uninitialized]
55 | if( !( (regs.ECX & BIT(20)) && (regs.ECX & BIT(23)) ) ) return false;
| ^~~~~~~~~~~~~~~~~~~~~~~~~~~~~~~~~~~~~~~~~~~~~~~~~
processor_support.h: In constructor 'Ebwt::Ebwt(const std::string&, int, int, bool, int32_t, int32_t, bool, bool, bool, bool, bool, bool, bool, bool, bool, bool, bool)':
processor_support.h:43:12: note: 'regs.regs_t::ECX' was declared here
43 | regs_t regs;
| ^~~~
In file included from aligner_sw.h:75,
from aligner_sw.cpp:25:
aligner_sw_nuc.h:191:17: warning: template-id not allowed for constructor in C++20 [-Wtemplate-id-cdtor]
191 | NBest<T>() { nelt_ = nbest_ = n_ = 0; }
| ^
aligner_sw_nuc.h:191:17: note: remove the '< >'
In file included from aligner_sw.h:75,
from aligner_sw_driver.h:81,
from aligner_sw_driver.cpp:47:
aligner_sw_nuc.h:191:17: warning: template-id not allowed for constructor in C++20 [-Wtemplate-id-cdtor]
191 | NBest<T>() { nelt_ = nbest_ = n_ = 0; }
| ^
aligner_sw_nuc.h:191:17: note: remove the '< >'
In file included from aligner_sw.h:75,
from aligner_swsse_loc_i16.cpp:56:
aligner_sw_nuc.h:191:17: warning: template-id not allowed for constructor in C++20 [-Wtemplate-id-cdtor]
191 | NBest<T>() { nelt_ = nbest_ = n_ = 0; }
| ^
aligner_sw_nuc.h:191:17: note: remove the '< >'
In file included from aligner_sw.h:75,
from aligner_swsse_ee_i16.cpp:56:
aligner_sw_nuc.h:191:17: warning: template-id not allowed for constructor in C++20 [-Wtemplate-id-cdtor]
191 | NBest<T>() { nelt_ = nbest_ = n_ = 0; }
| ^
aligner_sw_nuc.h:191:17: note: remove the '< >'
In file included from aligner_sw.h:75,
from aligner_swsse_loc_u8.cpp:56:
aligner_sw_nuc.h:191:17: warning: template-id not allowed for constructor in C++20 [-Wtemplate-id-cdtor]
191 | NBest<T>() { nelt_ = nbest_ = n_ = 0; }
| ^
aligner_sw_nuc.h:191:17: note: remove the '< >'
In file included from aligner_sw.h:75,
from aligner_swsse_ee_u8.cpp:56:
aligner_sw_nuc.h:191:17: warning: template-id not allowed for constructor in C++20 [-Wtemplate-id-cdtor]
191 | NBest<T>() { nelt_ = nbest_ = n_ = 0; }
| ^
aligner_sw_nuc.h:191:17: note: remove the '< >'
g++ -std=gnu++17 -O3 -msse2 -funroll-loops -g3 -DCOMPILER_OPTIONS="\"-O3 -msse2 -funroll-loops -g3 -O2 -Wall -mfpmath=sse -msse2 -mstackrealign -std=c++11 -DPOPCNT_CAPABILITY -DNO_SPINLOCK -DWITH_QUEUELOCK=1 -static-libgcc -static-libstdc++\"" -O2 -Wall -mfpmath=sse -msse2 -mstackrealign -std=c++11 -DPOPCNT_CAPABILITY -DNO_SPINLOCK -DWITH_QUEUELOCK=1 -static-libgcc -static-libstdc++ \
-fno-strict-aliasing -DBOWTIE2_VERSION="\"`cat BOWTIE2_VERSION`\"" -DBUILD_HOST="\"${HOSTNAME:-`hostname`}\"" -DBUILD_TIME="\"`date -u`\"" -DCOMPILER_VERSION="\"`g++ -std=gnu++17 -v 2>&1 | tail -1`\"" -D_LARGEFILE_SOURCE -D_FILE_OFFSET_BITS=64 -D_GNU_SOURCE -DBOWTIE2 -DBOWTIE_64BIT_INDEX -DNDEBUG -Wall \
-I third_party \
-o bowtie2-align-l bt2_search.cpp \
ccnt_lut.cpp ref_read.cpp alphabet.cpp shmem.cpp edit.cpp bt2_locks.cpp bt2_idx.cpp bt2_io.cpp bt2_util.cpp reference.cpp ds.cpp multikey_qsort.cpp limit.cpp random_source.cpp qual.cpp pat.cpp sam.cpp read_qseq.cpp aligner_seed_policy.cpp aligner_seed.cpp aligner_seed2.cpp aligner_sw.cpp aligner_sw_driver.cpp aligner_cache.cpp aligner_result.cpp ref_coord.cpp mask.cpp pe.cpp aln_sink.cpp dp_framer.cpp scoring.cpp presets.cpp unique.cpp simple_func.cpp random_util.cpp aligner_bt.cpp sse_util.cpp aligner_swsse.cpp outq.cpp aligner_swsse_loc_i16.cpp aligner_swsse_ee_i16.cpp aligner_swsse_loc_u8.cpp aligner_swsse_ee_u8.cpp aligner_driver.cpp bowtie_main.cpp \
-lpthread -lz
In file included from aligner_sw.h:75,
from bt2_search.cpp:54:
aligner_sw_nuc.h:191:17: warning: template-id not allowed for constructor in C++20 [-Wtemplate-id-cdtor]
191 | NBest<T>() { nelt_ = nbest_ = n_ = 0; }
| ^
aligner_sw_nuc.h:191:17: note: remove the '< >'
In file included from bt2_idx.h:59,
from bt2_search.cpp:41:
In member function 'bool ProcessorSupport::POPCNTenabled()',
inlined from 'Ebwt::Ebwt(const std::string&, int, int, bool, int32_t, int32_t, bool, bool, bool, bool, bool, bool, bool, bool, bool, bool, bool)' at bt2_idx.h:542:43:
processor_support.h:55:13: warning: 'regs.regs_t::ECX' may be used uninitialized [-Wmaybe-uninitialized]
55 | if( !( (regs.ECX & BIT(20)) && (regs.ECX & BIT(23)) ) ) return false;
| ^~~~~~~~~~~~~~~~~~~~~~~~~~~~~~~~~~~~~~~~~~~~~~~~~
processor_support.h: In constructor 'Ebwt::Ebwt(const std::string&, int, int, bool, int32_t, int32_t, bool, bool, bool, bool, bool, bool, bool, bool, bool, bool, bool)':
processor_support.h:43:12: note: 'regs.regs_t::ECX' was declared here
43 | regs_t regs;
| ^~~~
In file included from aligner_sw.h:75,
from aligner_sw.cpp:25:
aligner_sw_nuc.h:191:17: warning: template-id not allowed for constructor in C++20 [-Wtemplate-id-cdtor]
191 | NBest<T>() { nelt_ = nbest_ = n_ = 0; }
| ^
aligner_sw_nuc.h:191:17: note: remove the '< >'
In file included from aligner_sw.h:75,
from aligner_sw_driver.h:81,
from aligner_sw_driver.cpp:47:
aligner_sw_nuc.h:191:17: warning: template-id not allowed for constructor in C++20 [-Wtemplate-id-cdtor]
191 | NBest<T>() { nelt_ = nbest_ = n_ = 0; }
| ^
aligner_sw_nuc.h:191:17: note: remove the '< >'
In file included from aligner_sw.h:75,
from aligner_swsse_loc_i16.cpp:56:
aligner_sw_nuc.h:191:17: warning: template-id not allowed for constructor in C++20 [-Wtemplate-id-cdtor]
191 | NBest<T>() { nelt_ = nbest_ = n_ = 0; }
| ^
aligner_sw_nuc.h:191:17: note: remove the '< >'
In file included from aligner_sw.h:75,
from aligner_swsse_ee_i16.cpp:56:
aligner_sw_nuc.h:191:17: warning: template-id not allowed for constructor in C++20 [-Wtemplate-id-cdtor]
191 | NBest<T>() { nelt_ = nbest_ = n_ = 0; }
| ^
aligner_sw_nuc.h:191:17: note: remove the '< >'
In file included from aligner_sw.h:75,
from aligner_swsse_loc_u8.cpp:56:
aligner_sw_nuc.h:191:17: warning: template-id not allowed for constructor in C++20 [-Wtemplate-id-cdtor]
191 | NBest<T>() { nelt_ = nbest_ = n_ = 0; }
| ^
aligner_sw_nuc.h:191:17: note: remove the '< >'
In file included from aligner_sw.h:75,
from aligner_swsse_ee_u8.cpp:56:
aligner_sw_nuc.h:191:17: warning: template-id not allowed for constructor in C++20 [-Wtemplate-id-cdtor]
191 | NBest<T>() { nelt_ = nbest_ = n_ = 0; }
| ^
aligner_sw_nuc.h:191:17: note: remove the '< >'
echo "@echo off" > bowtie2.bat
echo "perl %~dp0/bowtie2 %*" >> bowtie2.bat
echo "@echo off" > bowtie2-build.bat
echo "python3 %~dp0/bowtie2-build %*" >> bowtie2-build.bat
(cd bowtie2-2.4.4 && (/usr/bin/make move -fMakefile.win))
mv bowtie2-align-s ../../inst
mv bowtie2-build-s ../../inst
mv bowtie2-align-l ../../inst
mv bowtie2-build-l ../../inst
cp bowtie2 ../../inst
cp bowtie2-build ../../inst
** R
** inst
** byte-compile and prepare package for lazy loading
** help
*** installing help indices
** building package indices
** installing vignettes
** testing if installed package can be loaded from temporary location
** testing if installed package can be loaded from final location
** testing if installed package keeps a record of temporary installation path
* DONE (Rbowtie2)
Rbowtie2.Rcheck/Rbowtie2-Ex.timings
| name | user | system | elapsed | |
| adapterremoval_usage | 0.00 | 0.07 | 1.25 | |
| adapterremoval_version | 0.00 | 0.00 | 0.23 | |
| bowtie2-build | 0.04 | 0.02 | 9.87 | |
| bowtie2 | 0.03 | 0.03 | 4.24 | |
| bowtie2_build_usage | 0.00 | 0.01 | 2.56 | |
| bowtie2_samtools | 4.00 | 0.29 | 8.28 | |
| bowtie2_usage | 0.00 | 0.03 | 0.37 | |
| bowtie2_version | 0.00 | 0.02 | 0.33 | |
| identify_adapters | 0.00 | 0.00 | 0.31 | |
| remove_adapters | 0.00 | 0.00 | 0.47 | |