Back to Multiple platform build/check report for BioC 3.21: simplified long |
|
This page was generated on 2025-10-16 11:40 -0400 (Thu, 16 Oct 2025).
Hostname | OS | Arch (*) | R version | Installed pkgs |
---|---|---|---|---|
nebbiolo1 | Linux (Ubuntu 24.04.3 LTS) | x86_64 | 4.5.1 (2025-06-13) -- "Great Square Root" | 4833 |
merida1 | macOS 12.7.6 Monterey | x86_64 | 4.5.1 RC (2025-06-05 r88288) -- "Great Square Root" | 4614 |
kjohnson1 | macOS 13.7.5 Ventura | arm64 | 4.5.1 Patched (2025-06-14 r88325) -- "Great Square Root" | 4555 |
kunpeng2 | Linux (openEuler 24.03 LTS) | aarch64 | R Under development (unstable) (2025-02-19 r87757) -- "Unsuffered Consequences" | 4586 |
Click on any hostname to see more info about the system (e.g. compilers) (*) as reported by 'uname -p', except on Windows and Mac OS X |
Package 1668/2341 | Hostname | OS / Arch | INSTALL | BUILD | CHECK | BUILD BIN | ||||||||
Qtlizer 1.22.0 (landing page) Matthias Munz
| nebbiolo1 | Linux (Ubuntu 24.04.3 LTS) / x86_64 | OK | OK | OK | ![]() | ||||||||
merida1 | macOS 12.7.6 Monterey / x86_64 | OK | OK | ERROR | OK | |||||||||
kjohnson1 | macOS 13.7.5 Ventura / arm64 | OK | ERROR | skipped | skipped | |||||||||
kunpeng2 | Linux (openEuler 24.03 LTS) / aarch64 | OK | OK | ERROR | ||||||||||
To the developers/maintainers of the Qtlizer package: - Allow up to 24 hours (and sometimes 48 hours) for your latest push to git@git.bioconductor.org:packages/Qtlizer.git to reflect on this report. See Troubleshooting Build Report for more information. - Use the following Renviron settings to reproduce errors and warnings. - If 'R CMD check' started to fail recently on the Linux builder(s) over a missing dependency, add the missing dependency to 'Suggests:' in your DESCRIPTION file. See Renviron.bioc for more information. |
Package: Qtlizer |
Version: 1.22.0 |
Command: /Library/Frameworks/R.framework/Resources/bin/R CMD build --keep-empty-dirs --no-resave-data Qtlizer |
StartedAt: 2025-10-14 07:08:24 -0400 (Tue, 14 Oct 2025) |
EndedAt: 2025-10-14 07:08:29 -0400 (Tue, 14 Oct 2025) |
EllapsedTime: 4.6 seconds |
RetCode: 1 |
Status: ERROR |
PackageFile: None |
PackageFileSize: NA |
############################################################################## ############################################################################## ### ### Running command: ### ### /Library/Frameworks/R.framework/Resources/bin/R CMD build --keep-empty-dirs --no-resave-data Qtlizer ### ############################################################################## ############################################################################## * checking for file ‘Qtlizer/DESCRIPTION’ ... OK * preparing ‘Qtlizer’: * checking DESCRIPTION meta-information ... OK * installing the package to build vignettes * creating vignettes ... ERROR --- re-building ‘Qtlizer.Rmd’ using rmarkdown Quitting from Qtlizer.Rmd:42-45 [unnamed-chunk-3] ~~~~~~~~~~~~~~~~~~~~~~~~~~~~~~~~~~~~~~~~~~~~~~~~~~~~~~~~~~~~~~~~~~~~~~~~~~~~~~~~ <error/rlang_error> Error in `curl::curl_fetch_memory()`: ! Could not connect to server [161.97.150.91]: Failed to connect to 161.97.150.91 port 80 after 25 ms: Could not connect to server --- Backtrace: ▆ 1. ├─Qtlizer::get_qtls("rs4284742") 2. │ └─base::lapply(bins, communicate, corr = corr, ld_method = ld_method) 3. │ └─Qtlizer (local) FUN(X[[i]], ...) 4. │ └─httr::POST(url) 5. │ └─httr:::request_perform(req, hu$handle$handle) 6. │ ├─httr:::request_fetch(req$output, req$url, handle) 7. │ └─httr:::request_fetch.write_memory(req$output, req$url, handle) 8. │ └─curl::curl_fetch_memory(url, handle = handle) 9. └─curl:::raise_libcurl_error(...) ~~~~~~~~~~~~~~~~~~~~~~~~~~~~~~~~~~~~~~~~~~~~~~~~~~~~~~~~~~~~~~~~~~~~~~~~~~~~~~~~ Error: processing vignette 'Qtlizer.Rmd' failed with diagnostics: Could not connect to server [161.97.150.91]: Failed to connect to 161.97.150.91 port 80 after 25 ms: Could not connect to server --- failed re-building ‘Qtlizer.Rmd’ SUMMARY: processing the following file failed: ‘Qtlizer.Rmd’ Error: Vignette re-building failed. Execution halted