Back to Multiple platform build/check report for BioC 3.22:   simplified   long
ABCDEFGHIJKLMNO[P]QRSTUVWXYZ

This page was generated on 2025-11-07 12:01 -0500 (Fri, 07 Nov 2025).

HostnameOSArch (*)R versionInstalled pkgs
nebbiolo2Linux (Ubuntu 24.04.3 LTS)x86_644.5.1 Patched (2025-08-23 r88802) -- "Great Square Root" 4902
kjohnson3macOS 13.7.7 Venturaarm644.5.1 Patched (2025-09-10 r88807) -- "Great Square Root" 4638
Click on any hostname to see more info about the system (e.g. compilers)      (*) as reported by 'uname -p', except on Windows and Mac OS X

Package 1605/2361HostnameOS / ArchINSTALLBUILDCHECKBUILD BIN
Pirat 1.4.1  (landing page)
Lucas Etourneau
Snapshot Date: 2025-11-06 13:45 -0500 (Thu, 06 Nov 2025)
git_url: https://git.bioconductor.org/packages/Pirat
git_branch: RELEASE_3_22
git_last_commit: 8617159
git_last_commit_date: 2025-11-05 04:30:31 -0500 (Wed, 05 Nov 2025)
nebbiolo2Linux (Ubuntu 24.04.3 LTS) / x86_64  OK    ERROR  skipped
kjohnson3macOS 13.7.7 Ventura / arm64  OK    ERROR  skippedskipped


BUILD results for Pirat on kjohnson3

To the developers/maintainers of the Pirat package:
- Allow up to 24 hours (and sometimes 48 hours) for your latest push to git@git.bioconductor.org:packages/Pirat.git to reflect on this report. See Troubleshooting Build Report for more information.
- Use the following Renviron settings to reproduce errors and warnings.
- If 'R CMD check' started to fail recently on the Linux builder(s) over a missing dependency, add the missing dependency to 'Suggests:' in your DESCRIPTION file. See Renviron.bioc for more information.

raw results


Summary

Package: Pirat
Version: 1.4.1
Command: /Library/Frameworks/R.framework/Resources/bin/R CMD build --keep-empty-dirs --no-resave-data Pirat
StartedAt: 2025-11-06 17:21:06 -0500 (Thu, 06 Nov 2025)
EndedAt: 2025-11-06 17:21:19 -0500 (Thu, 06 Nov 2025)
EllapsedTime: 13.2 seconds
RetCode: 1
Status:   ERROR  
PackageFile: None
PackageFileSize: NA

Command output

##############################################################################
##############################################################################
###
### Running command:
###
###   /Library/Frameworks/R.framework/Resources/bin/R CMD build --keep-empty-dirs --no-resave-data Pirat
###
##############################################################################
##############################################################################


* checking for file ‘Pirat/DESCRIPTION’ ... OK
* preparing ‘Pirat’:
* checking DESCRIPTION meta-information ... OK
* installing the package to build vignettes
* creating vignettes ... ERROR
--- re-building ‘Pirat.Rmd’ using rmarkdown

Quitting from Pirat.Rmd:90-92 [impute]
~~~~~~~~~~~~~~~~~~~~~~~~~~~~~~~~~~~~~~~~~~~~~~~~~~~~~~~~~~~~~~~~~~~~~~~~~~~~~~~~
<error/rlang_error>
Error in `py_module_import()`:
! ModuleNotFoundError: No module named 'PyPirat.lbfgs'
Run `reticulate::py_last_error()` for details.
---
Backtrace:
    ▆
 1. └─Pirat::my_pipeline_llkimpute(subbouyssie)
 2.   └─basilisk::basiliskRun(...)
 3.     └─Pirat (local) fun(...)
 4.       └─Pirat::pipeline_llkimpute(arg1, ...)
 5.         └─reticulate::import("PyPirat")
 6.           └─reticulate:::py_module_import(module, convert = convert)
~~~~~~~~~~~~~~~~~~~~~~~~~~~~~~~~~~~~~~~~~~~~~~~~~~~~~~~~~~~~~~~~~~~~~~~~~~~~~~~~

Error: processing vignette 'Pirat.Rmd' failed with diagnostics:
ModuleNotFoundError: No module named 'PyPirat.lbfgs'
Run `reticulate::py_last_error()` for details.
--- failed re-building ‘Pirat.Rmd’

SUMMARY: processing the following file failed:
  ‘Pirat.Rmd’

Error: Vignette re-building failed.
Execution halted