Back to Multiple platform build/check report for BioC 3.22:   simplified   long
ABCDEFGHIJKLMN[O]PQRSTUVWXYZ

This page was generated on 2025-11-20 12:07 -0500 (Thu, 20 Nov 2025).

HostnameOSArch (*)R versionInstalled pkgs
nebbiolo2Linux (Ubuntu 24.04.3 LTS)x86_644.5.2 (2025-10-31) -- "[Not] Part in a Rumble" 4615
merida1macOS 12.7.6 Montereyx86_644.5.2 Patched (2025-11-05 r88990) -- "[Not] Part in a Rumble" 4610
kjohnson1macOS 13.7.5 Venturaarm644.5.2 Patched (2025-11-04 r88984) -- "[Not] Part in a Rumble" 4598
taishanLinux (openEuler 24.03 LTS)aarch644.5.0 (2025-04-11) -- "How About a Twenty-Six" 4668
Click on any hostname to see more info about the system (e.g. compilers)      (*) as reported by 'uname -p', except on Windows and Mac OS X

Package 1505/2361HostnameOS / ArchINSTALLBUILDCHECKBUILD BIN
OmnipathR 3.18.2  (landing page)
Denes Turei
Snapshot Date: 2025-11-17 13:45 -0500 (Mon, 17 Nov 2025)
git_url: https://git.bioconductor.org/packages/OmnipathR
git_branch: RELEASE_3_22
git_last_commit: 7ab5630
git_last_commit_date: 2025-11-17 12:48:40 -0500 (Mon, 17 Nov 2025)
nebbiolo2Linux (Ubuntu 24.04.3 LTS) / x86_64  OK    OK    ERROR  
merida1macOS 12.7.6 Monterey / x86_64  OK    OK    OK    OK  YES
kjohnson1macOS 13.7.5 Ventura / arm64  OK    OK    OK    OK  YES
taishanLinux (openEuler 24.03 LTS) / aarch64  OK    OK    ERROR  


CHECK results for OmnipathR on taishan

To the developers/maintainers of the OmnipathR package:
- Allow up to 24 hours (and sometimes 48 hours) for your latest push to git@git.bioconductor.org:packages/OmnipathR.git to reflect on this report. See Troubleshooting Build Report for more information.
- Use the following Renviron settings to reproduce errors and warnings.
- If 'R CMD check' started to fail recently on the Linux builder(s) over a missing dependency, add the missing dependency to 'Suggests:' in your DESCRIPTION file. See Renviron.bioc for more information.
- See Martin Grigorov's blog post for how to debug Linux ARM64 related issues on a x86_64 host.

raw results


Summary

Package: OmnipathR
Version: 3.18.2
Command: /home/biocbuild/R/R/bin/R CMD check --install=check:OmnipathR.install-out.txt --library=/home/biocbuild/R/R/site-library --no-vignettes --timings OmnipathR_3.18.2.tar.gz
StartedAt: 2025-11-18 12:51:39 -0000 (Tue, 18 Nov 2025)
EndedAt: 2025-11-18 13:07:19 -0000 (Tue, 18 Nov 2025)
EllapsedTime: 940.1 seconds
RetCode: 1
Status:   ERROR  
CheckDir: OmnipathR.Rcheck
Warnings: NA

Command output

##############################################################################
##############################################################################
###
### Running command:
###
###   /home/biocbuild/R/R/bin/R CMD check --install=check:OmnipathR.install-out.txt --library=/home/biocbuild/R/R/site-library --no-vignettes --timings OmnipathR_3.18.2.tar.gz
###
##############################################################################
##############################################################################


* using log directory ‘/home/biocbuild/bbs-3.22-bioc/meat/OmnipathR.Rcheck’
* using R version 4.5.0 (2025-04-11)
* using platform: aarch64-unknown-linux-gnu
* R was compiled by
    aarch64-unknown-linux-gnu-gcc (GCC) 14.2.0
    GNU Fortran (GCC) 14.2.0
* running under: openEuler 24.03 (LTS)
* using session charset: UTF-8
* using option ‘--no-vignettes’
* checking for file ‘OmnipathR/DESCRIPTION’ ... OK
* checking extension type ... Package
* this is package ‘OmnipathR’ version ‘3.18.2’
* package encoding: UTF-8
* checking package namespace information ... OK
* checking package dependencies ... INFO
Imports includes 35 non-default packages.
Importing from so many packages makes the package vulnerable to any of
them becoming unavailable.  Move as many as possible to Suggests and
use conditionally.
* checking if this is a source package ... OK
* checking if there is a namespace ... OK
* checking for hidden files and directories ... OK
* checking for portable file names ... OK
* checking for sufficient/correct file permissions ... OK
* checking whether package ‘OmnipathR’ can be installed ... OK
* checking installed package size ... OK
* checking package directory ... OK
* checking DESCRIPTION meta-information ... OK
* checking top-level files ... OK
* checking for left-over files ... OK
* checking index information ... OK
* checking package subdirectories ... OK
* checking code files for non-ASCII characters ... OK
* checking R files for syntax errors ... OK
* checking whether the package can be loaded ... OK
* checking whether the package can be loaded with stated dependencies ... OK
* checking whether the package can be unloaded cleanly ... OK
* checking whether the namespace can be loaded with stated dependencies ... OK
* checking whether the namespace can be unloaded cleanly ... OK
* checking loading without being on the library search path ... OK
* checking whether startup messages can be suppressed ... NOTE
[2025-11-18 12:52:45] [TRACE]   [OmnipathR] Reading JSON from `/home/biocbuild/.cache/OmnipathR/cache.json` (encoding: UTF-8).
[2025-11-18 12:52:45] [TRACE]   [OmnipathR] JSON validation successful: TRUE
[2025-11-18 12:52:46] [INFO]    [OmnipathR] Initialized cache: `/home/biocbuild/.cache/OmnipathR`.
[2025-11-18 12:52:46] [INFO]    [OmnipathR] Package `OmnipathR` packaged: NA
[2025-11-18 12:52:46] [INFO]    [OmnipathR] Package `OmnipathR` date/publication: 2025-11-17
[2025-11-18 12:52:46] [INFO]    [OmnipathR] Package `OmnipathR` built: R 4.5.0; ; 2025-11-17 21:12:44 UTC; unix
[2025-11-18 12:52:46] [INFO]    [OmnipathR] Package `OmnipathR` version: 3.18.2
[2025-11-18 12:52:46] [INFO]    [OmnipathR] Package `OmnipathR` repository: Bioconductor 3.22
[2025-11-18 12:52:46] [INFO]    [OmnipathR] Session info: [version=R version 4.5.0 (2025-04-11); os=openEuler 24.03 (LTS); system=aarch64, linux-gnu; ui=X11; language=(EN); collate=C; ctype=en_US.UTF-8; tz=UTC; date=2025-11-18; pandoc=2.12 @ /home/biocbuild/bin/ (via rmarkdown); quarto=1.7.32 @ /home/biocbuild/bioconductor/quarto-1.7.32/bin/quarto]
[2025-11-18 12:52:46] [INFO]    [OmnipathR] External libraries: [cairo=1.18.0; cairoFT=; pango=1.51.0; png=1.6.47; jpeg=6.2; tiff=LIBTIFF, Version 4.7.0; tcl=8.6.14; curl=8.13.0; zlib=1.3.1; bzlib=1.0.8, 13-Jul-2019; xz=5.8.1; deflate=; PCRE=10.44 2024-06-07; ICU=74.1; TRE=TRE 0.8.0 R_fixes (BSD); iconv=glibc 2.38; readline=8.2; BLAS=/usr/lib64/libopenblas-r0.3.25.so; lapack=/usr/lib64/libopenblas-r0.3.25.so; lapack_version=3.11.0]
[2025-11-18 12:52:46] [INFO]    [OmnipathR] Loaded packages: backports 1.5.0(2024-05-23); bit 4.6.0(2025-03-06); bit64 4.6.0-1(2025-01-16); blob 1.2.4(2023-03-17); cachem 1.1.0(2024-05-16); cellranger 1.1.0(2016-07-27); checkmate 2.3.3(2025-08-18); chromote 0.5.1(2025-04-24); cli 3.6.5(2025-04-23); crayon 1.5.3(2024-06-20); curl 7.0.0(2025-08-19); DBI 1.2.3(2024-06-02); digest 0.6.37(2024-08-19); dplyr 1.1.4(2023-11-17); evaluate 1.0.5(2025-08-27); fastmap 1.2.0(2024-05-15); fs 1.6.6(2025-04-12); generics 0.1.4(2025-05-09); glue 1.8.0(2024-09-30); hms 1.1.4(2025-10-17); htmltools 0.5.8.1(2024-04-04); httr 1.4.7(2023-08-15); httr2 1.2.1(2025-07-22); igraph 2.2.1(2025-10-27); jsonlite 2.0.0(2025-03-27); knitr 1.50(2025-03-16); later 1.4.4(2025-08-27); lifecycle 1.0.4(2023-11-07); logger 0.4.1(2025-09-11); lubridate 1.9.4(2024-12-08); magrittr 2.0.4(2025-09-12); memoise 2.0.1(2021-11-26); OmnipathR 3.18.2(2025-11-17); otel 0.2.0(2025-08-29); pillar 1.11.1(2025-09-17); pkgconfig 2.0.3(2019-09-22); prettyunits 1.2.0(2023-09-24); processx 3.8.6(2025-02-21); progress 1.2.3(2023-12-06); promises 1.5.0(2025-11-01); ps 1.9.1(2025-04-12); purrr 1.1.0(2025-07-10); R.methodsS3 1.8.2(2022-06-13); R.oo 1.27.1(2025-05-02); R.utils 2.13.0(2025-02-24); R6 2.6.1(2025-02-15); rappdirs 0.3.3(2021-01-31); Rcpp 1.1.0(2025-07-02); readr 2.1.5(2024-01-10); readxl 1.4.5(2025-03-07); rlang 1.1.6(2025-04-11); rmarkdown 2.30(2025-09-28); RSQLite 2.4.3(2025-08-20); rvest 1.0.5(2025-08-29); sessioninfo 1.2.3(2025-02-05); stringi 1.8.7(2025-03-27); stringr 1.5.2(2025-09-08); tibble 3.3.0(2025-06-08); tidyr 1.3.1(2024-01-24); tidyselect 1.2.1(2024-03-11); timechange 0.3.0(2024-01-18); tzdb 0.5.0(2025-03-15); vctrs 0.6.5(2023-12-01); websocket 1.4.4(2025-04-10); withr 3.0.2(2024-10-28); xfun 0.54(2025-10-30); XML 3.99-0.19(2025-08-22); xml2 1.4.1(2025-10-27); yaml 2.3.10(2024-07-26); zip 2.3.3(2025-05-13)
[2025-11-18 12:52:46] [INFO]    [OmnipathR] CURL: version: 8.13.0; headers: 8.13.0; ssl_version: OpenSSL/3.5.0; libz_version: 1.3.1; libssh_version: libssh2/1.11.1; libidn_version: NA; host: aarch64-conda-linux-gnu; protocols: dict, file, ftp, ftps, gopher, gophers, http, https, imap, imaps, mqtt, pop3, pop3s, rtsp, scp, sftp, smb, smbs, smtp, smtps, telnet, tftp, ws, wss; ipv6: TRUE; http2: TRUE; idn: FALSE; url_parser: TRUE
[2025-11-18 12:52:46] [TRACE]   [OmnipathR] Running on a build server, wiping cache.
[2025-11-18 12:52:46] [TRACE]   [OmnipathR] Cache is at `/home/biocbuild/.cache/OmnipathR`.
[2025-11-18 12:52:46] [TRACE]   [OmnipathR] Contains 1 files.
[2025-11-18 12:52:46] [TRACE]   [OmnipathR] Cache is locked: FALSE.
[2025-11-18 12:52:46] [TRACE]   [OmnipathR] Reading JSON from `/home/biocbuild/.cache/OmnipathR/cache.json` (encoding: UTF-8).
[2025-11-18 12:52:46] [TRACE]   [OmnipathR] JSON validation successful: TRUE
[2025-11-18 12:52:46] [SUCCESS] [OmnipathR] Removing all cache contents from `/home/biocbuild/.cache/OmnipathR`.
[2025-11-18 12:52:46] [TRACE]   [OmnipathR] Pandoc version: `2.12`.
[2025-11-18 12:52:46] [TRACE]   [OmnipathR] Reading JSON from `/home/biocbuild/R/R-4.5.0/site-library/OmnipathR/db/db_def.json` (encoding: UTF-8).
[2025-11-18 12:52:46] [TRACE]   [OmnipathR] JSON validation successful: TRUE
[2025-11-18 12:52:46] [TRACE]   [OmnipathR] Reading JSON from `/home/biocbuild/R/R-4.5.0/site-library/OmnipathR/internal/magic_bytes.json` (encoding: UTF-8).
[2025-11-18 12:52:46] [TRACE]   [OmnipathR] JSON validation successful: TRUE
[2025-11-18 12:52:46] [TRACE]   [OmnipathR] Reading JSON from `/home/biocbuild/R/R-4.5.0/site-library/OmnipathR/internal/urls.json` (encoding: UTF-8).
[2025-11-18 12:52:46] [TRACE]   [OmnipathR] JSON validation successful: TRUE
[2025-11-18 12:52:46] [TRACE]   [OmnipathR] Reading JSON from `/home/biocbuild/R/R-4.5.0/site-library/OmnipathR/internal/id_types.json` (encoding: UTF-8).
[2025-11-18 12:52:46] [TRACE]   [OmnipathR] JSON validation successful: TRUE
[2025-11-18 12:52:46] [TRACE]   [OmnipathR] Cache locked: FALSE

It looks like this package (or a package it requires) has a startup
message which cannot be suppressed: see ?packageStartupMessage.
* checking dependencies in R code ... OK
* checking S3 generic/method consistency ... OK
* checking replacement functions ... OK
* checking foreign function calls ... OK
* checking R code for possible problems ... NOTE
[2025-11-18 12:53:08] [TRACE]   [OmnipathR] Reading JSON from `/home/biocbuild/.cache/OmnipathR/cache.json` (encoding: UTF-8).
[2025-11-18 12:53:08] [TRACE]   [OmnipathR] JSON validation successful: TRUE
[2025-11-18 12:53:08] [INFO]    [OmnipathR] Initialized cache: `/home/biocbuild/.cache/OmnipathR`.
[2025-11-18 12:53:08] [INFO]    [OmnipathR] Package `OmnipathR` packaged: NA
[2025-11-18 12:53:08] [INFO]    [OmnipathR] Package `OmnipathR` date/publication: 2025-11-17
[2025-11-18 12:53:08] [INFO]    [OmnipathR] Package `OmnipathR` built: R 4.5.0; ; 2025-11-17 21:12:44 UTC; unix
[2025-11-18 12:53:08] [INFO]    [OmnipathR] Package `OmnipathR` version: 3.18.2
[2025-11-18 12:53:08] [INFO]    [OmnipathR] Package `OmnipathR` repository: Bioconductor 3.22
[2025-11-18 12:53:08] [INFO]    [OmnipathR] Session info: [version=R version 4.5.0 (2025-04-11); os=openEuler 24.03 (LTS); system=aarch64, linux-gnu; ui=X11; language=(EN); collate=C; ctype=en_US.UTF-8; tz=UTC; date=2025-11-18; pandoc=2.12 @ /home/biocbuild/bin/ (via rmarkdown); quarto=1.7.32 @ /home/biocbuild/bioconductor/quarto-1.7.32/bin/quarto]
[2025-11-18 12:53:09] [INFO]    [OmnipathR] External libraries: [cairo=1.18.0; cairoFT=; pango=1.51.0; png=1.6.47; jpeg=6.2; tiff=LIBTIFF, Version 4.7.0; tcl=8.6.14; curl=8.13.0; zlib=1.3.1; bzlib=1.0.8, 13-Jul-2019; xz=5.8.1; deflate=; PCRE=10.44 2024-06-07; ICU=74.1; TRE=TRE 0.8.0 R_fixes (BSD); iconv=glibc 2.38; readline=8.2; BLAS=/usr/lib64/libopenblas-r0.3.25.so; lapack=/usr/lib64/libopenblas-r0.3.25.so; lapack_version=3.11.0]
[2025-11-18 12:53:09] [INFO]    [OmnipathR] Loaded packages: backports 1.5.0(2024-05-23); bit 4.6.0(2025-03-06); bit64 4.6.0-1(2025-01-16); blob 1.2.4(2023-03-17); cachem 1.1.0(2024-05-16); cellranger 1.1.0(2016-07-27); checkmate 2.3.3(2025-08-18); chromote 0.5.1(2025-04-24); cli 3.6.5(2025-04-23); crayon 1.5.3(2024-06-20); curl 7.0.0(2025-08-19); DBI 1.2.3(2024-06-02); digest 0.6.37(2024-08-19); dplyr 1.1.4(2023-11-17); evaluate 1.0.5(2025-08-27); fastmap 1.2.0(2024-05-15); fs 1.6.6(2025-04-12); generics 0.1.4(2025-05-09); glue 1.8.0(2024-09-30); hms 1.1.4(2025-10-17); htmltools 0.5.8.1(2024-04-04); httr 1.4.7(2023-08-15); httr2 1.2.1(2025-07-22); igraph 2.2.1(2025-10-27); jsonlite 2.0.0(2025-03-27); knitr 1.50(2025-03-16); later 1.4.4(2025-08-27); lifecycle 1.0.4(2023-11-07); logger 0.4.1(2025-09-11); lubridate 1.9.4(2024-12-08); magrittr 2.0.4(2025-09-12); memoise 2.0.1(2021-11-26); OmnipathR 3.18.2(2025-11-17); otel 0.2.0(2025-08-29); pillar 1.11.1(2025-09-17); pkgconfig 2.0.3(2019-09-22); prettyunits 1.2.0(2023-09-24); processx 3.8.6(2025-02-21); progress 1.2.3(2023-12-06); promises 1.5.0(2025-11-01); ps 1.9.1(2025-04-12); purrr 1.1.0(2025-07-10); R.methodsS3 1.8.2(2022-06-13); R.oo 1.27.1(2025-05-02); R.utils 2.13.0(2025-02-24); R6 2.6.1(2025-02-15); rappdirs 0.3.3(2021-01-31); Rcpp 1.1.0(2025-07-02); readr 2.1.5(2024-01-10); readxl 1.4.5(2025-03-07); rlang 1.1.6(2025-04-11); rmarkdown 2.30(2025-09-28); RSQLite 2.4.3(2025-08-20); rvest 1.0.5(2025-08-29); sessioninfo 1.2.3(2025-02-05); stringi 1.8.7(2025-03-27); stringr 1.5.2(2025-09-08); tibble 3.3.0(2025-06-08); tidyr 1.3.1(2024-01-24); tidyselect 1.2.1(2024-03-11); timechange 0.3.0(2024-01-18); tzdb 0.5.0(2025-03-15); vctrs 0.6.5(2023-12-01); websocket 1.4.4(2025-04-10); withr 3.0.2(2024-10-28); xfun 0.54(2025-10-30); XML 3.99-0.19(2025-08-22); xml2 1.4.1(2025-10-27); yaml 2.3.10(2024-07-26); zip 2.3.3(2025-05-13)
[2025-11-18 12:53:09] [INFO]    [OmnipathR] CURL: version: 8.13.0; headers: 8.13.0; ssl_version: OpenSSL/3.5.0; libz_version: 1.3.1; libssh_version: libssh2/1.11.1; libidn_version: NA; host: aarch64-conda-linux-gnu; protocols: dict, file, ftp, ftps, gopher, gophers, http, https, imap, imaps, mqtt, pop3, pop3s, rtsp, scp, sftp, smb, smbs, smtp, smtps, telnet, tftp, ws, wss; ipv6: TRUE; http2: TRUE; idn: FALSE; url_parser: TRUE
[2025-11-18 12:53:09] [TRACE]   [OmnipathR] Running on a build server, wiping cache.
[2025-11-18 12:53:09] [TRACE]   [OmnipathR] Cache is at `/home/biocbuild/.cache/OmnipathR`.
[2025-11-18 12:53:09] [TRACE]   [OmnipathR] Contains 1 files.
[2025-11-18 12:53:09] [TRACE]   [OmnipathR] Cache is locked: FALSE.
[2025-11-18 12:53:09] [TRACE]   [OmnipathR] Reading JSON from `/home/biocbuild/.cache/OmnipathR/cache.json` (encoding: UTF-8).
[2025-11-18 12:53:09] [TRACE]   [OmnipathR] JSON validation successful: TRUE
[2025-11-18 12:53:09] [SUCCESS] [OmnipathR] Removing all cache contents from `/home/biocbuild/.cache/OmnipathR`.
[2025-11-18 12:53:09] [TRACE]   [OmnipathR] Pandoc version: `2.12`.
[2025-11-18 12:53:09] [TRACE]   [OmnipathR] Reading JSON from `/home/biocbuild/R/R-4.5.0/site-library/OmnipathR/db/db_def.json` (encoding: UTF-8).
[2025-11-18 12:53:09] [TRACE]   [OmnipathR] JSON validation successful: TRUE
[2025-11-18 12:53:09] [TRACE]   [OmnipathR] Reading JSON from `/home/biocbuild/R/R-4.5.0/site-library/OmnipathR/internal/magic_bytes.json` (encoding: UTF-8).
[2025-11-18 12:53:09] [TRACE]   [OmnipathR] JSON validation successful: TRUE
[2025-11-18 12:53:09] [TRACE]   [OmnipathR] Reading JSON from `/home/biocbuild/R/R-4.5.0/site-library/OmnipathR/internal/urls.json` (encoding: UTF-8).
[2025-11-18 12:53:09] [TRACE]   [OmnipathR] JSON validation successful: TRUE
[2025-11-18 12:53:09] [TRACE]   [OmnipathR] Reading JSON from `/home/biocbuild/R/R-4.5.0/site-library/OmnipathR/internal/id_types.json` (encoding: UTF-8).
[2025-11-18 12:53:09] [TRACE]   [OmnipathR] JSON validation successful: TRUE
[2025-11-18 12:53:09] [TRACE]   [OmnipathR] Cache locked: FALSE
cosmos_ksn: no visible binding for global variable ‘enzyme_genesymbol’
Undefined global functions or variables:
  enzyme_genesymbol
* checking Rd files ... OK
* checking Rd metadata ... OK
* checking Rd cross-references ... OK
* checking for missing documentation entries ... OK
* checking for code/documentation mismatches ... OK
* checking Rd \usage sections ... OK
* checking Rd contents ... OK
* checking for unstated dependencies in examples ... OK
* checking R/sysdata.rda ... OK
* checking files in ‘vignettes’ ... OK
* checking examples ... ERROR
Running examples in ‘OmnipathR-Ex.R’ failed
The error most likely occurred in:

> base::assign(".ptime", proc.time(), pos = "CheckExEnv")
> ### Name: go_annot_download
> ### Title: Gene annotations from Gene Ontology
> ### Aliases: go_annot_download
> 
> ### ** Examples
> 
> goa_data <- go_annot_download()
[2025-11-18 13:03:51] [TRACE]   [OmnipathR] Downloading by `generic_downloader`.
[2025-11-18 13:03:51] [TRACE]   [OmnipathR] Looking up in cache: `http://current.geneontology.org/annotations/goa_human.gaf.gz`.
[2025-11-18 13:03:51] [INFO]    [OmnipathR] Cache record does not exist: `http://current.geneontology.org/annotations/goa_human.gaf.gz`
[2025-11-18 13:03:51] [TRACE]   [OmnipathR] Could not find in cache, initiating download: `http://current.geneontology.org/annotations/goa_human.gaf.gz`.
[2025-11-18 13:03:51] [TRACE]   [OmnipathR] Reading JSON from `/home/biocbuild/.cache/OmnipathR/cache.json` (encoding: UTF-8).
[2025-11-18 13:03:51] [TRACE]   [OmnipathR] JSON validation successful: TRUE
[2025-11-18 13:03:51] [TRACE]   [OmnipathR] Reading JSON from `/home/biocbuild/.cache/OmnipathR/cache.json` (encoding: UTF-8).
[2025-11-18 13:03:51] [TRACE]   [OmnipathR] JSON validation successful: TRUE
[2025-11-18 13:03:51] [INFO]    [OmnipathR] Cache item `4dccec1f0141d8846ba49e6f0eada25ebf0253fa` version 1: status changed from `unknown` to `started`.
[2025-11-18 13:03:51] [TRACE]   [OmnipathR] Exporting object to RDS: `/home/biocbuild/.cache/OmnipathR/4dccec1f0141d8846ba49e6f0eada25ebf0253fa-1.rds`.
[2025-11-18 13:03:51] [INFO]    [OmnipathR] Retrieving URL: `http://current.geneontology.org/annotations/goa_human.gaf.gz`
[2025-11-18 13:03:51] [TRACE]   [OmnipathR] Attempt 1/3: `http://current.geneontology.org/annotations/goa_human.gaf.gz`
[2025-11-18 13:03:51] [TRACE]   [OmnipathR] HTTP request by `omnipath_curl`.
[2025-11-18 13:03:51] [TRACE]   [OmnipathR] Curl options: [connecttimeout=10,timeout=300,debugfunction=<function>,verbose=FALSE,tcp_keepalive=TRUE,tcp_keepintvl=10,tcp_keepidle=10,tcp_keepcnt=13,upkeep_interval_ms=30000,ssl_verifypeer=1,ssl_verifyhost=2]
[2025-11-18 13:03:51] [TRACE]   [OmnipathR] `gz` compressed file, downloading to temporary location: `/home/biocbuild/tmp/RtmpORQq2m/goa_human.gaf.gz`
[2025-11-18 13:03:51] [TRACE]   [OmnipathR] HTTP v1 GET: status 500.
[2025-11-18 13:03:51] [TRACE]   [OmnipathR] Downloaded 6.3 Kb in 0.108145s from current.geneontology.org (58.6 Kb/s); Redirect: 0s, DNS look up: 0.091692s, Connection: 0.093674s, Pretransfer: 0.093724s, First byte at: 0.10806s
[2025-11-18 13:03:51] [TRACE]   [OmnipathR] HTTP headers: HTTP/1.1 500 Internal Server Error; Date: Tue, 18 Nov 2025 13:09:08 GMT; Content-Type: text/html; charset=UTF-8; Transfer-Encoding: chunked; Connection: keep-alive; Cache-Control: private, max-age=0, no-store, no-cache, must-revalidate, post-check=0, pre-check=0; Expires: Thu, 01 Jan 1970 00:00:01 GMT; Referrer-Policy: same-origin; X-Frame-Options: SAMEORIGIN; Vary: accept-encoding; Server: cloudflare; CF-RAY: 9a07b35a9c6e4076-SIN
[2025-11-18 13:03:51] [TRACE]   [OmnipathR] Exported RDS to `/home/biocbuild/.cache/OmnipathR/4dccec1f0141d8846ba49e6f0eada25ebf0253fa-1.rds`.
[2025-11-18 13:03:51] [INFO]    [OmnipathR] Download ready [key=4dccec1f0141d8846ba49e6f0eada25ebf0253fa, version=1]
[2025-11-18 13:03:51] [TRACE]   [OmnipathR] Reading JSON from `/home/biocbuild/.cache/OmnipathR/cache.json` (encoding: UTF-8).
[2025-11-18 13:03:51] [TRACE]   [OmnipathR] JSON validation successful: TRUE
[2025-11-18 13:03:51] [INFO]    [OmnipathR] Cache item `4dccec1f0141d8846ba49e6f0eada25ebf0253fa` version 1: status changed from `started` to `ready`.
Error in `filter()`:
ℹ In argument: `aspect %in% aspects`.
Caused by error:
! `..1` must be of size 100 or 1, not size 0.
Backtrace:
     ▆
  1. ├─OmnipathR::go_annot_download()
  2. │ └─... %T>% load_success()
  3. ├─OmnipathR:::load_success(.)
  4. │ └─from_cache %<>% if_null(data %>% is_from_cache)
  5. ├─OmnipathR:::if_null(., data %>% is_from_cache)
  6. │ └─value1 %>% is.null %>% if (value2) value1
  7. ├─data %>% is_from_cache
  8. ├─OmnipathR:::is_from_cache(.)
  9. │ └─obj %>% attr("origin") %>% ...
 10. ├─dplyr::filter(., aspect %in% aspects)
 11. ├─dplyr:::filter.data.frame(., aspect %in% aspects)
 12. │ └─dplyr:::filter_rows(.data, dots, by)
 13. │   └─dplyr:::filter_eval(...)
 14. │     ├─base::withCallingHandlers(...)
 15. │     └─mask$eval_all_filter(dots, env_filter)
 16. │       └─dplyr (local) eval()
 17. ├─dplyr:::dplyr_internal_error(...)
 18. │ └─rlang::abort(class = c(class, "dplyr:::internal_error"), dplyr_error_data = data)
 19. │   └─rlang:::signal_abort(cnd, .file)
 20. │     └─base::signalCondition(cnd)
 21. └─dplyr (local) `<fn>`(`<dpl:::__>`)
 22.   └─rlang::abort(message, class = error_class, parent = parent, call = error_call)
Execution halted
Examples with CPU (user + system) or elapsed time > 5s
                                        user system elapsed
annotation_categories                106.424  0.186 108.255
curated_ligrec_stats                  43.608  5.054 158.278
filter_extra_attrs                    35.810  5.790  42.749
all_uniprots                          32.046  2.551  68.398
extra_attrs_to_cols                   19.728  1.807  21.591
extra_attr_values                     17.428  2.077  23.023
giant_component                       12.811  0.939  21.477
extra_attrs                           10.536  1.356  11.982
filter_by_resource                    10.695  0.479  13.319
curated_ligand_receptor_interactions   7.470  1.037  23.906
find_all_paths                         7.261  0.407   7.737
filter_intercell                       6.512  0.322  32.445
enzsub_graph                           2.661  0.150   5.945
ensembl_id_mapping_table               2.591  0.125  19.439
annotated_network                      1.478  0.278   5.849
* checking for unstated dependencies in ‘tests’ ... OK
* checking tests ...
  Running ‘testthat.R’
 OK
* checking for unstated dependencies in vignettes ... OK
* checking package vignettes ... OK
* checking running R code from vignettes ... SKIPPED
* checking re-building of vignette outputs ... SKIPPED
* checking PDF version of manual ... OK
* DONE

Status: 1 ERROR, 2 NOTEs
See
  ‘/home/biocbuild/bbs-3.22-bioc/meat/OmnipathR.Rcheck/00check.log’
for details.


Installation output

OmnipathR.Rcheck/00install.out

##############################################################################
##############################################################################
###
### Running command:
###
###   /home/biocbuild/R/R/bin/R CMD INSTALL OmnipathR
###
##############################################################################
##############################################################################


* installing to library ‘/home/biocbuild/R/R-4.5.0/site-library’
* installing *source* package ‘OmnipathR’ ...
** this is package ‘OmnipathR’ version ‘3.18.2’
** using staged installation
** R
** inst
** byte-compile and prepare package for lazy loading
** help
*** installing help indices
*** copying figures
** building package indices
** installing vignettes
** testing if installed package can be loaded from temporary location
[2025-11-17 21:13:04] [TRACE]   [OmnipathR] Reading JSON from `/home/biocbuild/.cache/OmnipathR/cache.json` (encoding: UTF-8).
[2025-11-17 21:13:04] [TRACE]   [OmnipathR] JSON validation successful: TRUE
[2025-11-17 21:13:04] [INFO]    [OmnipathR] Initialized cache: `/home/biocbuild/.cache/OmnipathR`.
[2025-11-17 21:13:04] [INFO]    [OmnipathR] Package `OmnipathR` packaged: NA
[2025-11-17 21:13:04] [INFO]    [OmnipathR] Package `OmnipathR` date/publication: 2025-11-17
[2025-11-17 21:13:04] [INFO]    [OmnipathR] Package `OmnipathR` built: R 4.5.0; ; 2025-11-17 21:12:44 UTC; unix
[2025-11-17 21:13:04] [INFO]    [OmnipathR] Package `OmnipathR` version: 3.18.2
[2025-11-17 21:13:04] [INFO]    [OmnipathR] Package `OmnipathR` repository: Bioconductor 3.22
[2025-11-17 21:13:04] [INFO]    [OmnipathR] Session info: [version=R version 4.5.0 (2025-04-11); os=openEuler 24.03 (LTS); system=aarch64, linux-gnu; ui=X11; language=(EN); collate=C; ctype=en_US.UTF-8; tz=UTC; date=2025-11-17; pandoc=2.12 @ /home/biocbuild/bin/ (via rmarkdown); quarto=1.7.32 @ /home/biocbuild/bioconductor/quarto-1.7.32/bin/quarto]
[2025-11-17 21:13:05] [INFO]    [OmnipathR] External libraries: [cairo=1.18.0; cairoFT=; pango=1.51.0; png=1.6.47; jpeg=6.2; tiff=LIBTIFF, Version 4.7.0; tcl=8.6.14; curl=8.13.0; zlib=1.3.1; bzlib=1.0.8, 13-Jul-2019; xz=5.8.1; deflate=; PCRE=10.44 2024-06-07; ICU=74.1; TRE=TRE 0.8.0 R_fixes (BSD); iconv=glibc 2.38; readline=8.2; BLAS=/usr/lib64/libopenblas-r0.3.25.so; lapack=/usr/lib64/libopenblas-r0.3.25.so; lapack_version=3.11.0]
[2025-11-17 21:13:05] [INFO]    [OmnipathR] Loaded packages: backports 1.5.0(2024-05-23); bit 4.6.0(2025-03-06); bit64 4.6.0-1(2025-01-16); blob 1.2.4(2023-03-17); cachem 1.1.0(2024-05-16); cellranger 1.1.0(2016-07-27); checkmate 2.3.3(2025-08-18); chromote 0.5.1(2025-04-24); cli 3.6.5(2025-04-23); crayon 1.5.3(2024-06-20); curl 7.0.0(2025-08-19); DBI 1.2.3(2024-06-02); digest 0.6.37(2024-08-19); dplyr 1.1.4(2023-11-17); evaluate 1.0.5(2025-08-27); fastmap 1.2.0(2024-05-15); fs 1.6.6(2025-04-12); generics 0.1.4(2025-05-09); glue 1.8.0(2024-09-30); hms 1.1.4(2025-10-17); htmltools 0.5.8.1(2024-04-04); httr 1.4.7(2023-08-15); httr2 1.2.1(2025-07-22); igraph 2.2.1(2025-10-27); jsonlite 2.0.0(2025-03-27); knitr 1.50(2025-03-16); later 1.4.4(2025-08-27); lifecycle 1.0.4(2023-11-07); logger 0.4.1(2025-09-11); lubridate 1.9.4(2024-12-08); magrittr 2.0.4(2025-09-12); memoise 2.0.1(2021-11-26); OmnipathR 3.18.2(2025-11-17); otel 0.2.0(2025-08-29); pillar 1.11.1(2025-09-17); pkgconfig 2.0.3(2019-09-22); prettyunits 1.2.0(2023-09-24); processx 3.8.6(2025-02-21); progress 1.2.3(2023-12-06); promises 1.5.0(2025-11-01); ps 1.9.1(2025-04-12); purrr 1.1.0(2025-07-10); R.methodsS3 1.8.2(2022-06-13); R.oo 1.27.1(2025-05-02); R.utils 2.13.0(2025-02-24); R6 2.6.1(2025-02-15); rappdirs 0.3.3(2021-01-31); Rcpp 1.1.0(2025-07-02); readr 2.1.5(2024-01-10); readxl 1.4.5(2025-03-07); rlang 1.1.6(2025-04-11); rmarkdown 2.30(2025-09-28); RSQLite 2.4.3(2025-08-20); rvest 1.0.5(2025-08-29); sessioninfo 1.2.3(2025-02-05); stringi 1.8.7(2025-03-27); stringr 1.5.2(2025-09-08); tibble 3.3.0(2025-06-08); tidyr 1.3.1(2024-01-24); tidyselect 1.2.1(2024-03-11); timechange 0.3.0(2024-01-18); tzdb 0.5.0(2025-03-15); vctrs 0.6.5(2023-12-01); websocket 1.4.4(2025-04-10); withr 3.0.2(2024-10-28); xfun 0.54(2025-10-30); XML 3.99-0.19(2025-08-22); xml2 1.4.1(2025-10-27); yaml 2.3.10(2024-07-26); zip 2.3.3(2025-05-13)
[2025-11-17 21:13:05] [INFO]    [OmnipathR] CURL: version: 8.13.0; headers: 8.13.0; ssl_version: OpenSSL/3.5.0; libz_version: 1.3.1; libssh_version: libssh2/1.11.1; libidn_version: NA; host: aarch64-conda-linux-gnu; protocols: dict, file, ftp, ftps, gopher, gophers, http, https, imap, imaps, mqtt, pop3, pop3s, rtsp, scp, sftp, smb, smbs, smtp, smtps, telnet, tftp, ws, wss; ipv6: TRUE; http2: TRUE; idn: FALSE; url_parser: TRUE
[2025-11-17 21:13:05] [TRACE]   [OmnipathR] Running on a build server, wiping cache.
[2025-11-17 21:13:05] [TRACE]   [OmnipathR] Cache is at `/home/biocbuild/.cache/OmnipathR`.
[2025-11-17 21:13:05] [TRACE]   [OmnipathR] Contains 7 files.
[2025-11-17 21:13:05] [TRACE]   [OmnipathR] Cache is locked: FALSE.
[2025-11-17 21:13:05] [TRACE]   [OmnipathR] Reading JSON from `/home/biocbuild/.cache/OmnipathR/cache.json` (encoding: UTF-8).
[2025-11-17 21:13:05] [TRACE]   [OmnipathR] JSON validation successful: TRUE
[2025-11-17 21:13:05] [SUCCESS] [OmnipathR] Removing all cache contents from `/home/biocbuild/.cache/OmnipathR`.
[2025-11-17 21:13:05] [TRACE]   [OmnipathR] Pandoc version: `2.12`.
[2025-11-17 21:13:05] [TRACE]   [OmnipathR] Reading JSON from `/home/biocbuild/R/R-4.5.0/site-library/00LOCK-OmnipathR/00new/OmnipathR/db/db_def.json` (encoding: UTF-8).
[2025-11-17 21:13:05] [TRACE]   [OmnipathR] JSON validation successful: TRUE
[2025-11-17 21:13:05] [TRACE]   [OmnipathR] Reading JSON from `/home/biocbuild/R/R-4.5.0/site-library/00LOCK-OmnipathR/00new/OmnipathR/internal/magic_bytes.json` (encoding: UTF-8).
[2025-11-17 21:13:05] [TRACE]   [OmnipathR] JSON validation successful: TRUE
[2025-11-17 21:13:05] [TRACE]   [OmnipathR] Reading JSON from `/home/biocbuild/R/R-4.5.0/site-library/00LOCK-OmnipathR/00new/OmnipathR/internal/urls.json` (encoding: UTF-8).
[2025-11-17 21:13:05] [TRACE]   [OmnipathR] JSON validation successful: TRUE
[2025-11-17 21:13:05] [TRACE]   [OmnipathR] Reading JSON from `/home/biocbuild/R/R-4.5.0/site-library/00LOCK-OmnipathR/00new/OmnipathR/internal/id_types.json` (encoding: UTF-8).
[2025-11-17 21:13:05] [TRACE]   [OmnipathR] JSON validation successful: TRUE
[2025-11-17 21:13:05] [TRACE]   [OmnipathR] Cache locked: FALSE
** testing if installed package can be loaded from final location
[2025-11-17 21:13:08] [TRACE]   [OmnipathR] Reading JSON from `/home/biocbuild/.cache/OmnipathR/cache.json` (encoding: UTF-8).
[2025-11-17 21:13:08] [TRACE]   [OmnipathR] JSON validation successful: TRUE
[2025-11-17 21:13:08] [INFO]    [OmnipathR] Initialized cache: `/home/biocbuild/.cache/OmnipathR`.
[2025-11-17 21:13:08] [INFO]    [OmnipathR] Package `OmnipathR` packaged: NA
[2025-11-17 21:13:08] [INFO]    [OmnipathR] Package `OmnipathR` date/publication: 2025-11-17
[2025-11-17 21:13:08] [INFO]    [OmnipathR] Package `OmnipathR` built: R 4.5.0; ; 2025-11-17 21:12:44 UTC; unix
[2025-11-17 21:13:08] [INFO]    [OmnipathR] Package `OmnipathR` version: 3.18.2
[2025-11-17 21:13:08] [INFO]    [OmnipathR] Package `OmnipathR` repository: Bioconductor 3.22
[2025-11-17 21:13:08] [INFO]    [OmnipathR] Session info: [version=R version 4.5.0 (2025-04-11); os=openEuler 24.03 (LTS); system=aarch64, linux-gnu; ui=X11; language=(EN); collate=C; ctype=en_US.UTF-8; tz=UTC; date=2025-11-17; pandoc=2.12 @ /home/biocbuild/bin/ (via rmarkdown); quarto=1.7.32 @ /home/biocbuild/bioconductor/quarto-1.7.32/bin/quarto]
[2025-11-17 21:13:08] [INFO]    [OmnipathR] External libraries: [cairo=1.18.0; cairoFT=; pango=1.51.0; png=1.6.47; jpeg=6.2; tiff=LIBTIFF, Version 4.7.0; tcl=8.6.14; curl=8.13.0; zlib=1.3.1; bzlib=1.0.8, 13-Jul-2019; xz=5.8.1; deflate=; PCRE=10.44 2024-06-07; ICU=74.1; TRE=TRE 0.8.0 R_fixes (BSD); iconv=glibc 2.38; readline=8.2; BLAS=/usr/lib64/libopenblas-r0.3.25.so; lapack=/usr/lib64/libopenblas-r0.3.25.so; lapack_version=3.11.0]
[2025-11-17 21:13:08] [INFO]    [OmnipathR] Loaded packages: backports 1.5.0(2024-05-23); bit 4.6.0(2025-03-06); bit64 4.6.0-1(2025-01-16); blob 1.2.4(2023-03-17); cachem 1.1.0(2024-05-16); cellranger 1.1.0(2016-07-27); checkmate 2.3.3(2025-08-18); chromote 0.5.1(2025-04-24); cli 3.6.5(2025-04-23); crayon 1.5.3(2024-06-20); curl 7.0.0(2025-08-19); DBI 1.2.3(2024-06-02); digest 0.6.37(2024-08-19); dplyr 1.1.4(2023-11-17); evaluate 1.0.5(2025-08-27); fastmap 1.2.0(2024-05-15); fs 1.6.6(2025-04-12); generics 0.1.4(2025-05-09); glue 1.8.0(2024-09-30); hms 1.1.4(2025-10-17); htmltools 0.5.8.1(2024-04-04); httr 1.4.7(2023-08-15); httr2 1.2.1(2025-07-22); igraph 2.2.1(2025-10-27); jsonlite 2.0.0(2025-03-27); knitr 1.50(2025-03-16); later 1.4.4(2025-08-27); lifecycle 1.0.4(2023-11-07); logger 0.4.1(2025-09-11); lubridate 1.9.4(2024-12-08); magrittr 2.0.4(2025-09-12); memoise 2.0.1(2021-11-26); OmnipathR 3.18.2(2025-11-17); otel 0.2.0(2025-08-29); pillar 1.11.1(2025-09-17); pkgconfig 2.0.3(2019-09-22); prettyunits 1.2.0(2023-09-24); processx 3.8.6(2025-02-21); progress 1.2.3(2023-12-06); promises 1.5.0(2025-11-01); ps 1.9.1(2025-04-12); purrr 1.1.0(2025-07-10); R.methodsS3 1.8.2(2022-06-13); R.oo 1.27.1(2025-05-02); R.utils 2.13.0(2025-02-24); R6 2.6.1(2025-02-15); rappdirs 0.3.3(2021-01-31); Rcpp 1.1.0(2025-07-02); readr 2.1.5(2024-01-10); readxl 1.4.5(2025-03-07); rlang 1.1.6(2025-04-11); rmarkdown 2.30(2025-09-28); RSQLite 2.4.3(2025-08-20); rvest 1.0.5(2025-08-29); sessioninfo 1.2.3(2025-02-05); stringi 1.8.7(2025-03-27); stringr 1.5.2(2025-09-08); tibble 3.3.0(2025-06-08); tidyr 1.3.1(2024-01-24); tidyselect 1.2.1(2024-03-11); timechange 0.3.0(2024-01-18); tzdb 0.5.0(2025-03-15); vctrs 0.6.5(2023-12-01); websocket 1.4.4(2025-04-10); withr 3.0.2(2024-10-28); xfun 0.54(2025-10-30); XML 3.99-0.19(2025-08-22); xml2 1.4.1(2025-10-27); yaml 2.3.10(2024-07-26); zip 2.3.3(2025-05-13)
[2025-11-17 21:13:08] [INFO]    [OmnipathR] CURL: version: 8.13.0; headers: 8.13.0; ssl_version: OpenSSL/3.5.0; libz_version: 1.3.1; libssh_version: libssh2/1.11.1; libidn_version: NA; host: aarch64-conda-linux-gnu; protocols: dict, file, ftp, ftps, gopher, gophers, http, https, imap, imaps, mqtt, pop3, pop3s, rtsp, scp, sftp, smb, smbs, smtp, smtps, telnet, tftp, ws, wss; ipv6: TRUE; http2: TRUE; idn: FALSE; url_parser: TRUE
[2025-11-17 21:13:08] [TRACE]   [OmnipathR] Running on a build server, wiping cache.
[2025-11-17 21:13:08] [TRACE]   [OmnipathR] Cache is at `/home/biocbuild/.cache/OmnipathR`.
[2025-11-17 21:13:08] [TRACE]   [OmnipathR] Contains 1 files.
[2025-11-17 21:13:08] [TRACE]   [OmnipathR] Cache is locked: FALSE.
[2025-11-17 21:13:08] [TRACE]   [OmnipathR] Reading JSON from `/home/biocbuild/.cache/OmnipathR/cache.json` (encoding: UTF-8).
[2025-11-17 21:13:08] [TRACE]   [OmnipathR] JSON validation successful: TRUE
[2025-11-17 21:13:08] [SUCCESS] [OmnipathR] Removing all cache contents from `/home/biocbuild/.cache/OmnipathR`.
[2025-11-17 21:13:08] [TRACE]   [OmnipathR] Pandoc version: `2.12`.
[2025-11-17 21:13:08] [TRACE]   [OmnipathR] Reading JSON from `/home/biocbuild/R/R-4.5.0/site-library/OmnipathR/db/db_def.json` (encoding: UTF-8).
[2025-11-17 21:13:08] [TRACE]   [OmnipathR] JSON validation successful: TRUE
[2025-11-17 21:13:09] [TRACE]   [OmnipathR] Reading JSON from `/home/biocbuild/R/R-4.5.0/site-library/OmnipathR/internal/magic_bytes.json` (encoding: UTF-8).
[2025-11-17 21:13:09] [TRACE]   [OmnipathR] JSON validation successful: TRUE
[2025-11-17 21:13:09] [TRACE]   [OmnipathR] Reading JSON from `/home/biocbuild/R/R-4.5.0/site-library/OmnipathR/internal/urls.json` (encoding: UTF-8).
[2025-11-17 21:13:09] [TRACE]   [OmnipathR] JSON validation successful: TRUE
[2025-11-17 21:13:09] [TRACE]   [OmnipathR] Reading JSON from `/home/biocbuild/R/R-4.5.0/site-library/OmnipathR/internal/id_types.json` (encoding: UTF-8).
[2025-11-17 21:13:09] [TRACE]   [OmnipathR] JSON validation successful: TRUE
[2025-11-17 21:13:09] [TRACE]   [OmnipathR] Cache locked: FALSE
** testing if installed package keeps a record of temporary installation path
* DONE (OmnipathR)

Tests output

OmnipathR.Rcheck/tests/testthat.Rout


R version 4.5.0 (2025-04-11) -- "How About a Twenty-Six"
Copyright (C) 2025 The R Foundation for Statistical Computing
Platform: aarch64-unknown-linux-gnu

R is free software and comes with ABSOLUTELY NO WARRANTY.
You are welcome to redistribute it under certain conditions.
Type 'license()' or 'licence()' for distribution details.

R is a collaborative project with many contributors.
Type 'contributors()' for more information and
'citation()' on how to cite R or R packages in publications.

Type 'demo()' for some demos, 'help()' for on-line help, or
'help.start()' for an HTML browser interface to help.
Type 'q()' to quit R.

> #!/usr/bin/env Rscript
> 
> #
> #  This file is part of the `OmnipathR` R package
> #
> #  Copyright
> #  2018-2024
> #  Saez Lab, Uniklinik RWTH Aachen, Heidelberg University
> #
> #  File author(s): Alberto Valdeolivas
> #                  Dénes Türei (turei.denes@gmail.com)
> #                  Attila Gábor
> #
> #  Distributed under the MIT (Expat) License.
> #  See accompanying file `LICENSE` or find a copy at
> #      https://directory.fsf.org/wiki/License:Expat
> #
> #  Website: https://r.omnipathdb.org/
> #  Git repo: https://github.com/saezlab/OmnipathR
> #
> 
> 
> library(testthat)
> library(OmnipathR)
[2025-11-18 13:03:56] [TRACE]   [OmnipathR] Reading JSON from `/home/biocbuild/.cache/OmnipathR/cache.json` (encoding: UTF-8).
[2025-11-18 13:03:56] [TRACE]   [OmnipathR] JSON validation successful: TRUE
[2025-11-18 13:03:56] [INFO]    [OmnipathR] Initialized cache: `/home/biocbuild/.cache/OmnipathR`.
[2025-11-18 13:03:56] [INFO]    [OmnipathR] Package `OmnipathR` packaged: NA
[2025-11-18 13:03:56] [INFO]    [OmnipathR] Package `OmnipathR` date/publication: 2025-11-17
[2025-11-18 13:03:56] [INFO]    [OmnipathR] Package `OmnipathR` built: R 4.5.0; ; 2025-11-17 21:12:44 UTC; unix
[2025-11-18 13:03:56] [INFO]    [OmnipathR] Package `OmnipathR` version: 3.18.2
[2025-11-18 13:03:56] [INFO]    [OmnipathR] Package `OmnipathR` repository: Bioconductor 3.22
[2025-11-18 13:03:56] [INFO]    [OmnipathR] Session info: [version=R version 4.5.0 (2025-04-11); os=openEuler 24.03 (LTS); system=aarch64, linux-gnu; ui=X11; language=C; collate=C; ctype=en_US.UTF-8; tz=UTC; date=2025-11-18; pandoc=2.12 @ /home/biocbuild/bin/ (via rmarkdown); quarto=1.7.32 @ /home/biocbuild/bioconductor/quarto-1.7.32/bin/quarto]
[2025-11-18 13:03:56] [INFO]    [OmnipathR] External libraries: [cairo=1.18.0; cairoFT=; pango=1.51.0; png=1.6.47; jpeg=6.2; tiff=LIBTIFF, Version 4.7.0; tcl=8.6.14; curl=8.13.0; zlib=1.3.1; bzlib=1.0.8, 13-Jul-2019; xz=5.8.1; deflate=; PCRE=10.44 2024-06-07; ICU=74.1; TRE=TRE 0.8.0 R_fixes (BSD); iconv=glibc 2.38; readline=8.2; BLAS=/usr/lib64/libopenblas-r0.3.25.so; lapack=/usr/lib64/libopenblas-r0.3.25.so; lapack_version=3.11.0]
[2025-11-18 13:03:56] [INFO]    [OmnipathR] Loaded packages: backports 1.5.0(2024-05-23); bit 4.6.0(2025-03-06); bit64 4.6.0-1(2025-01-16); blob 1.2.4(2023-03-17); brio 1.1.5(2024-04-24); cachem 1.1.0(2024-05-16); cellranger 1.1.0(2016-07-27); checkmate 2.3.3(2025-08-18); cli 3.6.5(2025-04-23); crayon 1.5.3(2024-06-20); curl 7.0.0(2025-08-19); DBI 1.2.3(2024-06-02); digest 0.6.37(2024-08-19); dplyr 1.1.4(2023-11-17); evaluate 1.0.5(2025-08-27); fastmap 1.2.0(2024-05-15); fs 1.6.6(2025-04-12); generics 0.1.4(2025-05-09); glue 1.8.0(2024-09-30); hms 1.1.4(2025-10-17); htmltools 0.5.8.1(2024-04-04); httr 1.4.7(2023-08-15); httr2 1.2.1(2025-07-22); igraph 2.2.1(2025-10-27); jsonlite 2.0.0(2025-03-27); knitr 1.50(2025-03-16); later 1.4.4(2025-08-27); lifecycle 1.0.4(2023-11-07); logger 0.4.1(2025-09-11); lubridate 1.9.4(2024-12-08); magrittr 2.0.4(2025-09-12); memoise 2.0.1(2021-11-26); OmnipathR 3.18.2(2025-11-17); pillar 1.11.1(2025-09-17); pkgconfig 2.0.3(2019-09-22); prettyunits 1.2.0(2023-09-24); progress 1.2.3(2023-12-06); purrr 1.1.0(2025-07-10); R.methodsS3 1.8.2(2022-06-13); R.oo 1.27.1(2025-05-02); R.utils 2.13.0(2025-02-24); R6 2.6.1(2025-02-15); rappdirs 0.3.3(2021-01-31); Rcpp 1.1.0(2025-07-02); readr 2.1.5(2024-01-10); readxl 1.4.5(2025-03-07); rlang 1.1.6(2025-04-11); rmarkdown 2.30(2025-09-28); RSQLite 2.4.3(2025-08-20); rvest 1.0.5(2025-08-29); sessioninfo 1.2.3(2025-02-05); stringi 1.8.7(2025-03-27); stringr 1.5.2(2025-09-08); testthat 3.2.3(2025-01-13); tibble 3.3.0(2025-06-08); tidyr 1.3.1(2024-01-24); tidyselect 1.2.1(2024-03-11); timechange 0.3.0(2024-01-18); tzdb 0.5.0(2025-03-15); vctrs 0.6.5(2023-12-01); withr 3.0.2(2024-10-28); xfun 0.54(2025-10-30); XML 3.99-0.19(2025-08-22); xml2 1.4.1(2025-10-27); yaml 2.3.10(2024-07-26); zip 2.3.3(2025-05-13)
[2025-11-18 13:03:56] [INFO]    [OmnipathR] CURL: version: 8.13.0; headers: 8.13.0; ssl_version: OpenSSL/3.5.0; libz_version: 1.3.1; libssh_version: libssh2/1.11.1; libidn_version: NA; host: aarch64-conda-linux-gnu; protocols: dict, file, ftp, ftps, gopher, gophers, http, https, imap, imaps, mqtt, pop3, pop3s, rtsp, scp, sftp, smb, smbs, smtp, smtps, telnet, tftp, ws, wss; ipv6: TRUE; http2: TRUE; idn: FALSE; url_parser: TRUE
[2025-11-18 13:03:56] [TRACE]   [OmnipathR] Running on a build server, wiping cache.
[2025-11-18 13:03:56] [TRACE]   [OmnipathR] Cache is at `/home/biocbuild/.cache/OmnipathR`.
[2025-11-18 13:03:56] [TRACE]   [OmnipathR] Contains 45 files.
[2025-11-18 13:03:56] [TRACE]   [OmnipathR] Cache is locked: FALSE.
[2025-11-18 13:03:56] [TRACE]   [OmnipathR] Reading JSON from `/home/biocbuild/.cache/OmnipathR/cache.json` (encoding: UTF-8).
[2025-11-18 13:03:56] [TRACE]   [OmnipathR] JSON validation successful: TRUE
[2025-11-18 13:03:56] [SUCCESS] [OmnipathR] Removing all cache contents from `/home/biocbuild/.cache/OmnipathR`.
[2025-11-18 13:03:56] [TRACE]   [OmnipathR] Pandoc version: `2.12`.
[2025-11-18 13:03:56] [TRACE]   [OmnipathR] Reading JSON from `/home/biocbuild/R/R-4.5.0/site-library/OmnipathR/db/db_def.json` (encoding: UTF-8).
[2025-11-18 13:03:56] [TRACE]   [OmnipathR] JSON validation successful: TRUE
[2025-11-18 13:03:56] [TRACE]   [OmnipathR] Reading JSON from `/home/biocbuild/R/R-4.5.0/site-library/OmnipathR/internal/magic_bytes.json` (encoding: UTF-8).
[2025-11-18 13:03:56] [TRACE]   [OmnipathR] JSON validation successful: TRUE
[2025-11-18 13:03:56] [TRACE]   [OmnipathR] Reading JSON from `/home/biocbuild/R/R-4.5.0/site-library/OmnipathR/internal/urls.json` (encoding: UTF-8).
[2025-11-18 13:03:56] [TRACE]   [OmnipathR] JSON validation successful: TRUE
[2025-11-18 13:03:56] [TRACE]   [OmnipathR] Reading JSON from `/home/biocbuild/R/R-4.5.0/site-library/OmnipathR/internal/id_types.json` (encoding: UTF-8).
[2025-11-18 13:03:56] [TRACE]   [OmnipathR] JSON validation successful: TRUE
[2025-11-18 13:03:56] [TRACE]   [OmnipathR] Cache locked: FALSE
> 
> test_check('OmnipathR')
[ FAIL 0 | WARN 12 | SKIP 0 | PASS 38 ]

[ FAIL 0 | WARN 12 | SKIP 0 | PASS 38 ]
> 
> proc.time()
   user  system elapsed 
 59.802   5.906 186.280 

Example timings

OmnipathR.Rcheck/OmnipathR-Ex.timings

nameusersystemelapsed
OmnipathR000
all_uniprot_acs0.0240.0000.025
all_uniprots32.046 2.55168.398
ancestors0.0050.0080.012
annotated_network1.4780.2785.849
annotation_categories106.424 0.186108.255
annotation_resources0.0770.0761.176
annotations0.7140.1792.585
biomart_query1.3280.2193.136
bioplex10.0130.0000.013
bioplex20.0090.0040.013
bioplex30.0130.0000.014
bioplex_all0.0130.0000.014
bioplex_hct116_10.0140.0000.013
bma_motif_es0.7340.0962.511
bma_motif_vs0.2710.0041.349
chalmers_gem0.0130.0000.014
chalmers_gem_id_mapping_table0.0090.0040.013
chalmers_gem_id_type0.0030.0000.002
chalmers_gem_metabolites0.0090.0040.012
chalmers_gem_network0.0130.0000.014
chalmers_gem_raw0.0100.0040.014
chalmers_gem_reactions0.0400.0000.041
common_name0.1380.0110.149
complex_genes0.7850.0322.917
complex_resources0.0720.0080.958
complexes0.2170.0361.329
consensuspathdb_download0.0000.0000.001
consensuspathdb_raw_table0.0420.0120.054
cosmos_pkn0.0010.0000.001
curated_ligand_receptor_interactions 7.470 1.03723.906
curated_ligrec_stats 43.608 5.054158.278
database_summary1.8770.1383.414
descendants0.0140.0010.014
ensembl_dataset0.0540.0030.059
ensembl_id_mapping_table 2.591 0.12519.439
ensembl_id_type0.0030.0000.003
ensembl_name0.3450.0080.354
ensembl_organisms0.1540.0160.172
ensembl_organisms_raw0.1470.0120.164
ensembl_orthology000
enzsub_graph2.6610.1505.945
enzsub_resources0.0720.0191.164
enzyme_substrate1.4460.0842.613
evex_download0.0140.0000.014
evidences000
extra_attr_values17.428 2.07723.023
extra_attrs10.536 1.35611.982
extra_attrs_to_cols19.728 1.80721.591
filter_by_resource10.695 0.47913.319
filter_extra_attrs35.810 5.79042.749
filter_intercell 6.512 0.32232.445
filter_intercell_network0.0290.0000.029
find_all_paths7.2610.4077.737
from_evidences000
get_db000
get_ontology_db0.0100.0040.014
giant_component12.811 0.93921.477