| Back to Multiple platform build/check report for BioC 3.22: simplified long |
|
This page was generated on 2025-11-07 12:01 -0500 (Fri, 07 Nov 2025).
| Hostname | OS | Arch (*) | R version | Installed pkgs |
|---|---|---|---|---|
| nebbiolo2 | Linux (Ubuntu 24.04.3 LTS) | x86_64 | 4.5.1 Patched (2025-08-23 r88802) -- "Great Square Root" | 4902 |
| kjohnson3 | macOS 13.7.7 Ventura | arm64 | 4.5.1 Patched (2025-09-10 r88807) -- "Great Square Root" | 4638 |
| Click on any hostname to see more info about the system (e.g. compilers) (*) as reported by 'uname -p', except on Windows and Mac OS X | ||||
| Package 1505/2361 | Hostname | OS / Arch | INSTALL | BUILD | CHECK | BUILD BIN | ||||||||
| OmnipathR 3.18.0 (landing page) Denes Turei
| nebbiolo2 | Linux (Ubuntu 24.04.3 LTS) / x86_64 | OK | OK | ERROR | |||||||||
| kjohnson3 | macOS 13.7.7 Ventura / arm64 | OK | OK | ERROR | OK | |||||||||
|
To the developers/maintainers of the OmnipathR package: - Allow up to 24 hours (and sometimes 48 hours) for your latest push to git@git.bioconductor.org:packages/OmnipathR.git to reflect on this report. See Troubleshooting Build Report for more information. - Use the following Renviron settings to reproduce errors and warnings. - If 'R CMD check' started to fail recently on the Linux builder(s) over a missing dependency, add the missing dependency to 'Suggests:' in your DESCRIPTION file. See Renviron.bioc for more information. |
| Package: OmnipathR |
| Version: 3.18.0 |
| Command: /Library/Frameworks/R.framework/Resources/bin/R CMD check --install=check:OmnipathR.install-out.txt --library=/Library/Frameworks/R.framework/Resources/library --no-vignettes --timings OmnipathR_3.18.0.tar.gz |
| StartedAt: 2025-11-06 21:09:01 -0500 (Thu, 06 Nov 2025) |
| EndedAt: 2025-11-06 21:18:24 -0500 (Thu, 06 Nov 2025) |
| EllapsedTime: 563.6 seconds |
| RetCode: 1 |
| Status: ERROR |
| CheckDir: OmnipathR.Rcheck |
| Warnings: NA |
##############################################################################
##############################################################################
###
### Running command:
###
### /Library/Frameworks/R.framework/Resources/bin/R CMD check --install=check:OmnipathR.install-out.txt --library=/Library/Frameworks/R.framework/Resources/library --no-vignettes --timings OmnipathR_3.18.0.tar.gz
###
##############################################################################
##############################################################################
* using log directory ‘/Users/biocbuild/bbs-3.22-bioc/meat/OmnipathR.Rcheck’
* using R version 4.5.1 Patched (2025-09-10 r88807)
* using platform: aarch64-apple-darwin20
* R was compiled by
Apple clang version 16.0.0 (clang-1600.0.26.6)
GNU Fortran (GCC) 14.2.0
* running under: macOS Ventura 13.7.7
* using session charset: UTF-8
* using option ‘--no-vignettes’
* checking for file ‘OmnipathR/DESCRIPTION’ ... OK
* checking extension type ... Package
* this is package ‘OmnipathR’ version ‘3.18.0’
* package encoding: UTF-8
* checking package namespace information ... OK
* checking package dependencies ... INFO
Imports includes 35 non-default packages.
Importing from so many packages makes the package vulnerable to any of
them becoming unavailable. Move as many as possible to Suggests and
use conditionally.
* checking if this is a source package ... OK
* checking if there is a namespace ... OK
* checking for hidden files and directories ... OK
* checking for portable file names ... OK
* checking for sufficient/correct file permissions ... OK
* checking whether package ‘OmnipathR’ can be installed ... OK
* checking installed package size ... OK
* checking package directory ... OK
* checking DESCRIPTION meta-information ... OK
* checking top-level files ... OK
* checking for left-over files ... OK
* checking index information ... OK
* checking package subdirectories ... OK
* checking code files for non-ASCII characters ... OK
* checking R files for syntax errors ... OK
* checking whether the package can be loaded ... OK
* checking whether the package can be loaded with stated dependencies ... OK
* checking whether the package can be unloaded cleanly ... OK
* checking whether the namespace can be loaded with stated dependencies ... OK
* checking whether the namespace can be unloaded cleanly ... OK
* checking whether startup messages can be suppressed ... NOTE
[2025-11-06 21:09:14] [TRACE] [OmnipathR] Reading JSON from `/Users/biocbuild/Library/Caches/OmnipathR/cache.json` (encoding: UTF-8).
[2025-11-06 21:09:14] [TRACE] [OmnipathR] JSON validation successful: TRUE
[2025-11-06 21:09:14] [INFO] [OmnipathR] Initialized cache: `/Users/biocbuild/Library/Caches/OmnipathR`.
[2025-11-06 21:09:14] [INFO] [OmnipathR] Package `OmnipathR` packaged: NA
[2025-11-06 21:09:14] [INFO] [OmnipathR] Package `OmnipathR` date/publication: 2025-11-06
[2025-11-06 21:09:14] [INFO] [OmnipathR] Package `OmnipathR` built: R 4.5.1; ; 2025-11-06 20:05:12 UTC; unix
[2025-11-06 21:09:14] [INFO] [OmnipathR] Package `OmnipathR` version: 3.18.0
[2025-11-06 21:09:14] [INFO] [OmnipathR] Package `OmnipathR` repository: Bioconductor 3.22
[2025-11-06 21:09:14] [INFO] [OmnipathR] Session info: [version=R version 4.5.1 Patched (2025-09-10 r88807); os=macOS Ventura 13.7.7; system=aarch64, darwin20; ui=X11; language=(EN); collate=C; ctype=en_US.UTF-8; tz=America/New_York; date=2025-11-06; pandoc=3.1.12.3 @ /opt/homebrew/bin/ (via rmarkdown); quarto=1.7.32 @ /usr/local/bin/quarto]
[2025-11-06 21:09:14] [INFO] [OmnipathR] External libraries: [cairo=1.17.6; cairoFT=; pango=1.50.14; png=1.6.44; jpeg=9.5; tiff=LIBTIFF, Version 4.5.0; tcl=8.6.13; curl=8.7.1; zlib=1.2.11; bzlib=1.0.8, 13-Jul-2019; xz=5.6.3; deflate=1.23; PCRE=10.44 2024-06-07; ICU=70.2; TRE=TRE 0.8.0 R_fixes (BSD); iconv=Apple or GNU libiconv 1.11 /Library/Frameworks/R.framework/Versions/4.5-arm64/Resources/lib/libR.dylib; readline=5.2; BLAS=/Library/Frameworks/R.framework/Versions/4.5-arm64/Resources/lib/libRblas.0.dylib; lapack=/Library/Frameworks/R.framework/Versions/4.5-arm64/Resources/lib/libRlapack.dylib; lapack_version=3.12.1]
[2025-11-06 21:09:14] [INFO] [OmnipathR] Loaded packages: backports 1.5.0(2024-05-23); bit 4.6.0(2025-03-06); bit64 4.6.0-1(2025-01-16); blob 1.2.4(2023-03-17); cachem 1.1.0(2024-05-16); cellranger 1.1.0(2016-07-27); checkmate 2.3.3(2025-08-18); chromote 0.5.1(2025-04-24); cli 3.6.5(2025-04-23); crayon 1.5.3(2024-06-20); curl 7.0.0(2025-08-19); DBI 1.2.3(2024-06-02); digest 0.6.37(2024-08-19); dplyr 1.1.4(2023-11-17); evaluate 1.0.5(2025-08-27); fastmap 1.2.0(2024-05-15); fs 1.6.6(2025-04-12); generics 0.1.4(2025-05-09); glue 1.8.0(2024-09-30); hms 1.1.4(2025-10-17); htmltools 0.5.8.1(2024-04-04); httr 1.4.7(2023-08-15); httr2 1.2.1(2025-07-22); igraph 2.2.1(2025-10-27); jsonlite 2.0.0(2025-03-27); knitr 1.50(2025-03-16); later 1.4.4(2025-08-27); lifecycle 1.0.4(2023-11-07); logger 0.4.1(2025-09-11); lubridate 1.9.4(2024-12-08); magrittr 2.0.4(2025-09-12); memoise 2.0.1(2021-11-26); OmnipathR 3.18.0(2025-11-06); otel 0.2.0(2025-08-29); pillar 1.11.1(2025-09-17); pkgconfig 2.0.3(2019-09-22); prettyunits 1.2.0(2023-09-24); processx 3.8.6(2025-02-21); progress 1.2.3(2023-12-06); promises 1.5.0(2025-11-01); ps 1.9.1(2025-04-12); purrr 1.2.0(2025-11-04); R.methodsS3 1.8.2(2022-06-13); R.oo 1.27.1(2025-05-02); R.utils 2.13.0(2025-02-24); R6 2.6.1(2025-02-15); rappdirs 0.3.3(2021-01-31); Rcpp 1.1.0(2025-07-02); readr 2.1.5(2024-01-10); readxl 1.4.5(2025-03-07); rlang 1.1.6(2025-04-11); rmarkdown 2.30(2025-09-28); RSQLite 2.4.3(2025-08-20); rvest 1.0.5(2025-08-29); sessioninfo 1.2.3(2025-02-05); stringi 1.8.7(2025-03-27); stringr 1.6.0(2025-11-04); tibble 3.3.0(2025-06-08); tidyr 1.3.1(2024-01-24); tidyselect 1.2.1(2024-03-11); timechange 0.3.0(2024-01-18); tzdb 0.5.0(2025-03-15); vctrs 0.6.5(2023-12-01); websocket 1.4.4(2025-04-10); withr 3.0.2(2024-10-28); xfun 0.54(2025-10-30); XML 3.99-0.19(2025-08-22); xml2 1.4.1(2025-10-27); yaml 2.3.10(2024-07-26); zip 2.3.3(2025-05-13)
[2025-11-06 21:09:14] [INFO] [OmnipathR] CURL: version: 8.14.1; headers: 8.14.1; ssl_version: LibreSSL/3.3.6 (SecureTransport); libz_version: 1.2.11; libssh_version: NA; libidn_version: NA; host: aarch64-apple-darwin23.6.0; protocols: dict, file, ftp, ftps, gopher, gophers, http, https, imap, imaps, ldap, ldaps, mqtt, pop3, pop3s, rtsp, smb, smbs, smtp, smtps, telnet, tftp, ws, wss; ipv6: TRUE; http2: TRUE; idn: FALSE; url_parser: TRUE
[2025-11-06 21:09:14] [TRACE] [OmnipathR] Running on a build server, wiping cache.
[2025-11-06 21:09:14] [TRACE] [OmnipathR] Cache is at `/Users/biocbuild/Library/Caches/OmnipathR`.
[2025-11-06 21:09:14] [TRACE] [OmnipathR] Contains 1 files.
[2025-11-06 21:09:14] [TRACE] [OmnipathR] Cache is locked: FALSE.
[2025-11-06 21:09:14] [TRACE] [OmnipathR] Reading JSON from `/Users/biocbuild/Library/Caches/OmnipathR/cache.json` (encoding: UTF-8).
[2025-11-06 21:09:14] [TRACE] [OmnipathR] JSON validation successful: TRUE
[2025-11-06 21:09:14] [SUCCESS] [OmnipathR] Removing all cache contents from `/Users/biocbuild/Library/Caches/OmnipathR`.
[2025-11-06 21:09:14] [TRACE] [OmnipathR] Pandoc version: `3.1.12.3`.
[2025-11-06 21:09:14] [TRACE] [OmnipathR] Reading JSON from `/Library/Frameworks/R.framework/Versions/4.5-arm64/Resources/library/OmnipathR/db/db_def.json` (encoding: UTF-8).
[2025-11-06 21:09:14] [TRACE] [OmnipathR] JSON validation successful: TRUE
[2025-11-06 21:09:14] [TRACE] [OmnipathR] Reading JSON from `/Library/Frameworks/R.framework/Versions/4.5-arm64/Resources/library/OmnipathR/internal/magic_bytes.json` (encoding: UTF-8).
[2025-11-06 21:09:14] [TRACE] [OmnipathR] JSON validation successful: TRUE
[2025-11-06 21:09:14] [TRACE] [OmnipathR] Reading JSON from `/Library/Frameworks/R.framework/Versions/4.5-arm64/Resources/library/OmnipathR/internal/urls.json` (encoding: UTF-8).
[2025-11-06 21:09:14] [TRACE] [OmnipathR] JSON validation successful: TRUE
[2025-11-06 21:09:14] [TRACE] [OmnipathR] Reading JSON from `/Library/Frameworks/R.framework/Versions/4.5-arm64/Resources/library/OmnipathR/internal/id_types.json` (encoding: UTF-8).
[2025-11-06 21:09:14] [TRACE] [OmnipathR] JSON validation successful: TRUE
[2025-11-06 21:09:14] [TRACE] [OmnipathR] Cache locked: FALSE
It looks like this package (or a package it requires) has a startup
message which cannot be suppressed: see ?packageStartupMessage.
* checking dependencies in R code ... OK
* checking S3 generic/method consistency ... OK
* checking replacement functions ... OK
* checking foreign function calls ... OK
* checking R code for possible problems ... NOTE
[2025-11-06 21:09:22] [TRACE] [OmnipathR] Reading JSON from `/Users/biocbuild/Library/Caches/OmnipathR/cache.json` (encoding: UTF-8).
[2025-11-06 21:09:22] [TRACE] [OmnipathR] JSON validation successful: TRUE
[2025-11-06 21:09:22] [INFO] [OmnipathR] Initialized cache: `/Users/biocbuild/Library/Caches/OmnipathR`.
[2025-11-06 21:09:22] [INFO] [OmnipathR] Package `OmnipathR` packaged: NA
[2025-11-06 21:09:22] [INFO] [OmnipathR] Package `OmnipathR` date/publication: 2025-11-06
[2025-11-06 21:09:22] [INFO] [OmnipathR] Package `OmnipathR` built: R 4.5.1; ; 2025-11-06 20:05:12 UTC; unix
[2025-11-06 21:09:22] [INFO] [OmnipathR] Package `OmnipathR` version: 3.18.0
[2025-11-06 21:09:22] [INFO] [OmnipathR] Package `OmnipathR` repository: Bioconductor 3.22
[2025-11-06 21:09:22] [INFO] [OmnipathR] Session info: [version=R version 4.5.1 Patched (2025-09-10 r88807); os=macOS Ventura 13.7.7; system=aarch64, darwin20; ui=X11; language=(EN); collate=C; ctype=en_US.UTF-8; tz=America/New_York; date=2025-11-06; pandoc=3.1.12.3 @ /opt/homebrew/bin/ (via rmarkdown); quarto=1.7.32 @ /usr/local/bin/quarto]
[2025-11-06 21:09:22] [INFO] [OmnipathR] External libraries: [cairo=1.17.6; cairoFT=; pango=1.50.14; png=1.6.44; jpeg=9.5; tiff=LIBTIFF, Version 4.5.0; tcl=8.6.13; curl=8.7.1; zlib=1.2.11; bzlib=1.0.8, 13-Jul-2019; xz=5.6.3; deflate=1.23; PCRE=10.44 2024-06-07; ICU=70.2; TRE=TRE 0.8.0 R_fixes (BSD); iconv=Apple or GNU libiconv 1.11 /Library/Frameworks/R.framework/Versions/4.5-arm64/Resources/lib/libR.dylib; readline=5.2; BLAS=/Library/Frameworks/R.framework/Versions/4.5-arm64/Resources/lib/libRblas.0.dylib; lapack=/Library/Frameworks/R.framework/Versions/4.5-arm64/Resources/lib/libRlapack.dylib; lapack_version=3.12.1]
[2025-11-06 21:09:22] [INFO] [OmnipathR] Loaded packages: backports 1.5.0(2024-05-23); bit 4.6.0(2025-03-06); bit64 4.6.0-1(2025-01-16); blob 1.2.4(2023-03-17); cachem 1.1.0(2024-05-16); cellranger 1.1.0(2016-07-27); checkmate 2.3.3(2025-08-18); chromote 0.5.1(2025-04-24); cli 3.6.5(2025-04-23); crayon 1.5.3(2024-06-20); curl 7.0.0(2025-08-19); DBI 1.2.3(2024-06-02); digest 0.6.37(2024-08-19); dplyr 1.1.4(2023-11-17); evaluate 1.0.5(2025-08-27); fastmap 1.2.0(2024-05-15); fs 1.6.6(2025-04-12); generics 0.1.4(2025-05-09); glue 1.8.0(2024-09-30); hms 1.1.4(2025-10-17); htmltools 0.5.8.1(2024-04-04); httr 1.4.7(2023-08-15); httr2 1.2.1(2025-07-22); igraph 2.2.1(2025-10-27); jsonlite 2.0.0(2025-03-27); knitr 1.50(2025-03-16); later 1.4.4(2025-08-27); lifecycle 1.0.4(2023-11-07); logger 0.4.1(2025-09-11); lubridate 1.9.4(2024-12-08); magrittr 2.0.4(2025-09-12); memoise 2.0.1(2021-11-26); OmnipathR 3.18.0(2025-11-06); otel 0.2.0(2025-08-29); pillar 1.11.1(2025-09-17); pkgconfig 2.0.3(2019-09-22); prettyunits 1.2.0(2023-09-24); processx 3.8.6(2025-02-21); progress 1.2.3(2023-12-06); promises 1.5.0(2025-11-01); ps 1.9.1(2025-04-12); purrr 1.2.0(2025-11-04); R.methodsS3 1.8.2(2022-06-13); R.oo 1.27.1(2025-05-02); R.utils 2.13.0(2025-02-24); R6 2.6.1(2025-02-15); rappdirs 0.3.3(2021-01-31); Rcpp 1.1.0(2025-07-02); readr 2.1.5(2024-01-10); readxl 1.4.5(2025-03-07); rlang 1.1.6(2025-04-11); rmarkdown 2.30(2025-09-28); RSQLite 2.4.3(2025-08-20); rvest 1.0.5(2025-08-29); sessioninfo 1.2.3(2025-02-05); stringi 1.8.7(2025-03-27); stringr 1.6.0(2025-11-04); tibble 3.3.0(2025-06-08); tidyr 1.3.1(2024-01-24); tidyselect 1.2.1(2024-03-11); timechange 0.3.0(2024-01-18); tzdb 0.5.0(2025-03-15); vctrs 0.6.5(2023-12-01); websocket 1.4.4(2025-04-10); withr 3.0.2(2024-10-28); xfun 0.54(2025-10-30); XML 3.99-0.19(2025-08-22); xml2 1.4.1(2025-10-27); yaml 2.3.10(2024-07-26); zip 2.3.3(2025-05-13)
[2025-11-06 21:09:22] [INFO] [OmnipathR] CURL: version: 8.14.1; headers: 8.14.1; ssl_version: LibreSSL/3.3.6 (SecureTransport); libz_version: 1.2.11; libssh_version: NA; libidn_version: NA; host: aarch64-apple-darwin23.6.0; protocols: dict, file, ftp, ftps, gopher, gophers, http, https, imap, imaps, ldap, ldaps, mqtt, pop3, pop3s, rtsp, smb, smbs, smtp, smtps, telnet, tftp, ws, wss; ipv6: TRUE; http2: TRUE; idn: FALSE; url_parser: TRUE
[2025-11-06 21:09:22] [TRACE] [OmnipathR] Running on a build server, wiping cache.
[2025-11-06 21:09:22] [TRACE] [OmnipathR] Cache is at `/Users/biocbuild/Library/Caches/OmnipathR`.
[2025-11-06 21:09:22] [TRACE] [OmnipathR] Contains 1 files.
[2025-11-06 21:09:22] [TRACE] [OmnipathR] Cache is locked: FALSE.
[2025-11-06 21:09:22] [TRACE] [OmnipathR] Reading JSON from `/Users/biocbuild/Library/Caches/OmnipathR/cache.json` (encoding: UTF-8).
[2025-11-06 21:09:22] [TRACE] [OmnipathR] JSON validation successful: TRUE
[2025-11-06 21:09:22] [SUCCESS] [OmnipathR] Removing all cache contents from `/Users/biocbuild/Library/Caches/OmnipathR`.
[2025-11-06 21:09:22] [TRACE] [OmnipathR] Pandoc version: `3.1.12.3`.
[2025-11-06 21:09:22] [TRACE] [OmnipathR] Reading JSON from `/Library/Frameworks/R.framework/Versions/4.5-arm64/Resources/library/OmnipathR/db/db_def.json` (encoding: UTF-8).
[2025-11-06 21:09:22] [TRACE] [OmnipathR] JSON validation successful: TRUE
[2025-11-06 21:09:22] [TRACE] [OmnipathR] Reading JSON from `/Library/Frameworks/R.framework/Versions/4.5-arm64/Resources/library/OmnipathR/internal/magic_bytes.json` (encoding: UTF-8).
[2025-11-06 21:09:22] [TRACE] [OmnipathR] JSON validation successful: TRUE
[2025-11-06 21:09:22] [TRACE] [OmnipathR] Reading JSON from `/Library/Frameworks/R.framework/Versions/4.5-arm64/Resources/library/OmnipathR/internal/urls.json` (encoding: UTF-8).
[2025-11-06 21:09:22] [TRACE] [OmnipathR] JSON validation successful: TRUE
[2025-11-06 21:09:22] [TRACE] [OmnipathR] Reading JSON from `/Library/Frameworks/R.framework/Versions/4.5-arm64/Resources/library/OmnipathR/internal/id_types.json` (encoding: UTF-8).
[2025-11-06 21:09:22] [TRACE] [OmnipathR] JSON validation successful: TRUE
[2025-11-06 21:09:22] [TRACE] [OmnipathR] Cache locked: FALSE
.cosmos_pkn: no visible global function definition for
‘metabolite_idsc’
cosmos_ksn: no visible binding for global variable
‘substrate_genesymbol’
cosmos_ksn: no visible binding for global variable ‘residue_type’
cosmos_ksn: no visible binding for global variable ‘residue_offset’
cosmos_ksn: no visible binding for global variable ‘enzyme_genesymbol’
cosmos_ksn: no visible binding for global variable ‘mor’
recon3d_compartments: no visible global function definition for
‘.slow_dowtest’
recon3d_genes: no visible global function definition for
‘.slow_dowtest’
recon3d_genes: no visible binding for global variable ‘notes’
recon3d_genes: no visible binding for global variable ‘annotation’
recon3d_genes: no visible binding for global variable
‘original_bigg_ids’
recon3d_metabolites: no visible global function definition for
‘.slow_dowtest’
recon3d_metabolites: no visible binding for global variable ‘notes’
recon3d_metabolites: no visible binding for global variable
‘original_bigg_ids’
recon3d_metabolites: no visible binding for global variable
‘annotation’
recon3d_metabolites: no visible binding for global variable ‘hmdb’
recon3d_metabolites: no visible binding for global variable ‘metHMDBID’
recon3d_raw: no visible global function definition for ‘.slow_dowtest’
recon3d_raw_vmh: no visible global function definition for
‘.slow_dowtest’
recon3d_reactions: no visible global function definition for
‘.slow_dowtest’
recon3d_reactions: no visible binding for global variable ‘notes’
recon3d_reactions: no visible binding for global variable ‘metabolites’
recon3d_reactions: no visible binding for global variable
‘original_bigg_ids’
recon3d_table: no visible global function definition for
‘.slow_dowtest’
taxon_names_table: no visible binding for global variable
‘latin_name_uniprot’
taxon_names_table: no visible binding for global variable
‘latin_name_ensembl’
taxon_names_table: no visible binding for global variable
‘latin_name_oma’
taxon_names_table: no visible binding for global variable
‘common_name_ensembl’
taxon_names_table: no visible binding for global variable
‘common_name_uniprot’
Undefined global functions or variables:
.slow_dowtest annotation common_name_ensembl common_name_uniprot
enzyme_genesymbol hmdb latin_name_ensembl latin_name_oma
latin_name_uniprot metHMDBID metabolite_idsc metabolites mor notes
original_bigg_ids residue_offset residue_type substrate_genesymbol
* checking Rd files ... OK
* checking Rd metadata ... OK
* checking Rd cross-references ... OK
* checking for missing documentation entries ... OK
* checking for code/documentation mismatches ... OK
* checking Rd \usage sections ... OK
* checking Rd contents ... OK
* checking for unstated dependencies in examples ... OK
* checking R/sysdata.rda ... OK
* checking files in ‘vignettes’ ... OK
* checking examples ... ERROR
Running examples in ‘OmnipathR-Ex.R’ failed
The error most likely occurred in:
> base::assign(".ptime", proc.time(), pos = "CheckExEnv")
> ### Name: recon3d_metabolites
> ### Title: Metabolites from Recon-3D
> ### Aliases: recon3d_metabolites recon3d_reactions recon3d_genes
> ### recon3d_compartments
>
> ### ** Examples
>
> recon3d_metabolites()
Error in .slow_dowtest() : could not find function ".slow_dowtest"
Calls: recon3d_metabolites
Execution halted
Examples with CPU (user + system) or elapsed time > 5s
user system elapsed
annotation_categories 37.369 0.039 38.923
curated_ligrec_stats 13.622 1.792 77.749
omnipath-interactions 11.805 1.018 36.949
filter_extra_attrs 8.557 2.954 12.389
extra_attr_values 6.593 1.711 23.868
go_annot_download 7.538 0.618 11.731
all_uniprots 6.948 0.765 23.418
nichenet_gr_network_omnipath 5.895 0.584 8.749
extra_attrs_to_cols 5.103 0.742 6.221
giant_component 5.198 0.519 12.880
nichenet_signaling_network_omnipath 4.196 0.387 7.233
pivot_annotations 4.289 0.286 13.224
omnipath_for_cosmos 4.072 0.240 25.234
filter_by_resource 3.250 0.232 6.039
filter_intercell 2.988 0.209 8.024
curated_ligand_receptor_interactions 2.352 0.387 11.881
print_interactions 2.445 0.161 7.006
ensembl_id_mapping_table 1.566 0.130 22.368
enzsub_graph 1.507 0.167 5.032
kegg_conv 0.642 0.078 10.898
metalinksdb_sqlite 0.399 0.105 9.287
kinasephos 0.427 0.068 17.429
kegg_picture 0.471 0.018 5.251
kegg_link 0.294 0.036 5.415
* checking for unstated dependencies in ‘tests’ ... OK
* checking tests ...
Running ‘testthat.R’
OK
* checking for unstated dependencies in vignettes ... OK
* checking package vignettes ... OK
* checking running R code from vignettes ... SKIPPED
* checking re-building of vignette outputs ... SKIPPED
* checking PDF version of manual ... OK
* DONE
Status: 1 ERROR, 2 NOTEs
See
‘/Users/biocbuild/bbs-3.22-bioc/meat/OmnipathR.Rcheck/00check.log’
for details.
OmnipathR.Rcheck/00install.out
############################################################################## ############################################################################## ### ### Running command: ### ### /Library/Frameworks/R.framework/Resources/bin/R CMD INSTALL OmnipathR ### ############################################################################## ############################################################################## * installing to library ‘/Library/Frameworks/R.framework/Versions/4.5-arm64/Resources/library’ * installing *source* package ‘OmnipathR’ ... ** this is package ‘OmnipathR’ version ‘3.18.0’ ** using staged installation ** R ** inst ** byte-compile and prepare package for lazy loading ** help *** installing help indices *** copying figures ** building package indices ** installing vignettes ** testing if installed package can be loaded from temporary location [2025-11-06 15:05:16] [TRACE] [OmnipathR] Reading JSON from `/Users/biocbuild/Library/Caches/OmnipathR/cache.json` (encoding: UTF-8). [2025-11-06 15:05:16] [TRACE] [OmnipathR] JSON validation successful: TRUE [2025-11-06 15:05:16] [INFO] [OmnipathR] Initialized cache: `/Users/biocbuild/Library/Caches/OmnipathR`. [2025-11-06 15:05:16] [INFO] [OmnipathR] Package `OmnipathR` packaged: NA [2025-11-06 15:05:16] [INFO] [OmnipathR] Package `OmnipathR` date/publication: 2025-11-06 [2025-11-06 15:05:16] [INFO] [OmnipathR] Package `OmnipathR` built: R 4.5.1; ; 2025-11-06 20:05:12 UTC; unix [2025-11-06 15:05:16] [INFO] [OmnipathR] Package `OmnipathR` version: 3.18.0 [2025-11-06 15:05:16] [INFO] [OmnipathR] Package `OmnipathR` repository: Bioconductor 3.22 [2025-11-06 15:05:17] [INFO] [OmnipathR] Session info: [version=R version 4.5.1 Patched (2025-09-10 r88807); os=macOS Ventura 13.7.7; system=aarch64, darwin20; ui=X11; language=(EN); collate=C; ctype=en_US.UTF-8; tz=America/New_York; date=2025-11-06; pandoc=3.1.12.3 @ /opt/homebrew/bin/ (via rmarkdown); quarto=1.7.32 @ /usr/local/bin/quarto] [2025-11-06 15:05:17] [INFO] [OmnipathR] External libraries: [cairo=1.17.6; cairoFT=; pango=1.50.14; png=1.6.44; jpeg=9.5; tiff=LIBTIFF, Version 4.5.0; tcl=8.6.13; curl=8.7.1; zlib=1.2.11; bzlib=1.0.8, 13-Jul-2019; xz=5.6.3; deflate=1.23; PCRE=10.44 2024-06-07; ICU=70.2; TRE=TRE 0.8.0 R_fixes (BSD); iconv=Apple or GNU libiconv 1.11 /Library/Frameworks/R.framework/Versions/4.5-arm64/Resources/lib/libR.dylib; readline=5.2; BLAS=/Library/Frameworks/R.framework/Versions/4.5-arm64/Resources/lib/libRblas.0.dylib; lapack=/Library/Frameworks/R.framework/Versions/4.5-arm64/Resources/lib/libRlapack.dylib; lapack_version=3.12.1] [2025-11-06 15:05:17] [INFO] [OmnipathR] Loaded packages: backports 1.5.0(2024-05-23); bit 4.6.0(2025-03-06); bit64 4.6.0-1(2025-01-16); blob 1.2.4(2023-03-17); cachem 1.1.0(2024-05-16); cellranger 1.1.0(2016-07-27); checkmate 2.3.3(2025-08-18); chromote 0.5.1(2025-04-24); cli 3.6.5(2025-04-23); crayon 1.5.3(2024-06-20); curl 7.0.0(2025-08-19); DBI 1.2.3(2024-06-02); digest 0.6.37(2024-08-19); dplyr 1.1.4(2023-11-17); evaluate 1.0.5(2025-08-27); fastmap 1.2.0(2024-05-15); fs 1.6.6(2025-04-12); generics 0.1.4(2025-05-09); glue 1.8.0(2024-09-30); hms 1.1.4(2025-10-17); htmltools 0.5.8.1(2024-04-04); httr 1.4.7(2023-08-15); httr2 1.2.1(2025-07-22); igraph 2.2.1(2025-10-27); jsonlite 2.0.0(2025-03-27); knitr 1.50(2025-03-16); later 1.4.4(2025-08-27); lifecycle 1.0.4(2023-11-07); logger 0.4.1(2025-09-11); lubridate 1.9.4(2024-12-08); magrittr 2.0.4(2025-09-12); memoise 2.0.1(2021-11-26); OmnipathR 3.18.0(2025-11-06); otel 0.2.0(2025-08-29); pillar 1.11.1(2025-09-17); pkgconfig 2.0.3(2019-09-22); prettyunits 1.2.0(2023-09-24); processx 3.8.6(2025-02-21); progress 1.2.3(2023-12-06); promises 1.5.0(2025-11-01); ps 1.9.1(2025-04-12); purrr 1.2.0(2025-11-04); R.methodsS3 1.8.2(2022-06-13); R.oo 1.27.1(2025-05-02); R.utils 2.13.0(2025-02-24); R6 2.6.1(2025-02-15); rappdirs 0.3.3(2021-01-31); Rcpp 1.1.0(2025-07-02); readr 2.1.5(2024-01-10); readxl 1.4.5(2025-03-07); rlang 1.1.6(2025-04-11); rmarkdown 2.30(2025-09-28); RSQLite 2.4.3(2025-08-20); rvest 1.0.5(2025-08-29); sessioninfo 1.2.3(2025-02-05); stringi 1.8.7(2025-03-27); stringr 1.6.0(2025-11-04); tibble 3.3.0(2025-06-08); tidyr 1.3.1(2024-01-24); tidyselect 1.2.1(2024-03-11); timechange 0.3.0(2024-01-18); tzdb 0.5.0(2025-03-15); vctrs 0.6.5(2023-12-01); websocket 1.4.4(2025-04-10); withr 3.0.2(2024-10-28); xfun 0.54(2025-10-30); XML 3.99-0.19(2025-08-22); xml2 1.4.1(2025-10-27); yaml 2.3.10(2024-07-26); zip 2.3.3(2025-05-13) [2025-11-06 15:05:17] [INFO] [OmnipathR] CURL: version: 8.14.1; headers: 8.14.1; ssl_version: LibreSSL/3.3.6 (SecureTransport); libz_version: 1.2.11; libssh_version: NA; libidn_version: NA; host: aarch64-apple-darwin23.6.0; protocols: dict, file, ftp, ftps, gopher, gophers, http, https, imap, imaps, ldap, ldaps, mqtt, pop3, pop3s, rtsp, smb, smbs, smtp, smtps, telnet, tftp, ws, wss; ipv6: TRUE; http2: TRUE; idn: FALSE; url_parser: TRUE [2025-11-06 15:05:17] [TRACE] [OmnipathR] Running on a build server, wiping cache. [2025-11-06 15:05:17] [TRACE] [OmnipathR] Cache is at `/Users/biocbuild/Library/Caches/OmnipathR`. [2025-11-06 15:05:17] [TRACE] [OmnipathR] Contains 1 files. [2025-11-06 15:05:17] [TRACE] [OmnipathR] Cache is locked: FALSE. [2025-11-06 15:05:17] [TRACE] [OmnipathR] Reading JSON from `/Users/biocbuild/Library/Caches/OmnipathR/cache.json` (encoding: UTF-8). [2025-11-06 15:05:17] [TRACE] [OmnipathR] JSON validation successful: TRUE [2025-11-06 15:05:17] [SUCCESS] [OmnipathR] Removing all cache contents from `/Users/biocbuild/Library/Caches/OmnipathR`. [2025-11-06 15:05:17] [TRACE] [OmnipathR] Pandoc version: `3.1.12.3`. [2025-11-06 15:05:17] [TRACE] [OmnipathR] Reading JSON from `/Library/Frameworks/R.framework/Versions/4.5-arm64/Resources/library/00LOCK-OmnipathR/00new/OmnipathR/db/db_def.json` (encoding: UTF-8). [2025-11-06 15:05:17] [TRACE] [OmnipathR] JSON validation successful: TRUE [2025-11-06 15:05:17] [TRACE] [OmnipathR] Reading JSON from `/Library/Frameworks/R.framework/Versions/4.5-arm64/Resources/library/00LOCK-OmnipathR/00new/OmnipathR/internal/magic_bytes.json` (encoding: UTF-8). [2025-11-06 15:05:17] [TRACE] [OmnipathR] JSON validation successful: TRUE [2025-11-06 15:05:17] [TRACE] [OmnipathR] Reading JSON from `/Library/Frameworks/R.framework/Versions/4.5-arm64/Resources/library/00LOCK-OmnipathR/00new/OmnipathR/internal/urls.json` (encoding: UTF-8). [2025-11-06 15:05:17] [TRACE] [OmnipathR] JSON validation successful: TRUE [2025-11-06 15:05:17] [TRACE] [OmnipathR] Reading JSON from `/Library/Frameworks/R.framework/Versions/4.5-arm64/Resources/library/00LOCK-OmnipathR/00new/OmnipathR/internal/id_types.json` (encoding: UTF-8). [2025-11-06 15:05:17] [TRACE] [OmnipathR] JSON validation successful: TRUE [2025-11-06 15:05:17] [TRACE] [OmnipathR] Cache locked: FALSE ** testing if installed package can be loaded from final location [2025-11-06 15:05:18] [TRACE] [OmnipathR] Reading JSON from `/Users/biocbuild/Library/Caches/OmnipathR/cache.json` (encoding: UTF-8). [2025-11-06 15:05:18] [TRACE] [OmnipathR] JSON validation successful: TRUE [2025-11-06 15:05:18] [INFO] [OmnipathR] Initialized cache: `/Users/biocbuild/Library/Caches/OmnipathR`. [2025-11-06 15:05:18] [INFO] [OmnipathR] Package `OmnipathR` packaged: NA [2025-11-06 15:05:18] [INFO] [OmnipathR] Package `OmnipathR` date/publication: 2025-11-06 [2025-11-06 15:05:18] [INFO] [OmnipathR] Package `OmnipathR` built: R 4.5.1; ; 2025-11-06 20:05:12 UTC; unix [2025-11-06 15:05:18] [INFO] [OmnipathR] Package `OmnipathR` version: 3.18.0 [2025-11-06 15:05:18] [INFO] [OmnipathR] Package `OmnipathR` repository: Bioconductor 3.22 [2025-11-06 15:05:18] [INFO] [OmnipathR] Session info: [version=R version 4.5.1 Patched (2025-09-10 r88807); os=macOS Ventura 13.7.7; system=aarch64, darwin20; ui=X11; language=(EN); collate=C; ctype=en_US.UTF-8; tz=America/New_York; date=2025-11-06; pandoc=3.1.12.3 @ /opt/homebrew/bin/ (via rmarkdown); quarto=1.7.32 @ /usr/local/bin/quarto] [2025-11-06 15:05:18] [INFO] [OmnipathR] External libraries: [cairo=1.17.6; cairoFT=; pango=1.50.14; png=1.6.44; jpeg=9.5; tiff=LIBTIFF, Version 4.5.0; tcl=8.6.13; curl=8.7.1; zlib=1.2.11; bzlib=1.0.8, 13-Jul-2019; xz=5.6.3; deflate=1.23; PCRE=10.44 2024-06-07; ICU=70.2; TRE=TRE 0.8.0 R_fixes (BSD); iconv=Apple or GNU libiconv 1.11 /Library/Frameworks/R.framework/Versions/4.5-arm64/Resources/lib/libR.dylib; readline=5.2; BLAS=/Library/Frameworks/R.framework/Versions/4.5-arm64/Resources/lib/libRblas.0.dylib; lapack=/Library/Frameworks/R.framework/Versions/4.5-arm64/Resources/lib/libRlapack.dylib; lapack_version=3.12.1] [2025-11-06 15:05:18] [INFO] [OmnipathR] Loaded packages: backports 1.5.0(2024-05-23); bit 4.6.0(2025-03-06); bit64 4.6.0-1(2025-01-16); blob 1.2.4(2023-03-17); cachem 1.1.0(2024-05-16); cellranger 1.1.0(2016-07-27); checkmate 2.3.3(2025-08-18); chromote 0.5.1(2025-04-24); cli 3.6.5(2025-04-23); crayon 1.5.3(2024-06-20); curl 7.0.0(2025-08-19); DBI 1.2.3(2024-06-02); digest 0.6.37(2024-08-19); dplyr 1.1.4(2023-11-17); evaluate 1.0.5(2025-08-27); fastmap 1.2.0(2024-05-15); fs 1.6.6(2025-04-12); generics 0.1.4(2025-05-09); glue 1.8.0(2024-09-30); hms 1.1.4(2025-10-17); htmltools 0.5.8.1(2024-04-04); httr 1.4.7(2023-08-15); httr2 1.2.1(2025-07-22); igraph 2.2.1(2025-10-27); jsonlite 2.0.0(2025-03-27); knitr 1.50(2025-03-16); later 1.4.4(2025-08-27); lifecycle 1.0.4(2023-11-07); logger 0.4.1(2025-09-11); lubridate 1.9.4(2024-12-08); magrittr 2.0.4(2025-09-12); memoise 2.0.1(2021-11-26); OmnipathR 3.18.0(2025-11-06); otel 0.2.0(2025-08-29); pillar 1.11.1(2025-09-17); pkgconfig 2.0.3(2019-09-22); prettyunits 1.2.0(2023-09-24); processx 3.8.6(2025-02-21); progress 1.2.3(2023-12-06); promises 1.5.0(2025-11-01); ps 1.9.1(2025-04-12); purrr 1.2.0(2025-11-04); R.methodsS3 1.8.2(2022-06-13); R.oo 1.27.1(2025-05-02); R.utils 2.13.0(2025-02-24); R6 2.6.1(2025-02-15); rappdirs 0.3.3(2021-01-31); Rcpp 1.1.0(2025-07-02); readr 2.1.5(2024-01-10); readxl 1.4.5(2025-03-07); rlang 1.1.6(2025-04-11); rmarkdown 2.30(2025-09-28); RSQLite 2.4.3(2025-08-20); rvest 1.0.5(2025-08-29); sessioninfo 1.2.3(2025-02-05); stringi 1.8.7(2025-03-27); stringr 1.6.0(2025-11-04); tibble 3.3.0(2025-06-08); tidyr 1.3.1(2024-01-24); tidyselect 1.2.1(2024-03-11); timechange 0.3.0(2024-01-18); tzdb 0.5.0(2025-03-15); vctrs 0.6.5(2023-12-01); websocket 1.4.4(2025-04-10); withr 3.0.2(2024-10-28); xfun 0.54(2025-10-30); XML 3.99-0.19(2025-08-22); xml2 1.4.1(2025-10-27); yaml 2.3.10(2024-07-26); zip 2.3.3(2025-05-13) [2025-11-06 15:05:18] [INFO] [OmnipathR] CURL: version: 8.14.1; headers: 8.14.1; ssl_version: LibreSSL/3.3.6 (SecureTransport); libz_version: 1.2.11; libssh_version: NA; libidn_version: NA; host: aarch64-apple-darwin23.6.0; protocols: dict, file, ftp, ftps, gopher, gophers, http, https, imap, imaps, ldap, ldaps, mqtt, pop3, pop3s, rtsp, smb, smbs, smtp, smtps, telnet, tftp, ws, wss; ipv6: TRUE; http2: TRUE; idn: FALSE; url_parser: TRUE [2025-11-06 15:05:18] [TRACE] [OmnipathR] Running on a build server, wiping cache. [2025-11-06 15:05:18] [TRACE] [OmnipathR] Cache is at `/Users/biocbuild/Library/Caches/OmnipathR`. [2025-11-06 15:05:18] [TRACE] [OmnipathR] Contains 1 files. [2025-11-06 15:05:18] [TRACE] [OmnipathR] Cache is locked: FALSE. [2025-11-06 15:05:18] [TRACE] [OmnipathR] Reading JSON from `/Users/biocbuild/Library/Caches/OmnipathR/cache.json` (encoding: UTF-8). [2025-11-06 15:05:18] [TRACE] [OmnipathR] JSON validation successful: TRUE [2025-11-06 15:05:18] [SUCCESS] [OmnipathR] Removing all cache contents from `/Users/biocbuild/Library/Caches/OmnipathR`. [2025-11-06 15:05:18] [TRACE] [OmnipathR] Pandoc version: `3.1.12.3`. [2025-11-06 15:05:18] [TRACE] [OmnipathR] Reading JSON from `/Library/Frameworks/R.framework/Versions/4.5-arm64/Resources/library/OmnipathR/db/db_def.json` (encoding: UTF-8). [2025-11-06 15:05:18] [TRACE] [OmnipathR] JSON validation successful: TRUE [2025-11-06 15:05:18] [TRACE] [OmnipathR] Reading JSON from `/Library/Frameworks/R.framework/Versions/4.5-arm64/Resources/library/OmnipathR/internal/magic_bytes.json` (encoding: UTF-8). [2025-11-06 15:05:18] [TRACE] [OmnipathR] JSON validation successful: TRUE [2025-11-06 15:05:18] [TRACE] [OmnipathR] Reading JSON from `/Library/Frameworks/R.framework/Versions/4.5-arm64/Resources/library/OmnipathR/internal/urls.json` (encoding: UTF-8). [2025-11-06 15:05:18] [TRACE] [OmnipathR] JSON validation successful: TRUE [2025-11-06 15:05:18] [TRACE] [OmnipathR] Reading JSON from `/Library/Frameworks/R.framework/Versions/4.5-arm64/Resources/library/OmnipathR/internal/id_types.json` (encoding: UTF-8). [2025-11-06 15:05:18] [TRACE] [OmnipathR] JSON validation successful: TRUE [2025-11-06 15:05:18] [TRACE] [OmnipathR] Cache locked: FALSE ** testing if installed package keeps a record of temporary installation path * DONE (OmnipathR)
OmnipathR.Rcheck/tests/testthat.Rout
R version 4.5.1 Patched (2025-09-10 r88807) -- "Great Square Root"
Copyright (C) 2025 The R Foundation for Statistical Computing
Platform: aarch64-apple-darwin20
R is free software and comes with ABSOLUTELY NO WARRANTY.
You are welcome to redistribute it under certain conditions.
Type 'license()' or 'licence()' for distribution details.
R is a collaborative project with many contributors.
Type 'contributors()' for more information and
'citation()' on how to cite R or R packages in publications.
Type 'demo()' for some demos, 'help()' for on-line help, or
'help.start()' for an HTML browser interface to help.
Type 'q()' to quit R.
> #!/usr/bin/env Rscript
>
> #
> # This file is part of the `OmnipathR` R package
> #
> # Copyright
> # 2018-2024
> # Saez Lab, Uniklinik RWTH Aachen, Heidelberg University
> #
> # File author(s): Alberto Valdeolivas
> # Dénes Türei (turei.denes@gmail.com)
> # Attila Gábor
> #
> # Distributed under the MIT (Expat) License.
> # See accompanying file `LICENSE` or find a copy at
> # https://directory.fsf.org/wiki/License:Expat
> #
> # Website: https://r.omnipathdb.org/
> # Git repo: https://github.com/saezlab/OmnipathR
> #
>
>
> library(testthat)
> library(OmnipathR)
[2025-11-06 21:17:32] [TRACE] [OmnipathR] Reading JSON from `/Users/biocbuild/Library/Caches/OmnipathR/cache.json` (encoding: UTF-8).
[2025-11-06 21:17:32] [TRACE] [OmnipathR] JSON validation successful: TRUE
[2025-11-06 21:17:32] [INFO] [OmnipathR] Initialized cache: `/Users/biocbuild/Library/Caches/OmnipathR`.
[2025-11-06 21:17:32] [INFO] [OmnipathR] Package `OmnipathR` packaged: NA
[2025-11-06 21:17:32] [INFO] [OmnipathR] Package `OmnipathR` date/publication: 2025-11-06
[2025-11-06 21:17:32] [INFO] [OmnipathR] Package `OmnipathR` built: R 4.5.1; ; 2025-11-06 20:05:12 UTC; unix
[2025-11-06 21:17:32] [INFO] [OmnipathR] Package `OmnipathR` version: 3.18.0
[2025-11-06 21:17:32] [INFO] [OmnipathR] Package `OmnipathR` repository: Bioconductor 3.22
[2025-11-06 21:17:32] [INFO] [OmnipathR] Session info: [version=R version 4.5.1 Patched (2025-09-10 r88807); os=macOS Ventura 13.7.7; system=aarch64, darwin20; ui=X11; language=C; collate=C; ctype=en_US.UTF-8; tz=America/New_York; date=2025-11-06; pandoc=3.1.12.3 @ /opt/homebrew/bin/ (via rmarkdown); quarto=1.7.32 @ /usr/local/bin/quarto]
[2025-11-06 21:17:32] [INFO] [OmnipathR] External libraries: [cairo=1.17.6; cairoFT=; pango=1.50.14; png=1.6.44; jpeg=9.5; tiff=LIBTIFF, Version 4.5.0; tcl=8.6.13; curl=8.7.1; zlib=1.2.11; bzlib=1.0.8, 13-Jul-2019; xz=5.6.3; deflate=1.23; PCRE=10.44 2024-06-07; ICU=70.2; TRE=TRE 0.8.0 R_fixes (BSD); iconv=Apple or GNU libiconv 1.11 /Library/Frameworks/R.framework/Versions/4.5-arm64/Resources/lib/libR.dylib; readline=5.2; BLAS=/Library/Frameworks/R.framework/Versions/4.5-arm64/Resources/lib/libRblas.0.dylib; lapack=/Library/Frameworks/R.framework/Versions/4.5-arm64/Resources/lib/libRlapack.dylib; lapack_version=3.12.1]
[2025-11-06 21:17:32] [INFO] [OmnipathR] Loaded packages: backports 1.5.0(2024-05-23); bit 4.6.0(2025-03-06); bit64 4.6.0-1(2025-01-16); blob 1.2.4(2023-03-17); brio 1.1.5(2024-04-24); cachem 1.1.0(2024-05-16); cellranger 1.1.0(2016-07-27); checkmate 2.3.3(2025-08-18); chromote 0.5.1(2025-04-24); cli 3.6.5(2025-04-23); crayon 1.5.3(2024-06-20); curl 7.0.0(2025-08-19); DBI 1.2.3(2024-06-02); digest 0.6.37(2024-08-19); dplyr 1.1.4(2023-11-17); evaluate 1.0.5(2025-08-27); fastmap 1.2.0(2024-05-15); fs 1.6.6(2025-04-12); generics 0.1.4(2025-05-09); glue 1.8.0(2024-09-30); hms 1.1.4(2025-10-17); htmltools 0.5.8.1(2024-04-04); httr 1.4.7(2023-08-15); httr2 1.2.1(2025-07-22); igraph 2.2.1(2025-10-27); jsonlite 2.0.0(2025-03-27); knitr 1.50(2025-03-16); later 1.4.4(2025-08-27); lifecycle 1.0.4(2023-11-07); logger 0.4.1(2025-09-11); lubridate 1.9.4(2024-12-08); magrittr 2.0.4(2025-09-12); memoise 2.0.1(2021-11-26); OmnipathR 3.18.0(2025-11-06); otel 0.2.0(2025-08-29); pillar 1.11.1(2025-09-17); pkgconfig 2.0.3(2019-09-22); prettyunits 1.2.0(2023-09-24); processx 3.8.6(2025-02-21); progress 1.2.3(2023-12-06); promises 1.5.0(2025-11-01); ps 1.9.1(2025-04-12); purrr 1.2.0(2025-11-04); R.methodsS3 1.8.2(2022-06-13); R.oo 1.27.1(2025-05-02); R.utils 2.13.0(2025-02-24); R6 2.6.1(2025-02-15); rappdirs 0.3.3(2021-01-31); Rcpp 1.1.0(2025-07-02); readr 2.1.5(2024-01-10); readxl 1.4.5(2025-03-07); rlang 1.1.6(2025-04-11); rmarkdown 2.30(2025-09-28); RSQLite 2.4.3(2025-08-20); rvest 1.0.5(2025-08-29); sessioninfo 1.2.3(2025-02-05); stringi 1.8.7(2025-03-27); stringr 1.6.0(2025-11-04); testthat 3.2.3(2025-01-13); tibble 3.3.0(2025-06-08); tidyr 1.3.1(2024-01-24); tidyselect 1.2.1(2024-03-11); timechange 0.3.0(2024-01-18); tzdb 0.5.0(2025-03-15); vctrs 0.6.5(2023-12-01); websocket 1.4.4(2025-04-10); withr 3.0.2(2024-10-28); xfun 0.54(2025-10-30); XML 3.99-0.19(2025-08-22); xml2 1.4.1(2025-10-27); yaml 2.3.10(2024-07-26); zip 2.3.3(2025-05-13)
[2025-11-06 21:17:32] [INFO] [OmnipathR] CURL: version: 8.14.1; headers: 8.14.1; ssl_version: LibreSSL/3.3.6 (SecureTransport); libz_version: 1.2.11; libssh_version: NA; libidn_version: NA; host: aarch64-apple-darwin23.6.0; protocols: dict, file, ftp, ftps, gopher, gophers, http, https, imap, imaps, ldap, ldaps, mqtt, pop3, pop3s, rtsp, smb, smbs, smtp, smtps, telnet, tftp, ws, wss; ipv6: TRUE; http2: TRUE; idn: FALSE; url_parser: TRUE
[2025-11-06 21:17:32] [TRACE] [OmnipathR] Running on a build server, wiping cache.
[2025-11-06 21:17:32] [TRACE] [OmnipathR] Cache is at `/Users/biocbuild/Library/Caches/OmnipathR`.
[2025-11-06 21:17:32] [TRACE] [OmnipathR] Contains 11 files.
[2025-11-06 21:17:32] [TRACE] [OmnipathR] Cache is locked: FALSE.
[2025-11-06 21:17:32] [TRACE] [OmnipathR] Reading JSON from `/Users/biocbuild/Library/Caches/OmnipathR/cache.json` (encoding: UTF-8).
[2025-11-06 21:17:32] [TRACE] [OmnipathR] JSON validation successful: TRUE
[2025-11-06 21:17:32] [SUCCESS] [OmnipathR] Removing all cache contents from `/Users/biocbuild/Library/Caches/OmnipathR`.
[2025-11-06 21:17:32] [TRACE] [OmnipathR] Pandoc version: `3.1.12.3`.
[2025-11-06 21:17:32] [TRACE] [OmnipathR] Reading JSON from `/Library/Frameworks/R.framework/Versions/4.5-arm64/Resources/library/OmnipathR/db/db_def.json` (encoding: UTF-8).
[2025-11-06 21:17:32] [TRACE] [OmnipathR] JSON validation successful: TRUE
[2025-11-06 21:17:32] [TRACE] [OmnipathR] Reading JSON from `/Library/Frameworks/R.framework/Versions/4.5-arm64/Resources/library/OmnipathR/internal/magic_bytes.json` (encoding: UTF-8).
[2025-11-06 21:17:32] [TRACE] [OmnipathR] JSON validation successful: TRUE
[2025-11-06 21:17:32] [TRACE] [OmnipathR] Reading JSON from `/Library/Frameworks/R.framework/Versions/4.5-arm64/Resources/library/OmnipathR/internal/urls.json` (encoding: UTF-8).
[2025-11-06 21:17:32] [TRACE] [OmnipathR] JSON validation successful: TRUE
[2025-11-06 21:17:32] [TRACE] [OmnipathR] Reading JSON from `/Library/Frameworks/R.framework/Versions/4.5-arm64/Resources/library/OmnipathR/internal/id_types.json` (encoding: UTF-8).
[2025-11-06 21:17:32] [TRACE] [OmnipathR] JSON validation successful: TRUE
[2025-11-06 21:17:32] [TRACE] [OmnipathR] Cache locked: FALSE
>
> test_check('OmnipathR')
[ FAIL 0 | WARN 12 | SKIP 0 | PASS 38 ]
[ FAIL 0 | WARN 12 | SKIP 0 | PASS 38 ]
>
> proc.time()
user system elapsed
15.148 1.676 45.864
OmnipathR.Rcheck/OmnipathR-Ex.timings
| name | user | system | elapsed | |
| OmnipathR | 0 | 0 | 0 | |
| all_uniprot_acs | 0.005 | 0.000 | 0.005 | |
| all_uniprots | 6.948 | 0.765 | 23.418 | |
| ancestors | 0.003 | 0.001 | 0.003 | |
| annotated_network | 0.530 | 0.055 | 3.743 | |
| annotation_categories | 37.369 | 0.039 | 38.923 | |
| annotation_resources | 0.021 | 0.004 | 0.740 | |
| annotations | 0.224 | 0.016 | 0.989 | |
| biomart_query | 0.569 | 0.067 | 3.196 | |
| bioplex1 | 0.003 | 0.001 | 0.004 | |
| bioplex2 | 0.003 | 0.001 | 0.003 | |
| bioplex3 | 0.002 | 0.000 | 0.003 | |
| bioplex_all | 0.002 | 0.000 | 0.003 | |
| bioplex_hct116_1 | 0.002 | 0.001 | 0.003 | |
| bma_motif_es | 0.231 | 0.025 | 1.018 | |
| bma_motif_vs | 0.065 | 0.008 | 0.630 | |
| chalmers_gem | 0.003 | 0.000 | 0.002 | |
| chalmers_gem_id_mapping_table | 0.002 | 0.001 | 0.002 | |
| chalmers_gem_id_type | 0.000 | 0.000 | 0.001 | |
| chalmers_gem_metabolites | 0.002 | 0.001 | 0.003 | |
| chalmers_gem_network | 0.002 | 0.000 | 0.003 | |
| chalmers_gem_raw | 0.002 | 0.000 | 0.002 | |
| chalmers_gem_reactions | 0.003 | 0.001 | 0.003 | |
| common_name | 0.041 | 0.002 | 0.044 | |
| complex_genes | 0.285 | 0.026 | 2.074 | |
| complex_resources | 0.020 | 0.004 | 0.587 | |
| complexes | 0.065 | 0.008 | 0.670 | |
| consensuspathdb_download | 0 | 0 | 0 | |
| consensuspathdb_raw_table | 0.002 | 0.001 | 0.003 | |
| cosmos_pkn | 0 | 0 | 0 | |
| curated_ligand_receptor_interactions | 2.352 | 0.387 | 11.881 | |
| curated_ligrec_stats | 13.622 | 1.792 | 77.749 | |
| database_summary | 0.580 | 0.062 | 2.110 | |
| descendants | 0.003 | 0.001 | 0.003 | |
| ensembl_dataset | 0.021 | 0.001 | 0.022 | |
| ensembl_id_mapping_table | 1.566 | 0.130 | 22.368 | |
| ensembl_id_type | 0.001 | 0.000 | 0.000 | |
| ensembl_name | 0.233 | 0.007 | 0.239 | |
| ensembl_organisms | 0.038 | 0.007 | 0.044 | |
| ensembl_organisms_raw | 0.035 | 0.006 | 0.041 | |
| ensembl_orthology | 0 | 0 | 0 | |
| enzsub_graph | 1.507 | 0.167 | 5.032 | |
| enzsub_resources | 0.048 | 0.007 | 0.604 | |
| enzyme_substrate | 0.760 | 0.056 | 1.938 | |
| evex_download | 0.009 | 0.002 | 0.021 | |
| evidences | 0.000 | 0.000 | 0.001 | |
| extra_attr_values | 6.593 | 1.711 | 23.868 | |
| extra_attrs | 2.817 | 0.617 | 3.511 | |
| extra_attrs_to_cols | 5.103 | 0.742 | 6.221 | |
| filter_by_resource | 3.250 | 0.232 | 6.039 | |
| filter_extra_attrs | 8.557 | 2.954 | 12.389 | |
| filter_intercell | 2.988 | 0.209 | 8.024 | |
| filter_intercell_network | 0.005 | 0.001 | 0.007 | |
| find_all_paths | 2.356 | 0.145 | 2.509 | |
| from_evidences | 0 | 0 | 0 | |
| get_db | 0 | 0 | 0 | |
| get_ontology_db | 0.005 | 0.001 | 0.006 | |
| giant_component | 5.198 | 0.519 | 12.880 | |
| go_annot_download | 7.538 | 0.618 | 11.731 | |
| go_annot_slim | 0 | 0 | 0 | |
| go_ontology_download | 0.003 | 0.000 | 0.003 | |
| guide2pharma_download | 0.003 | 0.000 | 0.025 | |
| harmonizome_download | 0.003 | 0.000 | 0.009 | |
| has_extra_attrs | 2.721 | 0.923 | 4.057 | |
| hmdb_id_mapping_table | 0.002 | 0.001 | 0.003 | |
| hmdb_id_type | 0.001 | 0.000 | 0.001 | |
| hmdb_metabolite_fields | 0 | 0 | 0 | |
| hmdb_protein_fields | 0.000 | 0.001 | 0.001 | |
| hmdb_table | 0.002 | 0.000 | 0.003 | |
| homologene_download | 0.003 | 0.000 | 0.003 | |
| homologene_raw | 0.025 | 0.001 | 0.025 | |
| homologene_uniprot_orthology | 0.003 | 0.000 | 0.003 | |
| hpo_download | 1.230 | 0.129 | 2.088 | |
| htridb_download | 0.002 | 0.001 | 0.003 | |
| id_translation_resources | 0 | 0 | 0 | |
| id_types | 0.012 | 0.002 | 0.014 | |
| inbiomap_download | 0 | 0 | 0 | |
| inbiomap_raw | 0 | 0 | 0 | |
| interaction_datasets | 0.282 | 0.031 | 0.995 | |
| interaction_graph | 0.169 | 0.018 | 1.193 | |
| interaction_resources | 0.023 | 0.006 | 0.750 | |
| interaction_types | 0.027 | 0.003 | 0.060 | |
| intercell | 0.354 | 0.042 | 1.533 | |
| intercell_categories | 0.291 | 0.036 | 0.931 | |
| intercell_consensus_filter | 0.695 | 0.071 | 2.763 | |
| intercell_generic_categories | 0.051 | 0.006 | 0.060 | |
| intercell_network | 0.007 | 0.001 | 0.008 | |
| intercell_resources | 0.026 | 0.005 | 0.516 | |
| intercell_summary | 0.027 | 0.007 | 0.035 | |
| is_ontology_id | 0.001 | 0.000 | 0.001 | |
| is_swissprot | 0.039 | 0.006 | 0.046 | |
| is_trembl | 0.020 | 0.002 | 0.022 | |
| is_uniprot | 0.002 | 0.001 | 0.003 | |
| kegg_api_templates | 0.001 | 0.001 | 0.001 | |
| kegg_conv | 0.642 | 0.078 | 10.898 | |
| kegg_databases | 0 | 0 | 0 | |
| kegg_ddi | 0.249 | 0.023 | 1.588 | |
| kegg_find | 0.245 | 0.023 | 2.293 | |
| kegg_info | 0.003 | 0.000 | 0.003 | |
| kegg_link | 0.294 | 0.036 | 5.415 | |
| kegg_list | 0.242 | 0.027 | 1.259 | |
| kegg_open | 0.002 | 0.001 | 0.003 | |
| kegg_operations | 0 | 0 | 0 | |
| kegg_organism_codes | 0.007 | 0.018 | 0.024 | |
| kegg_organisms | 0.006 | 0.003 | 0.008 | |
| kegg_pathway_annotations | 0 | 0 | 0 | |
| kegg_pathway_download | 0.003 | 0.000 | 0.003 | |
| kegg_pathway_list | 0.002 | 0.000 | 0.003 | |
| kegg_pathways_download | 0 | 0 | 0 | |
| kegg_picture | 0.471 | 0.018 | 5.251 | |
| kegg_process | 0.004 | 0.001 | 0.006 | |
| kegg_query | 0.002 | 0.000 | 0.002 | |
| kegg_request | 0.020 | 0.003 | 0.023 | |
| kegg_rm_prefix | 0.300 | 0.032 | 4.872 | |
| kinasephos | 0.427 | 0.068 | 17.429 | |
| latin_name | 0.087 | 0.006 | 0.093 | |
| load_db | 0.023 | 0.007 | 0.029 | |
| metalinksdb_sqlite | 0.399 | 0.105 | 9.287 | |
| metalinksdb_table | 0.085 | 0.011 | 0.095 | |
| metalinksdb_tables | 0.006 | 0.002 | 0.006 | |
| ncbi_taxid | 0.085 | 0.004 | 0.090 | |
| nichenet_build_model | 0 | 0 | 0 | |
| nichenet_expression_data | 0.002 | 0.000 | 0.003 | |
| nichenet_gr_network | 0.007 | 0.001 | 0.008 | |
| nichenet_gr_network_evex | 0.002 | 0.001 | 0.003 | |
| nichenet_gr_network_harmonizome | 0.003 | 0.001 | 0.003 | |
| nichenet_gr_network_htridb | 0.002 | 0.000 | 0.003 | |
| nichenet_gr_network_omnipath | 5.895 | 0.584 | 8.749 | |
| nichenet_gr_network_pathwaycommons | 0.002 | 0.001 | 0.003 | |
| nichenet_gr_network_regnetwork | 0.002 | 0.000 | 0.002 | |
| nichenet_gr_network_remap | 0.002 | 0.001 | 0.003 | |
| nichenet_gr_network_trrust | 0.002 | 0.000 | 0.003 | |
| nichenet_ligand_activities | 0 | 0 | 0 | |
| nichenet_ligand_target_links | 0.000 | 0.001 | 0.000 | |
| nichenet_ligand_target_matrix | 0 | 0 | 0 | |
| nichenet_lr_network | 0.028 | 0.002 | 0.030 | |
| nichenet_lr_network_guide2pharma | 0.002 | 0.000 | 0.003 | |
| nichenet_lr_network_omnipath | 0.008 | 0.002 | 0.010 | |
| nichenet_lr_network_ramilowski | 0.002 | 0.001 | 0.002 | |
| nichenet_main | 0 | 0 | 0 | |
| nichenet_networks | 0.012 | 0.003 | 0.014 | |
| nichenet_optimization | 0 | 0 | 0 | |
| nichenet_remove_orphan_ligands | 0.007 | 0.002 | 0.009 | |
| nichenet_results_dir | 0 | 0 | 0 | |
| nichenet_signaling_network | 0.007 | 0.001 | 0.009 | |
| nichenet_signaling_network_cpdb | 0.002 | 0.000 | 0.003 | |
| nichenet_signaling_network_evex | 0.002 | 0.001 | 0.003 | |
| nichenet_signaling_network_harmonizome | 0.002 | 0.000 | 0.003 | |
| nichenet_signaling_network_inbiomap | 0.000 | 0.001 | 0.000 | |
| nichenet_signaling_network_omnipath | 4.196 | 0.387 | 7.233 | |
| nichenet_signaling_network_pathwaycommons | 0.002 | 0.001 | 0.004 | |
| nichenet_signaling_network_vinayagam | 0.003 | 0.000 | 0.002 | |
| nichenet_test | 0.000 | 0.000 | 0.001 | |
| nichenet_workarounds | 0 | 0 | 0 | |
| obo_parser | 0.025 | 0.006 | 0.107 | |
| oma_code | 0.071 | 0.003 | 0.074 | |
| oma_organisms | 0.022 | 0.007 | 0.028 | |
| oma_pairwise | 0.002 | 0.001 | 0.003 | |
| oma_pairwise_genesymbols | 0.003 | 0.000 | 0.002 | |
| oma_pairwise_translated | 0.002 | 0.000 | 0.003 | |
| omnipath-interactions | 11.805 | 1.018 | 36.949 | |
| omnipath_cache_autoclean | 0 | 0 | 0 | |
| omnipath_cache_clean | 0.002 | 0.001 | 0.003 | |
| omnipath_cache_clean_db | 0.029 | 0.005 | 0.034 | |
| omnipath_cache_download_ready | 0.163 | 0.051 | 0.242 | |
| omnipath_cache_filter_versions | 0.046 | 0.009 | 0.062 | |
| omnipath_cache_get | 0.020 | 0.006 | 0.026 | |
| omnipath_cache_key | 0.001 | 0.000 | 0.000 | |
| omnipath_cache_latest_or_new | 0.015 | 0.005 | 0.019 | |
| omnipath_cache_load | 0.199 | 0.021 | 2.774 | |
| omnipath_cache_move_in | 0.065 | 0.015 | 0.085 | |
| omnipath_cache_remove | 0.026 | 0.010 | 0.041 | |
| omnipath_cache_save | 0.041 | 0.011 | 0.062 | |
| omnipath_cache_search | 0.000 | 0.000 | 0.001 | |
| omnipath_cache_set_ext | 0.018 | 0.006 | 0.031 | |
| omnipath_cache_update_status | 0.019 | 0.004 | 0.023 | |
| omnipath_cache_wipe | 0 | 0 | 0 | |
| omnipath_config_path | 0 | 0 | 0 | |
| omnipath_for_cosmos | 4.072 | 0.240 | 25.234 | |
| omnipath_load_config | 0 | 0 | 0 | |
| omnipath_log | 0 | 0 | 0 | |
| omnipath_logfile | 0.000 | 0.000 | 0.001 | |
| omnipath_msg | 0.001 | 0.001 | 0.002 | |
| omnipath_query | 1.276 | 0.053 | 1.327 | |
| omnipath_reset_config | 0 | 0 | 0 | |
| omnipath_save_config | 0 | 0 | 0 | |
| omnipath_set_cachedir | 0.007 | 0.001 | 0.008 | |
| omnipath_set_console_loglevel | 0.001 | 0.000 | 0.002 | |
| omnipath_set_logfile_loglevel | 0.001 | 0.000 | 0.001 | |
| omnipath_set_loglevel | 0.001 | 0.000 | 0.001 | |
| omnipath_show_db | 0.016 | 0.004 | 0.031 | |
| omnipath_unlock_cache_db | 0 | 0 | 0 | |
| only_from | 0 | 0 | 0 | |
| ontology_ensure_id | 0 | 0 | 0 | |
| ontology_ensure_name | 0.000 | 0.000 | 0.001 | |
| ontology_name_id | 0 | 0 | 0 | |
| organism_for | 0.062 | 0.003 | 0.066 | |
| pathwaycommons_download | 0.000 | 0.000 | 0.001 | |
| pivot_annotations | 4.289 | 0.286 | 13.224 | |
| preppi_download | 0.001 | 0.001 | 0.000 | |
| preppi_filter | 0 | 0 | 0 | |
| print_bma_motif_es | 0.232 | 0.031 | 1.038 | |
| print_bma_motif_vs | 0.054 | 0.006 | 0.619 | |
| print_interactions | 2.445 | 0.161 | 7.006 | |
| print_path_es | 0.355 | 0.037 | 1.939 | |
| print_path_vs | 0.950 | 0.088 | 3.616 | |
| pubmed_open | 1.544 | 0.087 | 1.631 | |
| query_info | 0.197 | 0.011 | 0.418 | |
| ramilowski_download | 0 | 0 | 0 | |
| ramp_id_mapping_table | 0.000 | 0.001 | 0.000 | |
| ramp_id_type | 0.001 | 0.000 | 0.000 | |
| ramp_sqlite | 0 | 0 | 0 | |
| ramp_table | 0 | 0 | 0 | |
| ramp_tables | 0 | 0 | 0 | |