| Back to Multiple platform build/check report for BioC 3.21: simplified long |
|
This page was generated on 2025-10-16 11:39 -0400 (Thu, 16 Oct 2025).
| Hostname | OS | Arch (*) | R version | Installed pkgs |
|---|---|---|---|---|
| nebbiolo1 | Linux (Ubuntu 24.04.3 LTS) | x86_64 | 4.5.1 (2025-06-13) -- "Great Square Root" | 4833 |
| merida1 | macOS 12.7.6 Monterey | x86_64 | 4.5.1 RC (2025-06-05 r88288) -- "Great Square Root" | 4614 |
| kjohnson1 | macOS 13.7.5 Ventura | arm64 | 4.5.1 Patched (2025-06-14 r88325) -- "Great Square Root" | 4555 |
| kunpeng2 | Linux (openEuler 24.03 LTS) | aarch64 | R Under development (unstable) (2025-02-19 r87757) -- "Unsuffered Consequences" | 4586 |
| Click on any hostname to see more info about the system (e.g. compilers) (*) as reported by 'uname -p', except on Windows and Mac OS X | ||||
| Package 1402/2341 | Hostname | OS / Arch | INSTALL | BUILD | CHECK | BUILD BIN | ||||||||
| MultiRNAflow 1.6.0 (landing page) Rodolphe Loubaton
| nebbiolo1 | Linux (Ubuntu 24.04.3 LTS) / x86_64 | OK | ERROR | skipped | |||||||||
| merida1 | macOS 12.7.6 Monterey / x86_64 | OK | ERROR | skipped | skipped | |||||||||
| kjohnson1 | macOS 13.7.5 Ventura / arm64 | OK | ERROR | skipped | skipped | |||||||||
| kunpeng2 | Linux (openEuler 24.03 LTS) / aarch64 | OK | ERROR | skipped | ||||||||||
|
To the developers/maintainers of the MultiRNAflow package: - Allow up to 24 hours (and sometimes 48 hours) for your latest push to git@git.bioconductor.org:packages/MultiRNAflow.git to reflect on this report. See Troubleshooting Build Report for more information. - Use the following Renviron settings to reproduce errors and warnings. - If 'R CMD check' started to fail recently on the Linux builder(s) over a missing dependency, add the missing dependency to 'Suggests:' in your DESCRIPTION file. See Renviron.bioc for more information. |
| Package: MultiRNAflow |
| Version: 1.6.0 |
| Command: /Library/Frameworks/R.framework/Resources/bin/R CMD build --keep-empty-dirs --no-resave-data MultiRNAflow |
| StartedAt: 2025-10-13 21:00:29 -0400 (Mon, 13 Oct 2025) |
| EndedAt: 2025-10-13 21:15:34 -0400 (Mon, 13 Oct 2025) |
| EllapsedTime: 905.2 seconds |
| RetCode: 1 |
| Status: ERROR |
| PackageFile: None |
| PackageFileSize: NA |
##############################################################################
##############################################################################
###
### Running command:
###
### /Library/Frameworks/R.framework/Resources/bin/R CMD build --keep-empty-dirs --no-resave-data MultiRNAflow
###
##############################################################################
##############################################################################
* checking for file ‘MultiRNAflow/DESCRIPTION’ ... OK
* preparing ‘MultiRNAflow’:
* checking DESCRIPTION meta-information ... OK
* installing the package to build vignettes
* creating vignettes ... ERROR
--- re-building ‘Running_analysis_with_MultiRNAflow.Rmd’ using rmarkdown
2025-10-13 21:05:05.227 R[55230:2816027] XType: com.apple.fonts is not accessible.
2025-10-13 21:05:05.229 R[55230:2816027] XType: XTFontStaticRegistry is enabled.
--- finished re-building ‘Running_analysis_with_MultiRNAflow.Rmd’
--- re-building ‘MultiRNAflow_vignette-knitr.Rnw’ using knitr
Error: processing vignette 'MultiRNAflow_vignette-knitr.Rnw' failed with diagnostics:
Running 'texi2dvi' on 'MultiRNAflow_vignette-knitr.tex' failed.
LaTeX errors:
! Dimension too large.
\fb@put@frame ...p \ifdim \dimen@ >\ht \@tempboxa
\fb@putboxa #1\fb@afterfra...
l.3601 \end{kframe}
! Emergency stop.
\fb@put@frame ...p \ifdim \dimen@ >\ht \@tempboxa
\fb@putboxa #1\fb@afterfra...
l.3601 \end{kframe}
! ==> Fatal error occurred, no output PDF file produced!
--- failed re-building ‘MultiRNAflow_vignette-knitr.Rnw’
SUMMARY: processing the following file failed:
‘MultiRNAflow_vignette-knitr.Rnw’
Error: Vignette re-building failed.
Execution halted