| Back to Multiple platform build/check report for BioC 3.21: simplified long |
|
This page was generated on 2025-10-16 11:41 -0400 (Thu, 16 Oct 2025).
| Hostname | OS | Arch (*) | R version | Installed pkgs |
|---|---|---|---|---|
| nebbiolo1 | Linux (Ubuntu 24.04.3 LTS) | x86_64 | 4.5.1 (2025-06-13) -- "Great Square Root" | 4833 |
| merida1 | macOS 12.7.6 Monterey | x86_64 | 4.5.1 RC (2025-06-05 r88288) -- "Great Square Root" | 4614 |
| kjohnson1 | macOS 13.7.5 Ventura | arm64 | 4.5.1 Patched (2025-06-14 r88325) -- "Great Square Root" | 4555 |
| kunpeng2 | Linux (openEuler 24.03 LTS) | aarch64 | R Under development (unstable) (2025-02-19 r87757) -- "Unsuffered Consequences" | 4586 |
| Click on any hostname to see more info about the system (e.g. compilers) (*) as reported by 'uname -p', except on Windows and Mac OS X | ||||
| Package 1093/2341 | Hostname | OS / Arch | INSTALL | BUILD | CHECK | BUILD BIN | ||||||||
| IVAS 2.28.0 (landing page) Seonggyun Han
| nebbiolo1 | Linux (Ubuntu 24.04.3 LTS) / x86_64 | OK | OK | WARNINGS | |||||||||
| merida1 | macOS 12.7.6 Monterey / x86_64 | OK | OK | WARNINGS | OK | |||||||||
| kjohnson1 | macOS 13.7.5 Ventura / arm64 | OK | OK | WARNINGS | OK | |||||||||
| kunpeng2 | Linux (openEuler 24.03 LTS) / aarch64 | OK | OK | WARNINGS | ||||||||||
|
To the developers/maintainers of the IVAS package: - Allow up to 24 hours (and sometimes 48 hours) for your latest push to git@git.bioconductor.org:packages/IVAS.git to reflect on this report. See Troubleshooting Build Report for more information. - Use the following Renviron settings to reproduce errors and warnings. - If 'R CMD check' started to fail recently on the Linux builder(s) over a missing dependency, add the missing dependency to 'Suggests:' in your DESCRIPTION file. See Renviron.bioc for more information. - See Martin Grigorov's blog post for how to debug Linux ARM64 related issues on a x86_64 host. |
| Package: IVAS |
| Version: 2.28.0 |
| Command: /home/biocbuild/R/R/bin/R CMD check --install=check:IVAS.install-out.txt --library=/home/biocbuild/R/R/site-library --no-vignettes --timings IVAS_2.28.0.tar.gz |
| StartedAt: 2025-10-14 10:32:41 -0000 (Tue, 14 Oct 2025) |
| EndedAt: 2025-10-14 10:39:50 -0000 (Tue, 14 Oct 2025) |
| EllapsedTime: 428.4 seconds |
| RetCode: 0 |
| Status: WARNINGS |
| CheckDir: IVAS.Rcheck |
| Warnings: 1 |
##############################################################################
##############################################################################
###
### Running command:
###
### /home/biocbuild/R/R/bin/R CMD check --install=check:IVAS.install-out.txt --library=/home/biocbuild/R/R/site-library --no-vignettes --timings IVAS_2.28.0.tar.gz
###
##############################################################################
##############################################################################
* using log directory ‘/home/biocbuild/bbs-3.21-bioc/meat/IVAS.Rcheck’
* using R Under development (unstable) (2025-02-19 r87757)
* using platform: aarch64-unknown-linux-gnu
* R was compiled by
aarch64-unknown-linux-gnu-gcc (GCC) 14.2.0
GNU Fortran (GCC) 14.2.0
* running under: openEuler 24.03 (LTS-SP1)
* using session charset: UTF-8
* using option ‘--no-vignettes’
* checking for file ‘IVAS/DESCRIPTION’ ... OK
* checking extension type ... Package
* this is package ‘IVAS’ version ‘2.28.0’
* checking package namespace information ... OK
* checking package dependencies ... OK
* checking if this is a source package ... OK
* checking if there is a namespace ... OK
* checking for hidden files and directories ... OK
* checking for portable file names ... OK
* checking for sufficient/correct file permissions ... OK
* checking whether package ‘IVAS’ can be installed ... WARNING
Found the following significant warnings:
Note: next used in wrong context: no loop is visible
See ‘/home/biocbuild/bbs-3.21-bioc/meat/IVAS.Rcheck/00install.out’ for details.
Information on the location(s) of code generating the ‘Note’s can be
obtained by re-running with environment variable R_KEEP_PKG_SOURCE set
to ‘yes’.
* checking installed package size ... OK
* checking package directory ... OK
* checking ‘build’ directory ... OK
* checking DESCRIPTION meta-information ... OK
* checking top-level files ... OK
* checking for left-over files ... OK
* checking index information ... OK
* checking package subdirectories ... OK
* checking code files for non-ASCII characters ... OK
* checking R files for syntax errors ... OK
* checking whether the package can be loaded ... OK
* checking whether the package can be loaded with stated dependencies ... OK
* checking whether the package can be unloaded cleanly ... OK
* checking whether the namespace can be loaded with stated dependencies ... OK
* checking whether the namespace can be unloaded cleanly ... OK
* checking loading without being on the library search path ... OK
* checking dependencies in R code ... OK
* checking S3 generic/method consistency ... OK
* checking replacement functions ... OK
* checking foreign function calls ... OK
* checking R code for possible problems ... OK
* checking Rd files ... OK
* checking Rd metadata ... OK
* checking Rd cross-references ... NOTE
Found the following Rd file(s) with Rd \link{} targets missing package
anchors:
chrseparate.Rd: isActiveSeq
findAlternative.Rd: exonsBy, intronsByTranscript
Please provide package anchors for all Rd \link{} targets not in the
package itself and the base packages.
* checking for missing documentation entries ... OK
* checking for code/documentation mismatches ... OK
* checking Rd \usage sections ... OK
* checking Rd contents ... OK
* checking for unstated dependencies in examples ... OK
* checking contents of ‘data’ directory ... OK
* checking data for non-ASCII characters ... OK
* checking data for ASCII and uncompressed saves ... OK
* checking files in ‘vignettes’ ... OK
* checking examples ... OK
Examples with CPU (user + system) or elapsed time > 5s
user system elapsed
saveBplot 16.542 0.218 16.802
ASdb-class 15.640 0.530 16.214
sQTLsFinder 15.324 0.223 15.588
RatioFromFPKM 8.318 0.155 8.496
CalSigSNP 6.743 0.140 6.900
Splicingfinder 5.053 0.016 5.082
* checking for unstated dependencies in vignettes ... OK
* checking package vignettes ... OK
* checking running R code from vignettes ... SKIPPED
* checking re-building of vignette outputs ... SKIPPED
* checking PDF version of manual ... OK
* DONE
Status: 1 WARNING, 1 NOTE
See
‘/home/biocbuild/bbs-3.21-bioc/meat/IVAS.Rcheck/00check.log’
for details.
IVAS.Rcheck/00install.out
############################################################################## ############################################################################## ### ### Running command: ### ### /home/biocbuild/R/R/bin/R CMD INSTALL IVAS ### ############################################################################## ############################################################################## * installing to library ‘/home/biocbuild/R/R-devel_2025-02-19/site-library’ * installing *source* package ‘IVAS’ ... ** this is package ‘IVAS’ version ‘2.28.0’ ** using staged installation ** R ** data ** inst ** byte-compile and prepare package for lazy loading Note: next used in wrong context: no loop is visible ** help *** installing help indices ** building package indices ** installing vignettes ** testing if installed package can be loaded from temporary location ** testing if installed package can be loaded from final location ** testing if installed package keeps a record of temporary installation path * DONE (IVAS)
IVAS.Rcheck/IVAS-Ex.timings
| name | user | system | elapsed | |
| ASdb-class | 15.640 | 0.530 | 16.214 | |
| CalSigSNP | 6.743 | 0.140 | 6.900 | |
| RatioFromFPKM | 8.318 | 0.155 | 8.496 | |
| Splicingfinder | 5.053 | 0.016 | 5.082 | |
| chrseparate | 0.121 | 0.000 | 0.122 | |
| findAlternative | 0.729 | 0.004 | 0.736 | |
| findOversnp | 0.712 | 0.008 | 0.723 | |
| sQTLsFinder | 15.324 | 0.223 | 15.588 | |
| sampleexp | 0.003 | 0.000 | 0.003 | |
| samplesnp | 0.002 | 0.000 | 0.002 | |
| samplesnplocus | 0.001 | 0.000 | 0.001 | |
| saveBplot | 16.542 | 0.218 | 16.802 | |