| Back to Multiple platform build/check report for BioC 3.21: simplified long |
|
This page was generated on 2025-03-26 11:41 -0400 (Wed, 26 Mar 2025).
| Hostname | OS | Arch (*) | R version | Installed pkgs |
|---|---|---|---|---|
| nebbiolo1 | Linux (Ubuntu 24.04.1 LTS) | x86_64 | R Under development (unstable) (2025-03-13 r87965) -- "Unsuffered Consequences" | 4783 |
| palomino7 | Windows Server 2022 Datacenter | x64 | R Under development (unstable) (2025-03-01 r87860 ucrt) -- "Unsuffered Consequences" | 4552 |
| lconway | macOS 12.7.1 Monterey | x86_64 | R Under development (unstable) (2025-03-02 r87868) -- "Unsuffered Consequences" | 4581 |
| kjohnson3 | macOS 13.7.1 Ventura | arm64 | R Under development (unstable) (2025-03-02 r87868) -- "Unsuffered Consequences" | 4533 |
| kunpeng2 | Linux (openEuler 24.03 LTS) | aarch64 | R Under development (unstable) (2025-02-19 r87757) -- "Unsuffered Consequences" | 4463 |
| Click on any hostname to see more info about the system (e.g. compilers) (*) as reported by 'uname -p', except on Windows and Mac OS X | ||||
| Package 803/2315 | Hostname | OS / Arch | INSTALL | BUILD | CHECK | BUILD BIN | ||||||||
| GeneGeneInteR 1.33.0 (landing page) Mathieu Emily
| nebbiolo1 | Linux (Ubuntu 24.04.1 LTS) / x86_64 | OK | OK | ERROR | |||||||||
| palomino7 | Windows Server 2022 Datacenter / x64 | OK | OK | ERROR | OK | |||||||||
| lconway | macOS 12.7.1 Monterey / x86_64 | OK | OK | ERROR | OK | |||||||||
| kjohnson3 | macOS 13.7.1 Ventura / arm64 | OK | OK | ERROR | OK | |||||||||
| kunpeng2 | Linux (openEuler 24.03 LTS) / aarch64 | OK | OK | ERROR | ||||||||||
|
To the developers/maintainers of the GeneGeneInteR package: - Allow up to 24 hours (and sometimes 48 hours) for your latest push to git@git.bioconductor.org:packages/GeneGeneInteR.git to reflect on this report. See Troubleshooting Build Report for more information. - Use the following Renviron settings to reproduce errors and warnings. - If 'R CMD check' started to fail recently on the Linux builder(s) over a missing dependency, add the missing dependency to 'Suggests:' in your DESCRIPTION file. See Renviron.bioc for more information. |
| Package: GeneGeneInteR |
| Version: 1.33.0 |
| Command: /home/biocbuild/bbs-3.21-bioc/R/bin/R CMD check --install=check:GeneGeneInteR.install-out.txt --library=/home/biocbuild/bbs-3.21-bioc/R/site-library --timings GeneGeneInteR_1.33.0.tar.gz |
| StartedAt: 2025-03-25 22:36:02 -0400 (Tue, 25 Mar 2025) |
| EndedAt: 2025-03-25 22:38:41 -0400 (Tue, 25 Mar 2025) |
| EllapsedTime: 159.3 seconds |
| RetCode: 1 |
| Status: ERROR |
| CheckDir: GeneGeneInteR.Rcheck |
| Warnings: NA |
##############################################################################
##############################################################################
###
### Running command:
###
### /home/biocbuild/bbs-3.21-bioc/R/bin/R CMD check --install=check:GeneGeneInteR.install-out.txt --library=/home/biocbuild/bbs-3.21-bioc/R/site-library --timings GeneGeneInteR_1.33.0.tar.gz
###
##############################################################################
##############################################################################
* using log directory ‘/home/biocbuild/bbs-3.21-bioc/meat/GeneGeneInteR.Rcheck’
* using R Under development (unstable) (2025-03-13 r87965)
* using platform: x86_64-pc-linux-gnu
* R was compiled by
gcc (Ubuntu 13.3.0-6ubuntu2~24.04) 13.3.0
GNU Fortran (Ubuntu 13.3.0-6ubuntu2~24.04) 13.3.0
* running under: Ubuntu 24.04.2 LTS
* using session charset: UTF-8
* checking for file ‘GeneGeneInteR/DESCRIPTION’ ... OK
* checking extension type ... Package
* this is package ‘GeneGeneInteR’ version ‘1.33.0’
* checking package namespace information ... OK
* checking package dependencies ... OK
* checking if this is a source package ... OK
* checking if there is a namespace ... OK
* checking for hidden files and directories ... OK
* checking for portable file names ... OK
* checking for sufficient/correct file permissions ... OK
* checking whether package ‘GeneGeneInteR’ can be installed ... OK
* used C++ compiler: ‘g++ (Ubuntu 13.3.0-6ubuntu2~24.04) 13.3.0’
* checking installed package size ... OK
* checking package directory ... OK
* checking ‘build’ directory ... OK
* checking DESCRIPTION meta-information ... OK
* checking top-level files ... OK
* checking for left-over files ... OK
* checking index information ... OK
* checking package subdirectories ... OK
* checking code files for non-ASCII characters ... OK
* checking R files for syntax errors ... OK
* checking whether the package can be loaded ... OK
* checking whether the package can be loaded with stated dependencies ... OK
* checking whether the package can be unloaded cleanly ... OK
* checking whether the namespace can be loaded with stated dependencies ... OK
* checking whether the namespace can be unloaded cleanly ... OK
* checking loading without being on the library search path ... OK
* checking dependencies in R code ... OK
* checking S3 generic/method consistency ... OK
* checking replacement functions ... OK
* checking foreign function calls ... OK
* checking R code for possible problems ... NOTE
get_PLSR: no visible global function definition for ‘cor’
get_PLSR_NA: no visible global function definition for ‘cor’
get_boot_stats: no visible binding for global variable ‘sd’
get_boots: no visible global function definition for ‘cor’
get_num_scale: no visible global function definition for ‘na.omit’
get_path_scheme: no visible global function definition for ‘lm’
get_path_scheme: no visible global function definition for ‘cor’
get_paths: no visible global function definition for ‘lm’
get_scores: no visible global function definition for ‘cor’
get_treated_data: no visible binding for global variable ‘sd’
get_unidim: no visible binding for global variable ‘sd’
get_unidim: no visible global function definition for ‘princomp’
get_unidim: no visible global function definition for ‘cor’
get_weights: no visible binding for global variable ‘sd’
get_weights: no visible global function definition for ‘cor’
get_weights_nonmetric: no visible binding for global variable
‘normalize’
get_weights_nonmetric: no visible global function definition for ‘cor’
get_weights_nonmetric: no visible global function definition for ‘lm’
get_weights_nonmetric: no visible binding for global variable ‘sd’
plspm: no visible global function definition for ‘cor’
Undefined global functions or variables:
cor lm na.omit normalize princomp sd
Consider adding
importFrom("stats", "cor", "lm", "na.omit", "princomp", "sd")
to your NAMESPACE file.
* checking Rd files ... OK
* checking Rd metadata ... OK
* checking Rd cross-references ... NOTE
Package unavailable to check Rd xrefs: ‘plspm’
Unknown package ‘GGtools’ in Rd xrefs
* checking for missing documentation entries ... OK
* checking for code/documentation mismatches ... OK
* checking Rd \usage sections ... OK
* checking Rd contents ... OK
* checking for unstated dependencies in examples ... OK
* checking contents of ‘data’ directory ... OK
* checking data for non-ASCII characters ... OK
* checking LazyData ... OK
* checking data for ASCII and uncompressed saves ... OK
* checking line endings in C/C++/Fortran sources/headers ... OK
* checking compiled code ... NOTE
Note: information on .o files is not available
* checking files in ‘vignettes’ ... OK
* checking examples ... ERROR
Running examples in ‘GeneGeneInteR-Ex.R’ failed
The error most likely occurred in:
> base::assign(".ptime", proc.time(), pos = "CheckExEnv")
> ### Name: gates.test
> ### Title: Gene-based Gene-Gene Interaction analysis by combining SNP-SNP
> ### interaction tests
> ### Aliases: gates.test
>
> ### ** Examples
>
> data(gene.pair)
> ## Estimation of the interaction between a pair of gene by using the Keff method with alpha=0.05.
> gates.test(gene.pair$Y, gene.pair$G1, gene.pair$G2, me.est = "Keff",alpha=0.05)
*** caught segfault ***
address 0x1, cause 'memory not mapped'
Traceback:
1: snpStats::ld(G1, G1, stats = "R")
2: gates.test(gene.pair$Y, gene.pair$G1, gene.pair$G2, me.est = "Keff", alpha = 0.05)
An irrecoverable exception occurred. R is aborting now ...
Segmentation fault (core dumped)
* checking for unstated dependencies in vignettes ... OK
* checking package vignettes ... OK
* checking re-building of vignette outputs ... OK
* checking PDF version of manual ... OK
* DONE
Status: 1 ERROR, 3 NOTEs
See
‘/home/biocbuild/bbs-3.21-bioc/meat/GeneGeneInteR.Rcheck/00check.log’
for details.
GeneGeneInteR.Rcheck/00install.out
############################################################################## ############################################################################## ### ### Running command: ### ### /home/biocbuild/bbs-3.21-bioc/R/bin/R CMD INSTALL GeneGeneInteR ### ############################################################################## ############################################################################## * installing to library ‘/home/biocbuild/bbs-3.21-bioc/R/site-library’ * installing *source* package ‘GeneGeneInteR’ ... ** this is package ‘GeneGeneInteR’ version ‘1.33.0’ ** using staged installation ** libs using C++ compiler: ‘g++ (Ubuntu 13.3.0-6ubuntu2~24.04) 13.3.0’ g++ -std=gnu++17 -I"/home/biocbuild/bbs-3.21-bioc/R/include" -DNDEBUG -I/usr/local/include -fpic -g -O2 -Wall -Werror=format-security -c chclust.cpp -o chclust.o g++ -std=gnu++17 -shared -L/home/biocbuild/bbs-3.21-bioc/R/lib -L/usr/local/lib -o GeneGeneInteR.so chclust.o -L/home/biocbuild/bbs-3.21-bioc/R/lib -lR installing to /home/biocbuild/bbs-3.21-bioc/R/site-library/00LOCK-GeneGeneInteR/00new/GeneGeneInteR/libs ** R ** data *** moving datasets to lazyload DB ** inst ** byte-compile and prepare package for lazy loading ** help *** installing help indices ** building package indices ** installing vignettes ** testing if installed package can be loaded from temporary location ** checking absolute paths in shared objects and dynamic libraries ** testing if installed package can be loaded from final location ** testing if installed package keeps a record of temporary installation path * DONE (GeneGeneInteR)
GeneGeneInteR.Rcheck/GeneGeneInteR-Ex.timings
| name | user | system | elapsed | |
| CCA.test | 0.500 | 0.007 | 0.508 | |
| CLD.test | 0.909 | 0.002 | 0.909 | |
| GBIGM.test | 2.841 | 0.022 | 2.864 | |
| GGI | 0.848 | 0.006 | 0.855 | |
| KCCA.test | 0.001 | 0.000 | 0.001 | |
| PCA.test | 0.027 | 0.000 | 0.027 | |
| PLSPM.test | 1.883 | 0.001 | 1.885 | |