Back to Multiple platform build/check report for BioC 3.22:   simplified   long
ABCDEF[G]HIJKLMNOPQRSTUVWXYZ

This page was generated on 2025-11-07 12:00 -0500 (Fri, 07 Nov 2025).

HostnameOSArch (*)R versionInstalled pkgs
nebbiolo2Linux (Ubuntu 24.04.3 LTS)x86_644.5.1 Patched (2025-08-23 r88802) -- "Great Square Root" 4902
kjohnson3macOS 13.7.7 Venturaarm644.5.1 Patched (2025-09-10 r88807) -- "Great Square Root" 4638
Click on any hostname to see more info about the system (e.g. compilers)      (*) as reported by 'uname -p', except on Windows and Mac OS X

Package 940/2361HostnameOS / ArchINSTALLBUILDCHECKBUILD BIN
GSgalgoR 1.20.0  (landing page)
Carlos Catania
Snapshot Date: 2025-11-06 13:45 -0500 (Thu, 06 Nov 2025)
git_url: https://git.bioconductor.org/packages/GSgalgoR
git_branch: RELEASE_3_22
git_last_commit: fc892d4
git_last_commit_date: 2025-10-29 11:04:36 -0500 (Wed, 29 Oct 2025)
nebbiolo2Linux (Ubuntu 24.04.3 LTS) / x86_64  OK    OK    ERROR  
kjohnson3macOS 13.7.7 Ventura / arm64  OK    OK    OK    OK  UNNEEDED, same version is already published


CHECK results for GSgalgoR on nebbiolo2

To the developers/maintainers of the GSgalgoR package:
- Allow up to 24 hours (and sometimes 48 hours) for your latest push to git@git.bioconductor.org:packages/GSgalgoR.git to reflect on this report. See Troubleshooting Build Report for more information.
- Use the following Renviron settings to reproduce errors and warnings.
- If 'R CMD check' started to fail recently on the Linux builder(s) over a missing dependency, add the missing dependency to 'Suggests:' in your DESCRIPTION file. See Renviron.bioc for more information.

raw results


Summary

Package: GSgalgoR
Version: 1.20.0
Command: /home/biocbuild/bbs-3.22-bioc/R/bin/R CMD check --install=check:GSgalgoR.install-out.txt --library=/home/biocbuild/bbs-3.22-bioc/R/site-library --timings GSgalgoR_1.20.0.tar.gz
StartedAt: 2025-11-07 00:15:32 -0500 (Fri, 07 Nov 2025)
EndedAt: 2025-11-07 00:20:14 -0500 (Fri, 07 Nov 2025)
EllapsedTime: 282.5 seconds
RetCode: 1
Status:   ERROR  
CheckDir: GSgalgoR.Rcheck
Warnings: NA

Command output

##############################################################################
##############################################################################
###
### Running command:
###
###   /home/biocbuild/bbs-3.22-bioc/R/bin/R CMD check --install=check:GSgalgoR.install-out.txt --library=/home/biocbuild/bbs-3.22-bioc/R/site-library --timings GSgalgoR_1.20.0.tar.gz
###
##############################################################################
##############################################################################


* using log directory ‘/home/biocbuild/bbs-3.22-bioc/meat/GSgalgoR.Rcheck’
* using R version 4.5.1 Patched (2025-08-23 r88802)
* using platform: x86_64-pc-linux-gnu
* R was compiled by
    gcc (Ubuntu 13.3.0-6ubuntu2~24.04) 13.3.0
    GNU Fortran (Ubuntu 13.3.0-6ubuntu2~24.04) 13.3.0
* running under: Ubuntu 24.04.3 LTS
* using session charset: UTF-8
* checking for file ‘GSgalgoR/DESCRIPTION’ ... OK
* checking extension type ... Package
* this is package ‘GSgalgoR’ version ‘1.20.0’
* package encoding: UTF-8
* checking package namespace information ... OK
* checking package dependencies ... OK
* checking if this is a source package ... OK
* checking if there is a namespace ... OK
* checking for hidden files and directories ... OK
* checking for portable file names ... OK
* checking for sufficient/correct file permissions ... OK
* checking whether package ‘GSgalgoR’ can be installed ... OK
* checking installed package size ... OK
* checking package directory ... OK
* checking ‘build’ directory ... OK
* checking DESCRIPTION meta-information ... OK
* checking top-level files ... OK
* checking for left-over files ... OK
* checking index information ... OK
* checking package subdirectories ... OK
* checking code files for non-ASCII characters ... OK
* checking R files for syntax errors ... OK
* checking whether the package can be loaded ... OK
* checking whether the package can be loaded with stated dependencies ... OK
* checking whether the package can be unloaded cleanly ... OK
* checking whether the namespace can be loaded with stated dependencies ... OK
* checking whether the namespace can be unloaded cleanly ... OK
* checking loading without being on the library search path ... OK
* checking dependencies in R code ... OK
* checking S3 generic/method consistency ... OK
* checking replacement functions ... OK
* checking foreign function calls ... OK
* checking R code for possible problems ... OK
* checking Rd files ... OK
* checking Rd metadata ... OK
* checking Rd cross-references ... NOTE
Found the following Rd file(s) with Rd \link{} targets missing package
anchors:
  galgo.Rd: survival
  non_dominated_summary.Rd: survival
Please provide package anchors for all Rd \link{} targets not in the
package itself and the base packages.
* checking for missing documentation entries ... OK
* checking for code/documentation mismatches ... OK
* checking Rd \usage sections ... OK
* checking Rd contents ... OK
* checking for unstated dependencies in examples ... OK
* checking files in ‘vignettes’ ... OK
* checking examples ... OK
Examples with CPU (user + system) or elapsed time > 5s
                          user system elapsed
plot_pareto              4.007  0.168   7.638
callback_base_report     2.503  0.390   8.373
to_dataframe             2.796  0.078   6.734
to_list                  2.748  0.109   7.121
classify_multiple        2.340  0.164   8.175
create_centroids         2.450  0.037   6.360
non_dominated_summary    1.909  0.305   5.602
callback_default         1.946  0.204   7.867
galgo                    1.954  0.055   5.803
callback_base_return_pop 1.874  0.104   7.832
callback_no_report       1.801  0.157   7.779
* checking for unstated dependencies in ‘tests’ ... OK
* checking tests ...
  Running ‘testthat.R’
 OK
* checking for unstated dependencies in vignettes ... OK
* checking package vignettes ... OK
* checking re-building of vignette outputs ... ERROR
Error(s) in re-building vignettes:
--- re-building ‘GSgalgoR.rmd’ using rmarkdown
The magick package is required to crop "/home/biocbuild/bbs-3.22-bioc/meat/GSgalgoR.Rcheck/vign_test/GSgalgoR/vignettes/GSgalgoR_files/figure-html/plot_pareto-1.png" but not available.
The magick package is required to crop "/home/biocbuild/bbs-3.22-bioc/meat/GSgalgoR.Rcheck/vign_test/GSgalgoR/vignettes/GSgalgoR_files/figure-html/plot_pareto-2.png" but not available.
The magick package is required to crop "/home/biocbuild/bbs-3.22-bioc/meat/GSgalgoR.Rcheck/vign_test/GSgalgoR/vignettes/GSgalgoR_files/figure-html/pam50_surv_UPP-1.png" but not available.
The magick package is required to crop "/home/biocbuild/bbs-3.22-bioc/meat/GSgalgoR.Rcheck/vign_test/GSgalgoR/vignettes/GSgalgoR_files/figure-html/pam50_surv_TRANSBIG-1.png" but not available.
The magick package is required to crop "/home/biocbuild/bbs-3.22-bioc/meat/GSgalgoR.Rcheck/vign_test/GSgalgoR/vignettes/GSgalgoR_files/figure-html/pareto_2-1.png" but not available.
The magick package is required to crop "/home/biocbuild/bbs-3.22-bioc/meat/GSgalgoR.Rcheck/vign_test/GSgalgoR/vignettes/GSgalgoR_files/figure-html/pareto_2-2.png" but not available.
The magick package is required to crop "/home/biocbuild/bbs-3.22-bioc/meat/GSgalgoR.Rcheck/vign_test/GSgalgoR/vignettes/GSgalgoR_files/figure-html/galgo_train_surv-1.png" but not available.
The magick package is required to crop "/home/biocbuild/bbs-3.22-bioc/meat/GSgalgoR.Rcheck/vign_test/GSgalgoR/vignettes/GSgalgoR_files/figure-html/galgo_test_surv-1.png" but not available.
The magick package is required to crop "/home/biocbuild/bbs-3.22-bioc/meat/GSgalgoR.Rcheck/vign_test/GSgalgoR/vignettes/GSgalgoR_files/figure-html/test_pam50-1.png" but not available.
--- finished re-building ‘GSgalgoR.rmd’

--- re-building ‘GSgalgoR_callbacks.rmd’ using rmarkdown

Quitting from GSgalgoR_callbacks.rmd:237-252 [unnamed-chunk-11]
~~~~~~~~~~~~~~~~~~~~~~~~~~~~~~~~~~~~~~~~~~~~~~~~~~~~~~~~~~~~~~~~~~~~~~~~~~~~~~~~
<error/rlang_error>
Error in `sample.int()`:
! NA in probability vector
---
Backtrace:
    ▆
 1. └─GSgalgoR::galgo(...)
 2.   └─GSgalgoR:::offsprings(X1, chrom_length, population, TournamentSize)
 3.     └─GSgalgoR:::asymetric_mutation(off2)
 4.       └─base::sample(...)
 5.         └─base::sample.int(length(x), size, replace, prob)
~~~~~~~~~~~~~~~~~~~~~~~~~~~~~~~~~~~~~~~~~~~~~~~~~~~~~~~~~~~~~~~~~~~~~~~~~~~~~~~~

Error: processing vignette 'GSgalgoR_callbacks.rmd' failed with diagnostics:
NA in probability vector
--- failed re-building ‘GSgalgoR_callbacks.rmd’

SUMMARY: processing the following file failed:
  ‘GSgalgoR_callbacks.rmd’

Error: Vignette re-building failed.
Execution halted

* checking PDF version of manual ... OK
* DONE

Status: 1 ERROR, 1 NOTE
See
  ‘/home/biocbuild/bbs-3.22-bioc/meat/GSgalgoR.Rcheck/00check.log’
for details.


Installation output

GSgalgoR.Rcheck/00install.out

##############################################################################
##############################################################################
###
### Running command:
###
###   /home/biocbuild/bbs-3.22-bioc/R/bin/R CMD INSTALL GSgalgoR
###
##############################################################################
##############################################################################


* installing to library ‘/home/biocbuild/bbs-3.22-bioc/R/site-library’
* installing *source* package ‘GSgalgoR’ ...
** this is package ‘GSgalgoR’ version ‘1.20.0’
** using staged installation
** R
** inst
** byte-compile and prepare package for lazy loading
** help
*** installing help indices
** building package indices
** installing vignettes
** testing if installed package can be loaded from temporary location
** testing if installed package can be loaded from final location
** testing if installed package keeps a record of temporary installation path
* DONE (GSgalgoR)

Tests output

GSgalgoR.Rcheck/tests/testthat.Rout


R version 4.5.1 Patched (2025-08-23 r88802) -- "Great Square Root"
Copyright (C) 2025 The R Foundation for Statistical Computing
Platform: x86_64-pc-linux-gnu

R is free software and comes with ABSOLUTELY NO WARRANTY.
You are welcome to redistribute it under certain conditions.
Type 'license()' or 'licence()' for distribution details.

R is a collaborative project with many contributors.
Type 'contributors()' for more information and
'citation()' on how to cite R or R packages in publications.

Type 'demo()' for some demos, 'help()' for on-line help, or
'help.start()' for an HTML browser interface to help.
Type 'q()' to quit R.

> library(testthat)
> library(GSgalgoR)
> 
> test_check("GSgalgoR")
..........         k                      rnkIndex   CrowD
result.1 8 0.02212350 201.10126        1     Inf
result.3 9 0.02402496 160.41638        1 1.37352
result.4 8 0.03651880  48.37265        1     Inf
         k                      rnkIndex    CrowD
result.1 8 0.02212350 201.10126        1      Inf
result.3 2 0.11803624  30.01863        1      Inf
result.4 4 0.04509859 173.43985        1 1.798893
......[ FAIL 0 | WARN 0 | SKIP 0 | PASS 13 ]
> 
> proc.time()
   user  system elapsed 
 19.081   2.658  86.648 

Example timings

GSgalgoR.Rcheck/GSgalgoR-Ex.timings

nameusersystemelapsed
calculate_distance2.3170.0752.393
callback_base_report2.5030.3908.373
callback_base_return_pop1.8740.1047.832
callback_default1.9460.2047.867
callback_no_report1.8010.1577.779
classify_multiple2.3400.1648.175
cluster_algorithm1.2230.0361.258
cluster_classify0.5540.0020.556
cosine_similarity000
create_centroids2.4500.0376.360
galgo1.9540.0555.803
k_centroids1.2290.0271.255
non_dominated_summary1.9090.3055.602
plot_pareto4.0070.1687.638
surv_fitness0.6700.0390.709
to_dataframe2.7960.0786.734
to_list2.7480.1097.121