| Back to Multiple platform build/check report for BioC 3.22: simplified long |
|
This page was generated on 2025-10-24 12:07 -0400 (Fri, 24 Oct 2025).
| Hostname | OS | Arch (*) | R version | Installed pkgs |
|---|---|---|---|---|
| nebbiolo2 | Linux (Ubuntu 24.04.3 LTS) | x86_64 | 4.5.1 Patched (2025-08-23 r88802) -- "Great Square Root" | 4898 |
| lconway | macOS 12.7.6 Monterey | x86_64 | 4.5.1 Patched (2025-09-10 r88807) -- "Great Square Root" | 4688 |
| kjohnson3 | macOS 13.7.7 Ventura | arm64 | 4.5.1 Patched (2025-09-10 r88807) -- "Great Square Root" | 4634 |
| taishan | Linux (openEuler 24.03 LTS) | aarch64 | 4.5.0 (2025-04-11) -- "How About a Twenty-Six" | 4658 |
| Click on any hostname to see more info about the system (e.g. compilers) (*) as reported by 'uname -p', except on Windows and Mac OS X | ||||
| Package 192/2359 | Hostname | OS / Arch | INSTALL | BUILD | CHECK | BUILD BIN | ||||||||
| BiocHail 1.9.4 (landing page) Vincent Carey
| nebbiolo2 | Linux (Ubuntu 24.04.3 LTS) / x86_64 | OK | OK | OK | |||||||||
| lconway | macOS 12.7.6 Monterey / x86_64 | ... NOT SUPPORTED ... | ||||||||||||
| kjohnson3 | macOS 13.7.7 Ventura / arm64 | ... NOT SUPPORTED ... | ||||||||||||
| taishan | Linux (openEuler 24.03 LTS) / aarch64 | OK | OK | TIMEOUT | ||||||||||
|
To the developers/maintainers of the BiocHail package: - Allow up to 24 hours (and sometimes 48 hours) for your latest push to git@git.bioconductor.org:packages/BiocHail.git to reflect on this report. See Troubleshooting Build Report for more information. - Use the following Renviron settings to reproduce errors and warnings. - If 'R CMD check' started to fail recently on the Linux builder(s) over a missing dependency, add the missing dependency to 'Suggests:' in your DESCRIPTION file. See Renviron.bioc for more information. - See Martin Grigorov's blog post for how to debug Linux ARM64 related issues on a x86_64 host. |
| Package: BiocHail |
| Version: 1.9.4 |
| Command: /home/biocbuild/R/R/bin/R CMD check --install=check:BiocHail.install-out.txt --library=/home/biocbuild/R/R/site-library --no-vignettes --timings BiocHail_1.9.4.tar.gz |
| StartedAt: 2025-10-21 04:56:33 -0000 (Tue, 21 Oct 2025) |
| EndedAt: 2025-10-21 06:02:20 -0000 (Tue, 21 Oct 2025) |
| EllapsedTime: 3947.4 seconds |
| RetCode: None |
| Status: TIMEOUT |
| CheckDir: BiocHail.Rcheck |
| Warnings: NA |
##############################################################################
##############################################################################
###
### Running command:
###
### /home/biocbuild/R/R/bin/R CMD check --install=check:BiocHail.install-out.txt --library=/home/biocbuild/R/R/site-library --no-vignettes --timings BiocHail_1.9.4.tar.gz
###
##############################################################################
##############################################################################
* using log directory ‘/home/biocbuild/bbs-3.22-bioc/meat/BiocHail.Rcheck’
* using R version 4.5.0 (2025-04-11)
* using platform: aarch64-unknown-linux-gnu
* R was compiled by
aarch64-unknown-linux-gnu-gcc (GCC) 14.2.0
GNU Fortran (GCC) 14.2.0
* running under: openEuler 24.03 (LTS)
* using session charset: UTF-8
* using option ‘--no-vignettes’
* checking for file ‘BiocHail/DESCRIPTION’ ... OK
* this is package ‘BiocHail’ version ‘1.9.4’
* package encoding: UTF-8
* checking package namespace information ... OK
* checking package dependencies ... OK
* checking if this is a source package ... OK
* checking if there is a namespace ... OK
* checking for hidden files and directories ... NOTE
Found the following hidden files and directories:
.BBSoptions
These were most likely included in error. See section ‘Package
structure’ in the ‘Writing R Extensions’ manual.
* checking for portable file names ... OK
* checking for sufficient/correct file permissions ... OK
* checking whether package ‘BiocHail’ can be installed ... OK
* checking installed package size ... OK
* checking package directory ... OK
* checking ‘build’ directory ... OK
* checking DESCRIPTION meta-information ... OK
* checking top-level files ... OK
* checking for left-over files ... OK
* checking index information ... OK
* checking package subdirectories ... OK
* checking code files for non-ASCII characters ... OK
* checking R files for syntax errors ... OK
* checking whether the package can be loaded ... OK
* checking whether the package can be loaded with stated dependencies ... OK
* checking whether the package can be unloaded cleanly ... OK
* checking whether the namespace can be loaded with stated dependencies ... OK
* checking whether the namespace can be unloaded cleanly ... OK
* checking loading without being on the library search path ... OK
* checking dependencies in R code ... OK
* checking S3 generic/method consistency ... OK
* checking replacement functions ... OK
* checking foreign function calls ... OK
* checking R code for possible problems ... OK
* checking Rd files ... OK
* checking Rd metadata ... OK
* checking Rd cross-references ... OK
* checking for missing documentation entries ... OK
* checking for code/documentation mismatches ... OK
* checking Rd \usage sections ... OK
* checking Rd contents ... OK
* checking for unstated dependencies in examples ... OK
* checking contents of ‘data’ directory ... OK
* checking data for non-ASCII characters ... OK
* checking data for ASCII and uncompressed saves ... OK
* checking files in ‘vignettes’ ... OK
* checking examples ... ERROR
Running examples in ‘BiocHail-Ex.R’ failed
The error most likely occurred in:
> base::assign(".ptime", proc.time(), pos = "CheckExEnv")
> ### Name: get_ukbb_sumstat_10kloci_mt
> ### Title: interface to a small subset of UKBB summary stats in MatrixTable
> ### format
> ### Aliases: get_ukbb_sumstat_10kloci_mt
>
> ### ** Examples
>
> hl <- hail_init()
> ss <- get_ukbb_sumstat_10kloci_mt(hl)
Warning: download failed
web resource path: ‘https://bir190004-bucket01.mghp.osn.xsede.org/BiocUKBBData/ukbb_sumst_10kloc.zip’
local file path: ‘/home/biocbuild/.cache/R/BiocFileCache/19019b4d5468af_ukbb_sumst_10kloc.zip’
reason: Failed to perform HTTP request.
Caused by error in `curl::curl_fetch_disk()`:
! Transferred a partial file [bir190004-bucket01.mghp.osn.xsede.org]:
end of response with 4881071358 bytes missing
Warning: bfcadd() failed; resource removed
rid: BFC4324
fpath: ‘https://bir190004-bucket01.mghp.osn.xsede.org/BiocUKBBData/ukbb_sumst_10kloc.zip’
reason: download failed
Error in .util_download(x, rid[i], proxy, progress, config, "bfcadd()", :
bfcadd() failed; see warnings()
Error in fun(...) :
no ukbb_sumst in cache and cannot populate with download, try another method.
Calls: get_ukbb_sumstat_10kloci_mt -> <Anonymous> -> fun
Execution halted
Examples with CPU (user + system) or elapsed time > 5s
user system elapsed
as.data.frame 7.615 0.928 32.462
filter 0.179 0.013 5.159
* checking for unstated dependencies in ‘tests’ ... OK
* checking tests ...
Running ‘test.R’
BiocHail.Rcheck/00install.out
############################################################################## ############################################################################## ### ### Running command: ### ### /home/biocbuild/R/R/bin/R CMD INSTALL BiocHail ### ############################################################################## ############################################################################## * installing to library ‘/home/biocbuild/R/R-4.5.0/site-library’ * installing *source* package ‘BiocHail’ ... ** this is package ‘BiocHail’ version ‘1.9.4’ ** using staged installation ** R ** data ** inst ** byte-compile and prepare package for lazy loading ** help *** installing help indices ** building package indices ** installing vignettes ** testing if installed package can be loaded from temporary location ** testing if installed package can be loaded from final location ** testing if installed package keeps a record of temporary installation path * DONE (BiocHail)
BiocHail.Rcheck/tests/test.Rout
R version 4.5.0 (2025-04-11) -- "How About a Twenty-Six" Copyright (C) 2025 The R Foundation for Statistical Computing Platform: aarch64-unknown-linux-gnu R is free software and comes with ABSOLUTELY NO WARRANTY. You are welcome to redistribute it under certain conditions. Type 'license()' or 'licence()' for distribution details. R is a collaborative project with many contributors. Type 'contributors()' for more information and 'citation()' on how to cite R or R packages in publications. Type 'demo()' for some demos, 'help()' for on-line help, or 'help.start()' for an HTML browser interface to help. Type 'q()' to quit R. > library(testthat) > library(BiocHail)
BiocHail.Rcheck/BiocHail-Ex.timings
| name | user | system | elapsed | |
| as.data.frame | 7.615 | 0.928 | 32.462 | |
| as.data.frame.default | 0.098 | 0.016 | 3.470 | |
| as.data.frame.hail.table.Table | 0.098 | 0.012 | 3.036 | |
| bare_hail | 0.001 | 0.000 | 0.001 | |
| colnames-hail.table.Table-method | 0.083 | 0.000 | 1.928 | |
| filter | 0.179 | 0.013 | 5.159 | |
| filter.hail.table.Table | 0.164 | 0.013 | 4.322 | |
| get_1kg | 0.851 | 0.076 | 4.206 | |
| get_key | 0.086 | 0.015 | 1.514 | |
| get_key.hail.table.Table | 0.099 | 0.005 | 1.444 | |