| Back to Multiple platform build/check report for BioC 3.22: simplified long |
|
This page was generated on 2025-11-07 12:00 -0500 (Fri, 07 Nov 2025).
| Hostname | OS | Arch (*) | R version | Installed pkgs |
|---|---|---|---|---|
| nebbiolo2 | Linux (Ubuntu 24.04.3 LTS) | x86_64 | 4.5.1 Patched (2025-08-23 r88802) -- "Great Square Root" | 4902 |
| kjohnson3 | macOS 13.7.7 Ventura | arm64 | 4.5.1 Patched (2025-09-10 r88807) -- "Great Square Root" | 4638 |
| Click on any hostname to see more info about the system (e.g. compilers) (*) as reported by 'uname -p', except on Windows and Mac OS X | ||||
| Package 170/2361 | Hostname | OS / Arch | INSTALL | BUILD | CHECK | BUILD BIN | ||||||||
| BgeeCall 1.26.0 (landing page) Julien Wollbrett
| nebbiolo2 | Linux (Ubuntu 24.04.3 LTS) / x86_64 | OK | OK | OK | |||||||||
| kjohnson3 | macOS 13.7.7 Ventura / arm64 | OK | OK | ERROR | OK | |||||||||
|
To the developers/maintainers of the BgeeCall package: - Allow up to 24 hours (and sometimes 48 hours) for your latest push to git@git.bioconductor.org:packages/BgeeCall.git to reflect on this report. See Troubleshooting Build Report for more information. - Use the following Renviron settings to reproduce errors and warnings. - If 'R CMD check' started to fail recently on the Linux builder(s) over a missing dependency, add the missing dependency to 'Suggests:' in your DESCRIPTION file. See Renviron.bioc for more information. |
| Package: BgeeCall |
| Version: 1.26.0 |
| Command: /Library/Frameworks/R.framework/Resources/bin/R CMD check --install=check:BgeeCall.install-out.txt --library=/Library/Frameworks/R.framework/Resources/library --no-vignettes --timings BgeeCall_1.26.0.tar.gz |
| StartedAt: 2025-11-06 18:38:24 -0500 (Thu, 06 Nov 2025) |
| EndedAt: 2025-11-06 18:41:46 -0500 (Thu, 06 Nov 2025) |
| EllapsedTime: 201.3 seconds |
| RetCode: 1 |
| Status: ERROR |
| CheckDir: BgeeCall.Rcheck |
| Warnings: NA |
##############################################################################
##############################################################################
###
### Running command:
###
### /Library/Frameworks/R.framework/Resources/bin/R CMD check --install=check:BgeeCall.install-out.txt --library=/Library/Frameworks/R.framework/Resources/library --no-vignettes --timings BgeeCall_1.26.0.tar.gz
###
##############################################################################
##############################################################################
* using log directory ‘/Users/biocbuild/bbs-3.22-bioc/meat/BgeeCall.Rcheck’
* using R version 4.5.1 Patched (2025-09-10 r88807)
* using platform: aarch64-apple-darwin20
* R was compiled by
Apple clang version 16.0.0 (clang-1600.0.26.6)
GNU Fortran (GCC) 14.2.0
* running under: macOS Ventura 13.7.7
* using session charset: UTF-8
* using option ‘--no-vignettes’
* checking for file ‘BgeeCall/DESCRIPTION’ ... OK
* checking extension type ... Package
* this is package ‘BgeeCall’ version ‘1.26.0’
* package encoding: UTF-8
* checking package namespace information ... OK
* checking package dependencies ... INFO
Imports includes 21 non-default packages.
Importing from so many packages makes the package vulnerable to any of
them becoming unavailable. Move as many as possible to Suggests and
use conditionally.
* checking if this is a source package ... OK
* checking if there is a namespace ... OK
* checking for hidden files and directories ... OK
* checking for portable file names ... OK
* checking for sufficient/correct file permissions ... OK
* checking whether package ‘BgeeCall’ can be installed ... OK
* checking installed package size ... INFO
installed size is 9.2Mb
sub-directories of 1Mb or more:
extdata 8.6Mb
* checking package directory ... OK
* checking ‘build’ directory ... OK
* checking DESCRIPTION meta-information ... OK
* checking top-level files ... OK
* checking for left-over files ... OK
* checking index information ... OK
* checking package subdirectories ... OK
* checking code files for non-ASCII characters ... OK
* checking R files for syntax errors ... OK
* checking whether the package can be loaded ... OK
* checking whether the package can be loaded with stated dependencies ... OK
* checking whether the package can be unloaded cleanly ... OK
* checking whether the namespace can be loaded with stated dependencies ... OK
* checking whether the namespace can be unloaded cleanly ... OK
* checking dependencies in R code ... OK
* checking S3 generic/method consistency ... OK
* checking replacement functions ... OK
* checking foreign function calls ... OK
* checking R code for possible problems ... NOTE
galaxy_calls: no visible binding for global variable ‘output_file’
generate_calls_workflow: no visible binding for global variable
‘myUserMetadata’
generate_fasta_intergenic_regions: no visible binding for global
variable ‘classification’
generate_theoretical_pValue: no visible binding for global variable
‘abundance’
get_run_accessions_by_experiment: no visible binding for global
variable ‘sra_con’
retrieve_gtf_files: no visible global function definition for ‘cols’
Undefined global functions or variables:
abundance classification cols myUserMetadata output_file sra_con
* checking Rd files ... OK
* checking Rd metadata ... OK
* checking Rd cross-references ... OK
* checking for missing documentation entries ... OK
* checking for code/documentation mismatches ... OK
* checking Rd \usage sections ... OK
* checking Rd contents ... OK
* checking for unstated dependencies in examples ... OK
* checking files in ‘vignettes’ ... OK
* checking examples ... ERROR
Running examples in ‘BgeeCall-Ex.R’ failed
The error most likely occurred in:
> base::assign(".ptime", proc.time(), pos = "CheckExEnv")
> ### Name: list_community_ref_intergenic_species
> ### Title: List species having reference intergenic sequences created by
> ### the BgeeCall community
> ### Aliases: list_community_ref_intergenic_species
>
> ### ** Examples
>
> {
+ list_community_ref_intergenic_species()
+ }
Warning in open.connection(con, "rb") :
URL 'https://zenodo.org/api/records/?communities=bgee_intergenic': status was 'SSL peer certificate or SSH remote key was not OK'
Error in open.connection(con, "rb") :
cannot open the connection to 'https://zenodo.org/api/records/?communities=bgee_intergenic'
Calls: list_community_ref_intergenic_species ... parse_and_simplify -> parseJSON -> parse_con -> open -> open.connection
Execution halted
Examples with CPU (user + system) or elapsed time > 5s
user system elapsed
generate_presence_absence 1.656 0.105 6.172
* checking for unstated dependencies in ‘tests’ ... OK
* checking tests ...
Running ‘testthat.R’
OK
* checking for unstated dependencies in vignettes ... OK
* checking package vignettes ... OK
* checking running R code from vignettes ... SKIPPED
* checking re-building of vignette outputs ... SKIPPED
* checking PDF version of manual ... OK
* DONE
Status: 1 ERROR, 1 NOTE
See
‘/Users/biocbuild/bbs-3.22-bioc/meat/BgeeCall.Rcheck/00check.log’
for details.
BgeeCall.Rcheck/00install.out
############################################################################## ############################################################################## ### ### Running command: ### ### /Library/Frameworks/R.framework/Resources/bin/R CMD INSTALL BgeeCall ### ############################################################################## ############################################################################## * installing to library ‘/Library/Frameworks/R.framework/Versions/4.5-arm64/Resources/library’ * installing *source* package ‘BgeeCall’ ... ** this is package ‘BgeeCall’ version ‘1.26.0’ ** using staged installation ** R ** inst ** byte-compile and prepare package for lazy loading ** help *** installing help indices ** building package indices ** installing vignettes ** testing if installed package can be loaded from temporary location ** testing if installed package can be loaded from final location ** testing if installed package keeps a record of temporary installation path * DONE (BgeeCall)
BgeeCall.Rcheck/tests/testthat.Rout
R version 4.5.1 Patched (2025-09-10 r88807) -- "Great Square Root"
Copyright (C) 2025 The R Foundation for Statistical Computing
Platform: aarch64-apple-darwin20
R is free software and comes with ABSOLUTELY NO WARRANTY.
You are welcome to redistribute it under certain conditions.
Type 'license()' or 'licence()' for distribution details.
R is a collaborative project with many contributors.
Type 'contributors()' for more information and
'citation()' on how to cite R or R packages in publications.
Type 'demo()' for some demos, 'help()' for on-line help, or
'help.start()' for an HTML browser interface to help.
Type 'q()' to quit R.
> library(testthat)
> library(BgeeCall)
>
> Sys.setenv("R_TESTS" = "")
> test_check("BgeeCall")
trying URL 'https://www.bgee.org/ftp/intergenic/0.1/ref_intergenic/6239_intergenic.fa.gz'
Content type 'application/x-gzip' length 4420457 bytes (4.2 MB)
==================================================
downloaded 4.2 MB
trying URL 'https://www.bgee.org/ftp/intergenic/0.1/ref_intergenic/6239_intergenic.fa.gz'
Content type 'application/x-gzip' length 4420457 bytes (4.2 MB)
==================================================
downloaded 4.2 MB
trying URL 'https://www.bgee.org/ftp/intergenic/0.1/ref_intergenic/6239_intergenic.fa.gz'
Content type 'application/x-gzip' length 4420457 bytes (4.2 MB)
==================================================
downloaded 4.2 MB
trying URL 'https://www.bgee.org/ftp/intergenic/0.1/ref_intergenic/6239_intergenic.fa.gz'
Content type 'application/x-gzip' length 4420457 bytes (4.2 MB)
==================================================
downloaded 4.2 MB
[ FAIL 0 | WARN 0 | SKIP 0 | PASS 12 ]
>
> proc.time()
user system elapsed
8.208 0.705 32.023
BgeeCall.Rcheck/BgeeCall-Ex.timings
| name | user | system | elapsed | |
| Pvalue_averaging | 0.000 | 0.001 | 0.000 | |
| create_kallisto_index | 0.000 | 0.001 | 0.001 | |
| download_fasta_intergenic | 0.001 | 0.000 | 0.001 | |
| download_kallisto | 0.023 | 0.020 | 0.476 | |
| generate_calls_workflow | 0.001 | 0.001 | 0.001 | |
| generate_presence_absence | 1.656 | 0.105 | 6.172 | |
| generate_slurm_calls | 0 | 0 | 0 | |
| generate_slurm_indexes | 0 | 0 | 0 | |
| getIntergenicPrefix | 0.008 | 0.002 | 0.673 | |
| getIntergenicRelease | 0.008 | 0.002 | 0.499 | |
| getRunIds | 0.000 | 0.001 | 0.000 | |
| getSimpleArborescence | 0.000 | 0.000 | 0.001 | |
| getWorkingPath | 0 | 0 | 0 | |
| list_bgee_ref_intergenic_species | 0.026 | 0.006 | 1.493 | |