| Back to Multiple platform build/check report for BioC 3.21: simplified long |
|
This page was generated on 2025-10-16 11:38 -0400 (Thu, 16 Oct 2025).
| Hostname | OS | Arch (*) | R version | Installed pkgs |
|---|---|---|---|---|
| nebbiolo1 | Linux (Ubuntu 24.04.3 LTS) | x86_64 | 4.5.1 (2025-06-13) -- "Great Square Root" | 4833 |
| merida1 | macOS 12.7.6 Monterey | x86_64 | 4.5.1 RC (2025-06-05 r88288) -- "Great Square Root" | 4614 |
| kjohnson1 | macOS 13.7.5 Ventura | arm64 | 4.5.1 Patched (2025-06-14 r88325) -- "Great Square Root" | 4555 |
| kunpeng2 | Linux (openEuler 24.03 LTS) | aarch64 | R Under development (unstable) (2025-02-19 r87757) -- "Unsuffered Consequences" | 4586 |
| Click on any hostname to see more info about the system (e.g. compilers) (*) as reported by 'uname -p', except on Windows and Mac OS X | ||||
| Package 95/2341 | Hostname | OS / Arch | INSTALL | BUILD | CHECK | BUILD BIN | ||||||||
| ArrayExpress 1.68.0 (landing page) Jose Marugan
| nebbiolo1 | Linux (Ubuntu 24.04.3 LTS) / x86_64 | OK | OK | ERROR | |||||||||
| merida1 | macOS 12.7.6 Monterey / x86_64 | OK | OK | ERROR | OK | |||||||||
| kjohnson1 | macOS 13.7.5 Ventura / arm64 | OK | OK | ERROR | OK | |||||||||
| kunpeng2 | Linux (openEuler 24.03 LTS) / aarch64 | OK | OK | OK | ||||||||||
|
To the developers/maintainers of the ArrayExpress package: - Allow up to 24 hours (and sometimes 48 hours) for your latest push to git@git.bioconductor.org:packages/ArrayExpress.git to reflect on this report. See Troubleshooting Build Report for more information. - Use the following Renviron settings to reproduce errors and warnings. - If 'R CMD check' started to fail recently on the Linux builder(s) over a missing dependency, add the missing dependency to 'Suggests:' in your DESCRIPTION file. See Renviron.bioc for more information. |
| Package: ArrayExpress |
| Version: 1.68.0 |
| Command: /Library/Frameworks/R.framework/Resources/bin/R CMD check --install=check:ArrayExpress.install-out.txt --library=/Library/Frameworks/R.framework/Resources/library --no-vignettes --timings ArrayExpress_1.68.0.tar.gz |
| StartedAt: 2025-10-14 00:05:11 -0400 (Tue, 14 Oct 2025) |
| EndedAt: 2025-10-14 00:11:58 -0400 (Tue, 14 Oct 2025) |
| EllapsedTime: 407.0 seconds |
| RetCode: 1 |
| Status: ERROR |
| CheckDir: ArrayExpress.Rcheck |
| Warnings: NA |
##############################################################################
##############################################################################
###
### Running command:
###
### /Library/Frameworks/R.framework/Resources/bin/R CMD check --install=check:ArrayExpress.install-out.txt --library=/Library/Frameworks/R.framework/Resources/library --no-vignettes --timings ArrayExpress_1.68.0.tar.gz
###
##############################################################################
##############################################################################
* using log directory ‘/Users/biocbuild/bbs-3.21-bioc/meat/ArrayExpress.Rcheck’
* using R version 4.5.1 RC (2025-06-05 r88288)
* using platform: x86_64-apple-darwin20
* R was compiled by
Apple clang version 14.0.0 (clang-1400.0.29.202)
GNU Fortran (GCC) 14.2.0
* running under: macOS Monterey 12.7.6
* using session charset: UTF-8
* using option ‘--no-vignettes’
* checking for file ‘ArrayExpress/DESCRIPTION’ ... OK
* this is package ‘ArrayExpress’ version ‘1.68.0’
* checking package namespace information ... OK
* checking package dependencies ... OK
* checking if this is a source package ... OK
* checking if there is a namespace ... OK
* checking for hidden files and directories ... OK
* checking for portable file names ... OK
* checking for sufficient/correct file permissions ... OK
* checking whether package ‘ArrayExpress’ can be installed ... OK
* checking installed package size ... OK
* checking package directory ... OK
* checking ‘build’ directory ... OK
* checking DESCRIPTION meta-information ... OK
* checking top-level files ... OK
* checking for left-over files ... OK
* checking index information ... OK
* checking package subdirectories ... OK
* checking code files for non-ASCII characters ... OK
* checking R files for syntax errors ... OK
* checking whether the package can be loaded ... OK
* checking whether the package can be loaded with stated dependencies ... OK
* checking whether the package can be unloaded cleanly ... OK
* checking whether the namespace can be loaded with stated dependencies ... OK
* checking whether the namespace can be unloaded cleanly ... OK
* checking dependencies in R code ... OK
* checking S3 generic/method consistency ... OK
* checking replacement functions ... OK
* checking foreign function calls ... OK
* checking R code for possible problems ... OK
* checking Rd files ... OK
* checking Rd metadata ... OK
* checking Rd cross-references ... NOTE
Non-topic package-anchored link(s) in Rd file 'ArrayExpress.Rd':
‘[Biobase:class.ExpressionSet]{ExpressionSet}’
Non-topic package-anchored link(s) in Rd file 'ae2bioc.Rd':
‘[Biobase:class.ExpressionSet]{ExpressionSet}’
Non-topic package-anchored link(s) in Rd file 'procset.Rd':
‘[Biobase:class.ExpressionSet]{ExpressionSet}’
See section 'Cross-references' in the 'Writing R Extensions' manual.
* checking for missing documentation entries ... OK
* checking for code/documentation mismatches ... OK
* checking Rd \usage sections ... OK
* checking Rd contents ... OK
* checking for unstated dependencies in examples ... OK
* checking sizes of PDF files under ‘inst/doc’ ... OK
* checking files in ‘vignettes’ ... OK
* checking examples ... ERROR
Running examples in ‘ArrayExpress-Ex.R’ failed
The error most likely occurred in:
> base::assign(".ptime", proc.time(), pos = "CheckExEnv")
> ### Name: ArrayExpress
> ### Title: R objects from ArrayExpress collection
> ### Aliases: ArrayExpress
> ### Keywords: datasets
>
> ### ** Examples
>
> ETABM25.affybatch = ArrayExpress("E-TABM-25")
Downloading file: cp7.CEL
trying URL 'ftp://ftp.ebi.ac.uk/biostudies/fire/E-TABM-/025/E-TABM-25/Files/cp7.CEL'
Content type 'unknown' length 9583464 bytes (9.1 MB)
==================================================
Downloading file: cp4.CEL
trying URL 'ftp://ftp.ebi.ac.uk/biostudies/fire/E-TABM-/025/E-TABM-25/Files/cp4.CEL'
Content type 'unknown' length 9552987 bytes (9.1 MB)
==================================================
Downloading file: cx2.CEL
trying URL 'ftp://ftp.ebi.ac.uk/biostudies/fire/E-TABM-/025/E-TABM-25/Files/cx2.CEL'
Warning in download.file(url, filedest) :
URL 'ftp://ftp.ebi.ac.uk/biostudies/fire/E-TABM-/025/E-TABM-25/Files/cx2.CEL': status was 'Failure when receiving data from the peer'
Error in download.file(url, filedest) :
cannot open URL 'ftp://ftp.ebi.ac.uk/biostudies/fire/E-TABM-/025/E-TABM-25/Files/cx2.CEL'
Warning in getAE(accession, path = path, type = "full") :
ftp://ftp.ebi.ac.uk/biostudies/fire/E-TABM-/025/E-TABM-25/Files/cx2.CEL does not exist or is empty.
Downloading file: cc2.CEL
trying URL 'ftp://ftp.ebi.ac.uk/biostudies/fire/E-TABM-/025/E-TABM-25/Files/cc2.CEL'
Content type 'unknown' length 9620339 bytes (9.2 MB)
==================================================
Downloading file: cc4.CEL
trying URL 'ftp://ftp.ebi.ac.uk/biostudies/fire/E-TABM-/025/E-TABM-25/Files/cc4.CEL'
Content type 'unknown' length 9580008 bytes (9.1 MB)
==================================================
Downloading file: cx1.CEL
trying URL 'ftp://ftp.ebi.ac.uk/biostudies/fire/E-TABM-/025/E-TABM-25/Files/cx1.CEL'
Content type 'unknown' length 9613953 bytes (9.2 MB)
==================================================
Downloading file: cp3.CEL
trying URL 'ftp://ftp.ebi.ac.uk/biostudies/fire/E-TABM-/025/E-TABM-25/Files/cp3.CEL'
Content type 'unknown' length 9574729 bytes (9.1 MB)
==================================================
Downloading file: cp6.CEL
trying URL 'ftp://ftp.ebi.ac.uk/biostudies/fire/E-TABM-/025/E-TABM-25/Files/cp6.CEL'
Content type 'unknown' length 9599435 bytes (9.2 MB)
==================================================
Downloading file: cp5.CEL
trying URL 'ftp://ftp.ebi.ac.uk/biostudies/fire/E-TABM-/025/E-TABM-25/Files/cp5.CEL'
Warning in download.file(url, filedest) :
URL 'ftp://ftp.ebi.ac.uk/biostudies/fire/E-TABM-/025/E-TABM-25/Files/cp5.CEL': status was 'Failure when receiving data from the peer'
Error in download.file(url, filedest) :
cannot open URL 'ftp://ftp.ebi.ac.uk/biostudies/fire/E-TABM-/025/E-TABM-25/Files/cp5.CEL'
Warning in getAE(accession, path = path, type = "full") :
ftp://ftp.ebi.ac.uk/biostudies/fire/E-TABM-/025/E-TABM-25/Files/cp5.CEL does not exist or is empty.
Downloading file: cc6.CEL
trying URL 'ftp://ftp.ebi.ac.uk/biostudies/fire/E-TABM-/025/E-TABM-25/Files/cc6.CEL'
Content type 'unknown' length 9583909 bytes (9.1 MB)
==================================================
Downloading file: cx4.CEL
trying URL 'ftp://ftp.ebi.ac.uk/biostudies/fire/E-TABM-/025/E-TABM-25/Files/cx4.CEL'
Content type 'unknown' length 9566430 bytes (9.1 MB)
==================================================
Downloading file: cp2.CEL
trying URL 'ftp://ftp.ebi.ac.uk/biostudies/fire/E-TABM-/025/E-TABM-25/Files/cp2.CEL'
Content type 'unknown' length 9565364 bytes (9.1 MB)
==================================================
Downloading file: cc3.CEL
trying URL 'ftp://ftp.ebi.ac.uk/biostudies/fire/E-TABM-/025/E-TABM-25/Files/cc3.CEL'
Content type 'unknown' length 9753457 bytes (9.3 MB)
==================================================
Downloading file: cp1.CEL
trying URL 'ftp://ftp.ebi.ac.uk/biostudies/fire/E-TABM-/025/E-TABM-25/Files/cp1.CEL'
Content type 'unknown' length 9594151 bytes (9.1 MB)
==================================================
Downloading file: cx3.CEL
trying URL 'ftp://ftp.ebi.ac.uk/biostudies/fire/E-TABM-/025/E-TABM-25/Files/cx3.CEL'
Content type 'unknown' length 9582638 bytes (9.1 MB)
==================================================
Downloading file: cc5.CEL
trying URL 'ftp://ftp.ebi.ac.uk/biostudies/fire/E-TABM-/025/E-TABM-25/Files/cc5.CEL'
Content type 'unknown' length 9578927 bytes (9.1 MB)
==================================================
Downloading file: cx5.CEL
trying URL 'ftp://ftp.ebi.ac.uk/biostudies/fire/E-TABM-/025/E-TABM-25/Files/cx5.CEL'
Content type 'unknown' length 9593453 bytes (9.1 MB)
==================================================
Downloading file: cc1.CEL
trying URL 'ftp://ftp.ebi.ac.uk/biostudies/fire/E-TABM-/025/E-TABM-25/Files/cc1.CEL'
Content type 'unknown' length 9594808 bytes (9.2 MB)
==================================================
Downloading file: E-TABM-25.idf.txt
trying URL 'ftp://ftp.ebi.ac.uk/biostudies/fire/E-TABM-/025/E-TABM-25/Files/E-TABM-25.idf.txt'
Content type 'unknown' length 2965 bytes
==================================================
Downloading file: E-TABM-25.sdrf.txt
trying URL 'ftp://ftp.ebi.ac.uk/biostudies/fire/E-TABM-/025/E-TABM-25/Files/E-TABM-25.sdrf.txt'
Warning in download.file(url, filedest) :
URL 'ftp://ftp.ebi.ac.uk/biostudies/fire/E-TABM-/025/E-TABM-25/Files/E-TABM-25.sdrf.txt': status was 'Failure when receiving data from the peer'
Error in download.file(url, filedest) :
cannot open URL 'ftp://ftp.ebi.ac.uk/biostudies/fire/E-TABM-/025/E-TABM-25/Files/E-TABM-25.sdrf.txt'
Warning in getAE(accession, path = path, type = "full") :
ftp://ftp.ebi.ac.uk/biostudies/fire/E-TABM-/025/E-TABM-25/Files/E-TABM-25.sdrf.txt does not exist or is empty.
Downloading file: A-AFFY-1.adf.txt
trying URL 'https://www.ebi.ac.uk/biostudies/files/A-AFFY-1/A-AFFY-1.adf.txt'
Content type 'text/plain; charset=UTF-8' length 1547751 bytes (1.5 MB)
==================================================
downloaded 1.5 MB
Unpacking data files
Warning in file(file, "rt") :
'raw = FALSE' but '/tmp/Rtmp6WbeqO/' is not a regular file
Warning in file(file, "rt") :
cannot open file '/tmp/Rtmp6WbeqO/': it is a directory
Error in file(file, "rt") : cannot open the connection
> print(ETABM25.affybatch)
NULL
> sampleNames(ETABM25.affybatch)
Error: unable to find an inherited method for function ‘sampleNames’ for signature ‘object = "NULL"’
Execution halted
* checking for unstated dependencies in vignettes ... OK
* checking package vignettes ... OK
* checking running R code from vignettes ... SKIPPED
* checking re-building of vignette outputs ... SKIPPED
* checking PDF version of manual ... OK
* DONE
Status: 1 ERROR, 1 NOTE
See
‘/Users/biocbuild/bbs-3.21-bioc/meat/ArrayExpress.Rcheck/00check.log’
for details.
ArrayExpress.Rcheck/00install.out
############################################################################## ############################################################################## ### ### Running command: ### ### /Library/Frameworks/R.framework/Resources/bin/R CMD INSTALL ArrayExpress ### ############################################################################## ############################################################################## * installing to library ‘/Library/Frameworks/R.framework/Versions/4.5-x86_64/Resources/library’ * installing *source* package ‘ArrayExpress’ ... ** this is package ‘ArrayExpress’ version ‘1.68.0’ ** using staged installation ** R ** inst ** byte-compile and prepare package for lazy loading ** help *** installing help indices ** building package indices ** installing vignettes ** testing if installed package can be loaded from temporary location ** testing if installed package can be loaded from final location ** testing if installed package keeps a record of temporary installation path * DONE (ArrayExpress)
ArrayExpress.Rcheck/ArrayExpress-Ex.timings
| name | user | system | elapsed |