Back to Multiple platform build/check report for BioC 3.22:   simplified   long
ABCDEFGHIJKL[M]NOPQRSTUVWXYZ

This page was generated on 2025-07-15 12:08 -0400 (Tue, 15 Jul 2025).

HostnameOSArch (*)R versionInstalled pkgs
nebbiolo2Linux (Ubuntu 24.04.2 LTS)x86_644.5.1 (2025-06-13) -- "Great Square Root" 4785
palomino8Windows Server 2022 Datacenterx644.5.1 (2025-06-13 ucrt) -- "Great Square Root" 4524
lconwaymacOS 12.7.1 Montereyx86_644.5.1 (2025-06-13) -- "Great Square Root" 4565
kjohnson3macOS 13.7.1 Venturaarm644.5.1 Patched (2025-06-14 r88325) -- "Great Square Root" 4508
taishanLinux (openEuler 24.03 LTS)aarch644.5.0 (2025-04-11) -- "How About a Twenty-Six" 4509
Click on any hostname to see more info about the system (e.g. compilers)      (*) as reported by 'uname -p', except on Windows and Mac OS X

Package 1277/2311HostnameOS / ArchINSTALLBUILDCHECKBUILD BIN
mina 1.17.0  (landing page)
Rui Guan
Snapshot Date: 2025-07-14 13:25 -0400 (Mon, 14 Jul 2025)
git_url: https://git.bioconductor.org/packages/mina
git_branch: devel
git_last_commit: c503615
git_last_commit_date: 2025-04-15 12:15:34 -0400 (Tue, 15 Apr 2025)
nebbiolo2Linux (Ubuntu 24.04.2 LTS) / x86_64  OK    OK    WARNINGS  UNNEEDED, same version is already published
palomino8Windows Server 2022 Datacenter / x64  OK    OK    WARNINGS    OK  UNNEEDED, same version is already published
lconwaymacOS 12.7.1 Monterey / x86_64  OK    OK    WARNINGS    OK  UNNEEDED, same version is already published
kjohnson3macOS 13.7.1 Ventura / arm64  OK    OK    WARNINGS    OK  UNNEEDED, same version is already published
taishanLinux (openEuler 24.03 LTS) / aarch64  OK    OK    TIMEOUT  


CHECK results for mina on lconway

To the developers/maintainers of the mina package:
- Allow up to 24 hours (and sometimes 48 hours) for your latest push to git@git.bioconductor.org:packages/mina.git to reflect on this report. See Troubleshooting Build Report for more information.
- Use the following Renviron settings to reproduce errors and warnings.
- If 'R CMD check' started to fail recently on the Linux builder(s) over a missing dependency, add the missing dependency to 'Suggests:' in your DESCRIPTION file. See Renviron.bioc for more information.

raw results


Summary

Package: mina
Version: 1.17.0
Command: /Library/Frameworks/R.framework/Resources/bin/R CMD check --install=check:mina.install-out.txt --library=/Library/Frameworks/R.framework/Resources/library --no-vignettes --timings mina_1.17.0.tar.gz
StartedAt: 2025-07-14 21:57:31 -0400 (Mon, 14 Jul 2025)
EndedAt: 2025-07-14 22:01:37 -0400 (Mon, 14 Jul 2025)
EllapsedTime: 246.4 seconds
RetCode: 0
Status:   WARNINGS  
CheckDir: mina.Rcheck
Warnings: 1

Command output

##############################################################################
##############################################################################
###
### Running command:
###
###   /Library/Frameworks/R.framework/Resources/bin/R CMD check --install=check:mina.install-out.txt --library=/Library/Frameworks/R.framework/Resources/library --no-vignettes --timings mina_1.17.0.tar.gz
###
##############################################################################
##############################################################################


* using log directory ‘/Users/biocbuild/bbs-3.22-bioc/meat/mina.Rcheck’
* using R version 4.5.1 (2025-06-13)
* using platform: x86_64-apple-darwin20
* R was compiled by
    Apple clang version 14.0.0 (clang-1400.0.29.202)
    GNU Fortran (GCC) 14.2.0
* running under: macOS Monterey 12.7.6
* using session charset: UTF-8
* using option ‘--no-vignettes’
* checking for file ‘mina/DESCRIPTION’ ... OK
* this is package ‘mina’ version ‘1.17.0’
* package encoding: UTF-8
* checking package namespace information ... OK
* checking package dependencies ... OK
* checking if this is a source package ... OK
* checking if there is a namespace ... OK
* checking for hidden files and directories ... OK
* checking for portable file names ... OK
* checking for sufficient/correct file permissions ... OK
* checking whether package ‘mina’ can be installed ... OK
* used C++ compiler: ‘Apple clang version 14.0.0 (clang-1400.0.29.202)’
* used SDK: ‘MacOSX11.3.sdk’
* checking installed package size ... INFO
  installed size is  8.2Mb
  sub-directories of 1Mb or more:
    data   7.6Mb
* checking package directory ... OK
* checking ‘build’ directory ... OK
* checking DESCRIPTION meta-information ... OK
* checking top-level files ... OK
* checking for left-over files ... OK
* checking index information ... OK
* checking package subdirectories ... OK
* checking code files for non-ASCII characters ... OK
* checking R files for syntax errors ... OK
* checking whether the package can be loaded ... OK
* checking whether the package can be loaded with stated dependencies ... OK
* checking whether the package can be unloaded cleanly ... OK
* checking whether the namespace can be loaded with stated dependencies ... OK
* checking whether the namespace can be unloaded cleanly ... OK
* checking dependencies in R code ... OK
* checking S3 generic/method consistency ... OK
* checking replacement functions ... OK
* checking foreign function calls ... OK
* checking R code for possible problems ... NOTE
sparcc: no visible binding for global variable ‘i’
net_dis_pcoa,character: no visible binding for global variable ‘y’
net_dis_pcoa,character: no visible binding for global variable ‘Group’
net_dis_plot,mina: no visible binding for global variable ‘Group1’
net_dis_plot,mina: no visible binding for global variable ‘Group2’
net_dis_plot,mina: no visible binding for global variable ‘Distance’
net_dis_plot,mina: no visible binding for global variable ‘Sig’
Undefined global functions or variables:
  Distance Group Group1 Group2 Sig i y
* checking Rd files ... NOTE
checkRd: (-1) re_format_AP.Rd:10: Lost braces; missing escapes or markup?
    10 | \item{x}{an {APResult} object from \pkg{apcluster}.}
       |             ^
* checking Rd metadata ... OK
* checking Rd cross-references ... OK
* checking for missing documentation entries ... OK
* checking for code/documentation mismatches ... OK
* checking Rd \usage sections ... OK
* checking Rd contents ... OK
* checking for unstated dependencies in examples ... OK
* checking contents of ‘data’ directory ... OK
* checking data for non-ASCII characters ... OK
* checking LazyData ... WARNING
  LazyData DB of 7.6 MB without LazyDataCompression set
  See §1.1.6 of 'Writing R Extensions'
* checking data for ASCII and uncompressed saves ... OK
* checking line endings in C/C++/Fortran sources/headers ... OK
* checking compiled code ... NOTE
Note: information on .o files is not available
* checking files in ‘vignettes’ ... OK
* checking examples ... OK
Examples with CPU (user + system) or elapsed time > 5s
                    user system elapsed
net_dis_plot      32.151 42.675  33.166
net_dis-mina      17.281 22.752  18.279
dis_stat_accessor 13.510 17.305  13.667
bs_pm-mina         8.712 14.657   7.214
net_cls-mina      18.713  0.823  19.155
com_plot-mina     12.136  4.291   1.907
net_cls-matrix     6.568  0.695   6.841
net_cls            6.284  0.410   6.256
net_dis            1.837  3.587   1.978
* checking for unstated dependencies in vignettes ... OK
* checking package vignettes ... OK
* checking running R code from vignettes ... SKIPPED
* checking re-building of vignette outputs ... SKIPPED
* checking PDF version of manual ... OK
* DONE

Status: 1 WARNING, 3 NOTEs
See
  ‘/Users/biocbuild/bbs-3.22-bioc/meat/mina.Rcheck/00check.log’
for details.


Installation output

mina.Rcheck/00install.out

##############################################################################
##############################################################################
###
### Running command:
###
###   /Library/Frameworks/R.framework/Resources/bin/R CMD INSTALL mina
###
##############################################################################
##############################################################################


* installing to library ‘/Library/Frameworks/R.framework/Versions/4.5-x86_64/Resources/library’
* installing *source* package ‘mina’ ...
** this is package ‘mina’ version ‘1.17.0’
** using staged installation
** libs
using C++ compiler: ‘Apple clang version 14.0.0 (clang-1400.0.29.202)’
using SDK: ‘MacOSX11.3.sdk’
clang++ -arch x86_64 -std=gnu++17 -I"/Library/Frameworks/R.framework/Resources/include" -DNDEBUG  -I'/Library/Frameworks/R.framework/Versions/4.5-x86_64/Resources/library/Rcpp/include' -I'/Library/Frameworks/R.framework/Versions/4.5-x86_64/Resources/library/RcppParallel/include' -I'/Library/Frameworks/R.framework/Versions/4.5-x86_64/Resources/library/RcppArmadillo/include' -I/opt/R/x86_64/include    -fPIC  -falign-functions=64 -Wall -g -O2   -c RcppExports.cpp -o RcppExports.o
clang++ -arch x86_64 -std=gnu++17 -I"/Library/Frameworks/R.framework/Resources/include" -DNDEBUG  -I'/Library/Frameworks/R.framework/Versions/4.5-x86_64/Resources/library/Rcpp/include' -I'/Library/Frameworks/R.framework/Versions/4.5-x86_64/Resources/library/RcppParallel/include' -I'/Library/Frameworks/R.framework/Versions/4.5-x86_64/Resources/library/RcppArmadillo/include' -I/opt/R/x86_64/include    -fPIC  -falign-functions=64 -Wall -g -O2   -c cp_cor.cpp -o cp_cor.o
clang++ -arch x86_64 -std=gnu++17 -dynamiclib -Wl,-headerpad_max_install_names -undefined dynamic_lookup -L/Library/Frameworks/R.framework/Resources/lib -L/opt/R/x86_64/lib -o mina.so RcppExports.o cp_cor.o -F/Library/Frameworks/R.framework/.. -framework R
installing to /Library/Frameworks/R.framework/Versions/4.5-x86_64/Resources/library/00LOCK-mina/00new/mina/libs
** R
** data
*** moving datasets to lazyload DB
** byte-compile and prepare package for lazy loading
Creating a new generic function for ‘norm’ in package ‘mina’
** help
*** installing help indices
** building package indices
** installing vignettes
** testing if installed package can be loaded from temporary location
** checking absolute paths in shared objects and dynamic libraries
** testing if installed package can be loaded from final location
** testing if installed package keeps a record of temporary installation path
* DONE (mina)

Tests output


Example timings

mina.Rcheck/mina-Ex.timings

nameusersystemelapsed
adj-matrix0.5750.1860.320
adj-mina0.9230.1850.676
adj0.8970.1950.640
adj_method_list0.0780.1850.150
bs_pm-mina 8.71214.657 7.214
bs_pm1.9352.9711.913
check_mina0.0570.0210.080
check_mina_de0.0540.0200.074
check_mina_qu0.0510.0200.072
cls_tab0.0560.0460.102
com_dis-matrix0.4810.0660.247
com_dis-mina0.3000.1860.065
com_dis0.4700.1760.244
com_dis_list0.1000.1490.163
com_plot-mina12.136 4.291 1.907
com_plot0.1320.2140.123
com_r2-mina0.7210.2050.505
com_r20.8600.3130.549
data-hmp0.0020.0020.004
data-maize0.0010.0010.001
des_accessor0.0020.0010.002
dis_accessor0.2930.0740.074
dis_stat_accessor13.51017.30513.667
dmr-matrix0.5310.1850.301
dmr-mina0.5220.2390.294
dmr0.5450.2980.421
dmr_accessor0.5350.1720.303
fit_tabs-mina0.6820.2060.893
fit_tabs0.8320.1210.959
get_net_cls_tab-matrix-data.frame-method4.4550.3244.307
get_net_cls_tab4.6790.2464.492
get_r2-mat0.6570.1890.427
get_r20.7030.1970.495
get_rep-matrix0.2540.0450.303
get_rep-mima0.6620.0420.709
hmp_des0.0010.0020.002
hmp_otu0.0010.0020.003
maize_asv0.0000.0010.001
maize_asv20.0010.0010.002
maize_des0.0010.0020.002
maize_des20.0000.0010.001
mina-class0.0010.0000.001
net_cls-matrix6.5680.6956.841
net_cls-mina18.713 0.82319.155
net_cls6.2840.4106.256
net_cls_tab-mina-method1.6330.3431.435
net_cls_tab4.4610.4034.351
net_dis-mina17.28122.75218.279
net_dis1.8373.5871.978
net_dis_indi000
net_dis_pcoa0.0000.0000.001
net_dis_plot32.15142.67533.166
net_grp_cmp0.0000.0010.000
net_node_cmp0.0000.0000.001
norm_accessor0.0270.0010.028
norm_tab-matrix0.6690.0100.682
norm_tab-mina0.6500.0940.750
norm_tab0.0340.0000.034
norm_tab_method_list0.0630.0360.135
pcoa_plot1.2090.4190.780
sim_par0.0000.0010.000
sparcc0.0000.0010.001
tab_accessor0.0000.0000.001
tina-matrix-method0.0000.0000.001
tina000