Back to Multiple platform build/check report for BioC 3.22:   simplified   long
ABCDEFG[H]IJKLMNOPQRSTUVWXYZ

This page was generated on 2025-10-04 12:03 -0400 (Sat, 04 Oct 2025).

HostnameOSArch (*)R versionInstalled pkgs
nebbiolo2Linux (Ubuntu 24.04.3 LTS)x86_644.5.1 Patched (2025-08-23 r88802) -- "Great Square Root" 4853
lconwaymacOS 12.7.1 Montereyx86_644.5.1 Patched (2025-09-10 r88807) -- "Great Square Root" 4640
kjohnson3macOS 13.7.7 Venturaarm644.5.1 Patched (2025-09-10 r88807) -- "Great Square Root" 4585
taishanLinux (openEuler 24.03 LTS)aarch644.5.0 (2025-04-11) -- "How About a Twenty-Six" 4576
Click on any hostname to see more info about the system (e.g. compilers)      (*) as reported by 'uname -p', except on Windows and Mac OS X

Package 954/2341HostnameOS / ArchINSTALLBUILDCHECKBUILD BIN
hca 1.17.0  (landing page)
Martin Morgan
Snapshot Date: 2025-10-03 13:45 -0400 (Fri, 03 Oct 2025)
git_url: https://git.bioconductor.org/packages/hca
git_branch: devel
git_last_commit: 0e37a6e
git_last_commit_date: 2025-04-15 12:20:46 -0400 (Tue, 15 Apr 2025)
nebbiolo2Linux (Ubuntu 24.04.3 LTS) / x86_64  OK    OK    ERROR  
lconwaymacOS 12.7.1 Monterey / x86_64  OK    OK    ERROR    OK  
kjohnson3macOS 13.7.7 Ventura / arm64  OK    OK    OK    OK  UNNEEDED, same version is already published
taishanLinux (openEuler 24.03 LTS) / aarch64  OK    OK    OK  


CHECK results for hca on nebbiolo2

To the developers/maintainers of the hca package:
- Allow up to 24 hours (and sometimes 48 hours) for your latest push to git@git.bioconductor.org:packages/hca.git to reflect on this report. See Troubleshooting Build Report for more information.
- Use the following Renviron settings to reproduce errors and warnings.
- If 'R CMD check' started to fail recently on the Linux builder(s) over a missing dependency, add the missing dependency to 'Suggests:' in your DESCRIPTION file. See Renviron.bioc for more information.

raw results


Summary

Package: hca
Version: 1.17.0
Command: /home/biocbuild/bbs-3.22-bioc/R/bin/R CMD check --install=check:hca.install-out.txt --library=/home/biocbuild/bbs-3.22-bioc/R/site-library --timings hca_1.17.0.tar.gz
StartedAt: 2025-10-04 00:31:52 -0400 (Sat, 04 Oct 2025)
EndedAt: 2025-10-04 00:35:15 -0400 (Sat, 04 Oct 2025)
EllapsedTime: 203.2 seconds
RetCode: 1
Status:   ERROR  
CheckDir: hca.Rcheck
Warnings: NA

Command output

##############################################################################
##############################################################################
###
### Running command:
###
###   /home/biocbuild/bbs-3.22-bioc/R/bin/R CMD check --install=check:hca.install-out.txt --library=/home/biocbuild/bbs-3.22-bioc/R/site-library --timings hca_1.17.0.tar.gz
###
##############################################################################
##############################################################################


* using log directory ‘/home/biocbuild/bbs-3.22-bioc/meat/hca.Rcheck’
* using R version 4.5.1 Patched (2025-08-23 r88802)
* using platform: x86_64-pc-linux-gnu
* R was compiled by
    gcc (Ubuntu 13.3.0-6ubuntu2~24.04) 13.3.0
    GNU Fortran (Ubuntu 13.3.0-6ubuntu2~24.04) 13.3.0
* running under: Ubuntu 24.04.3 LTS
* using session charset: UTF-8
* checking for file ‘hca/DESCRIPTION’ ... OK
* this is package ‘hca’ version ‘1.17.0’
* package encoding: UTF-8
* checking package namespace information ... OK
* checking package dependencies ... OK
* checking if this is a source package ... OK
* checking if there is a namespace ... OK
* checking for hidden files and directories ... OK
* checking for portable file names ... OK
* checking for sufficient/correct file permissions ... OK
* checking whether package ‘hca’ can be installed ... OK
* checking installed package size ... OK
* checking package directory ... OK
* checking ‘build’ directory ... OK
* checking DESCRIPTION meta-information ... OK
* checking top-level files ... OK
* checking for left-over files ... OK
* checking index information ... OK
* checking package subdirectories ... OK
* checking code files for non-ASCII characters ... OK
* checking R files for syntax errors ... OK
* checking whether the package can be loaded ... OK
* checking whether the package can be loaded with stated dependencies ... OK
* checking whether the package can be unloaded cleanly ... OK
* checking whether the namespace can be loaded with stated dependencies ... OK
* checking whether the namespace can be unloaded cleanly ... OK
* checking loading without being on the library search path ... OK
* checking whether startup messages can be suppressed ... OK
* checking dependencies in R code ... OK
* checking S3 generic/method consistency ... OK
* checking replacement functions ... OK
* checking foreign function calls ... OK
* checking R code for possible problems ... OK
* checking Rd files ... OK
* checking Rd metadata ... OK
* checking Rd cross-references ... OK
* checking for missing documentation entries ... OK
* checking for code/documentation mismatches ... OK
* checking Rd \usage sections ... OK
* checking Rd contents ... OK
* checking for unstated dependencies in examples ... OK
* checking files in ‘vignettes’ ... OK
* checking examples ... ERROR
Running examples in ‘hca-Ex.R’ failed
The error most likely occurred in:

> base::assign(".ptime", proc.time(), pos = "CheckExEnv")
> ### Name: projects
> ### Title: HCA Project Querying
> ### Aliases: projects projects_facets projects_default_columns
> ###   projects_detail
> 
> ### ** Examples
> 
> projects(filters(), size = 100)
Error in .hca_GET(index_path) : Bad Gateway (HTTP 502).
Calls: projects -> .index_GET -> .hca_GET -> stop_for_status
Execution halted
Examples with CPU (user + system) or elapsed time > 5s
         user system elapsed
files   9.090  0.256  36.770
bundles 1.588  0.093  14.331
hca     0.348  0.004  21.907
* checking for unstated dependencies in ‘tests’ ... OK
* checking tests ...
  Running ‘testthat.R’
 OK
* checking for unstated dependencies in vignettes ... OK
* checking package vignettes ... OK
* checking re-building of vignette outputs ... ERROR
Error(s) in re-building vignettes:
--- re-building ‘hca_manifest_vignette.Rmd’ using rmarkdown
--- finished re-building ‘hca_manifest_vignette.Rmd’

--- re-building ‘hca_vignette.Rmd’ using rmarkdown

Quitting from hca_vignette.Rmd:67-69 [unnamed-chunk-2]
~~~~~~~~~~~~~~~~~~~~~~~~~~~~~~~~~~~~~~~~~~~~~~~~~~~~~~~~~~~~~~~~~~~~~~~~~~~~~~~~
<error/rlang_error>
Error in `.hca_GET()`:
! Bad Gateway (HTTP 502).
---
Backtrace:
    ▆
 1. └─hca::projects(size = 200)
 2.   └─hca:::.index_GET(...)
 3.     └─hca:::.hca_GET(index_path)
 4.       └─httr::stop_for_status(response)
~~~~~~~~~~~~~~~~~~~~~~~~~~~~~~~~~~~~~~~~~~~~~~~~~~~~~~~~~~~~~~~~~~~~~~~~~~~~~~~~

Error: processing vignette 'hca_vignette.Rmd' failed with diagnostics:
Bad Gateway (HTTP 502).
--- failed re-building ‘hca_vignette.Rmd’

SUMMARY: processing the following file failed:
  ‘hca_vignette.Rmd’

Error: Vignette re-building failed.
Execution halted

* checking PDF version of manual ... OK
* DONE

Status: 2 ERRORs
See
  ‘/home/biocbuild/bbs-3.22-bioc/meat/hca.Rcheck/00check.log’
for details.


Installation output

hca.Rcheck/00install.out

##############################################################################
##############################################################################
###
### Running command:
###
###   /home/biocbuild/bbs-3.22-bioc/R/bin/R CMD INSTALL hca
###
##############################################################################
##############################################################################


* installing to library ‘/home/biocbuild/bbs-3.22-bioc/R/site-library’
* installing *source* package ‘hca’ ...
** this is package ‘hca’ version ‘1.17.0’
** using staged installation
** R
** byte-compile and prepare package for lazy loading
** help
*** installing help indices
** building package indices
** installing vignettes
** testing if installed package can be loaded from temporary location
** testing if installed package can be loaded from final location
** testing if installed package keeps a record of temporary installation path
* DONE (hca)

Tests output

hca.Rcheck/tests/testthat.Rout


R version 4.5.1 Patched (2025-08-23 r88802) -- "Great Square Root"
Copyright (C) 2025 The R Foundation for Statistical Computing
Platform: x86_64-pc-linux-gnu

R is free software and comes with ABSOLUTELY NO WARRANTY.
You are welcome to redistribute it under certain conditions.
Type 'license()' or 'licence()' for distribution details.

R is a collaborative project with many contributors.
Type 'contributors()' for more information and
'citation()' on how to cite R or R packages in publications.

Type 'demo()' for some demos, 'help()' for on-line help, or
'help.start()' for an HTML browser interface to help.
Type 'q()' to quit R.

> library(testthat)
> library(hca)

Attaching package: 'hca'

The following object is masked from 'package:base':

    summary

> 
> test_check("hca")
[ FAIL 0 | WARN 0 | SKIP 1 | PASS 160 ]

══ Skipped tests (1) ═══════════════════════════════════════════════════════════
• manifest() generates an internal server 500 error, 7 February, 2022 (1):
  'test_manifest.R:2:5'

[ FAIL 0 | WARN 0 | SKIP 1 | PASS 160 ]
> 
> proc.time()
   user  system elapsed 
  4.323   0.663  21.597 

Example timings

hca.Rcheck/hca-Ex.timings

nameusersystemelapsed
bundles 1.588 0.09314.331
catalogs0.0000.0000.001
files 9.090 0.25636.770
filters0.0060.0000.005
hca 0.348 0.00421.907
hca_view000
list_hca0.4800.1092.065
lol0.6190.1442.550
manifest-internal0.0030.0000.003
manifest0.0020.0000.002
project_information0.0670.0020.346