Back to Multiple platform build/check report for BioC 3.22:   simplified   long
ABCDE[F]GHIJKLMNOPQRSTUVWXYZ

This page was generated on 2025-10-04 12:06 -0400 (Sat, 04 Oct 2025).

HostnameOSArch (*)R versionInstalled pkgs
nebbiolo2Linux (Ubuntu 24.04.3 LTS)x86_644.5.1 Patched (2025-08-23 r88802) -- "Great Square Root" 4853
lconwaymacOS 12.7.1 Montereyx86_644.5.1 Patched (2025-09-10 r88807) -- "Great Square Root" 4640
kjohnson3macOS 13.7.7 Venturaarm644.5.1 Patched (2025-09-10 r88807) -- "Great Square Root" 4585
taishanLinux (openEuler 24.03 LTS)aarch644.5.0 (2025-04-11) -- "How About a Twenty-Six" 4576
Click on any hostname to see more info about the system (e.g. compilers)      (*) as reported by 'uname -p', except on Windows and Mac OS X

Package 736/2341HostnameOS / ArchINSTALLBUILDCHECKBUILD BIN
flagme 1.65.0  (landing page)
Mark Robinson , Riccardo Romoli
Snapshot Date: 2025-10-03 13:45 -0400 (Fri, 03 Oct 2025)
git_url: https://git.bioconductor.org/packages/flagme
git_branch: devel
git_last_commit: 2a39fc4
git_last_commit_date: 2025-04-15 09:43:46 -0400 (Tue, 15 Apr 2025)
nebbiolo2Linux (Ubuntu 24.04.3 LTS) / x86_64  OK    OK    WARNINGS  UNNEEDED, same version is already published
lconwaymacOS 12.7.1 Monterey / x86_64  OK    OK    WARNINGS    OK  NO, package depends on 'CAMERA' which is only available as a source package that needs compilation
kjohnson3macOS 13.7.7 Ventura / arm64  OK    OK    WARNINGS    OK  NO, package depends on 'CAMERA' which is only available as a source package that needs compilation
taishanLinux (openEuler 24.03 LTS) / aarch64  OK    OK    WARNINGS  


CHECK results for flagme on kjohnson3

To the developers/maintainers of the flagme package:
- Allow up to 24 hours (and sometimes 48 hours) for your latest push to git@git.bioconductor.org:packages/flagme.git to reflect on this report. See Troubleshooting Build Report for more information.
- Use the following Renviron settings to reproduce errors and warnings.
- If 'R CMD check' started to fail recently on the Linux builder(s) over a missing dependency, add the missing dependency to 'Suggests:' in your DESCRIPTION file. See Renviron.bioc for more information.

raw results


Summary

Package: flagme
Version: 1.65.0
Command: /Library/Frameworks/R.framework/Resources/bin/R CMD check --install=check:flagme.install-out.txt --library=/Library/Frameworks/R.framework/Resources/library --no-vignettes --timings flagme_1.65.0.tar.gz
StartedAt: 2025-10-03 19:28:33 -0400 (Fri, 03 Oct 2025)
EndedAt: 2025-10-03 19:34:09 -0400 (Fri, 03 Oct 2025)
EllapsedTime: 336.1 seconds
RetCode: 0
Status:   WARNINGS  
CheckDir: flagme.Rcheck
Warnings: 2

Command output

##############################################################################
##############################################################################
###
### Running command:
###
###   /Library/Frameworks/R.framework/Resources/bin/R CMD check --install=check:flagme.install-out.txt --library=/Library/Frameworks/R.framework/Resources/library --no-vignettes --timings flagme_1.65.0.tar.gz
###
##############################################################################
##############################################################################


* using log directory ‘/Users/biocbuild/bbs-3.22-bioc/meat/flagme.Rcheck’
* using R version 4.5.1 Patched (2025-09-10 r88807)
* using platform: aarch64-apple-darwin20
* R was compiled by
    Apple clang version 16.0.0 (clang-1600.0.26.6)
    GNU Fortran (GCC) 14.2.0
* running under: macOS Ventura 13.7.7
* using session charset: UTF-8
* using option ‘--no-vignettes’
* checking for file ‘flagme/DESCRIPTION’ ... OK
* this is package ‘flagme’ version ‘1.65.0’
* package encoding: UTF-8
* checking package namespace information ... OK
* checking package dependencies ... OK
* checking if this is a source package ... OK
* checking if there is a namespace ... OK
* checking for hidden files and directories ... OK
* checking for portable file names ... OK
* checking for sufficient/correct file permissions ... OK
* checking whether package ‘flagme’ can be installed ... OK
* used C compiler: ‘Apple clang version 15.0.0 (clang-1500.1.0.2.5)’
* used SDK: ‘MacOSX11.3.1.sdk’
* checking installed package size ... OK
* checking package directory ... OK
* checking ‘build’ directory ... OK
* checking DESCRIPTION meta-information ... OK
* checking top-level files ... OK
* checking for left-over files ... OK
* checking index information ... OK
* checking package subdirectories ... OK
* checking code files for non-ASCII characters ... OK
* checking R files for syntax errors ... OK
* checking whether the package can be loaded ... OK
* checking whether the package can be loaded with stated dependencies ... OK
* checking whether the package can be unloaded cleanly ... OK
* checking whether the namespace can be loaded with stated dependencies ... OK
* checking whether the namespace can be unloaded cleanly ... OK
* checking whether startup messages can be suppressed ... OK
* checking dependencies in R code ... NOTE
Unexported object imported by a ':::' call: ‘xcms:::rectUnique’
  See the note in ?`:::` about the use of this operator.
* checking S3 generic/method consistency ... OK
* checking replacement functions ... OK
* checking foreign function calls ... OK
* checking R code for possible problems ... NOTE
addXCMSPeaks: no visible global function definition for ‘bpparam’
addXCMSPeaks: no visible global function definition for ‘sampnames’
addXCMSPeaks : <anonymous> : <anonymous>: no visible global function
  definition for ‘setNames’
importSpec : <anonymous>: no visible global function definition for
  ‘setNames’
Undefined global functions or variables:
  bpparam sampnames setNames
Consider adding
  importFrom("stats", "setNames")
to your NAMESPACE file.
* checking Rd files ... OK
* checking Rd metadata ... OK
* checking Rd cross-references ... WARNING
Missing link(s) in Rd file 'addXCMSPeaks.Rd':
  ‘[xcms]{findPeaks-matchedFilter}’ ‘[xcms]{findPeaks-centWave}’
  ‘[xcms]{peaksDataset}’

Missing link(s) in Rd file 'plotAlignment-peaksAlignment-method.Rd':
  ‘plotAlignment’

Missing link(s) in Rd file 'plotClustAlignment-clusterAlignment-method.Rd':
  ‘plotAlignment’

See section 'Cross-references' in the 'Writing R Extensions' manual.

Found the following Rd file(s) with Rd \link{} targets missing package
anchors:
  plotAlignment-peaksAlignment-method.Rd: plotAlignment
  plotClustAlignment-clusterAlignment-method.Rd: plotAlignment
Please provide package anchors for all Rd \link{} targets not in the
package itself and the base packages.
* checking for missing documentation entries ... WARNING
Undocumented code objects:
  ‘plotAlignment’ ‘plotChrom’ ‘plotClustAlignment’
Undocumented S4 methods:
  generic 'show' and siglist 'betweenAlignment'
All user-level objects in a package (including S4 classes and methods)
should have documentation entries.
See chapter ‘Writing R documentation files’ in the ‘Writing R
Extensions’ manual.
* checking for code/documentation mismatches ... OK
* checking Rd \usage sections ... OK
* checking Rd contents ... OK
* checking for unstated dependencies in examples ... OK
* checking line endings in C/C++/Fortran sources/headers ... OK
* checking compiled code ... NOTE
Note: information on .o files is not available
* checking sizes of PDF files under ‘inst/doc’ ... OK
* checking files in ‘vignettes’ ... OK
* checking examples ... OK
Examples with CPU (user + system) or elapsed time > 5s
                                      user system elapsed
plotAlignedFrags                    37.899  8.586  24.241
ndpRT                               18.996  4.174  16.412
plotAlignment-peaksAlignment-method 18.728  4.205  16.035
plotFrags                           18.679  4.171  15.918
peaksAlignment-class                18.589  4.200  15.918
progressiveAlignment-class          18.641  4.087  15.826
addXCMSPeaks                        19.270  3.209  16.230
retFatMatrix                        18.160  4.282  16.012
dynRT                               18.446  3.953  15.543
corPrt                              18.480  3.721  16.085
* checking for unstated dependencies in vignettes ... OK
* checking package vignettes ... OK
* checking running R code from vignettes ... SKIPPED
* checking re-building of vignette outputs ... SKIPPED
* checking PDF version of manual ... OK
* DONE

Status: 2 WARNINGs, 3 NOTEs
See
  ‘/Users/biocbuild/bbs-3.22-bioc/meat/flagme.Rcheck/00check.log’
for details.


Installation output

flagme.Rcheck/00install.out

##############################################################################
##############################################################################
###
### Running command:
###
###   /Library/Frameworks/R.framework/Resources/bin/R CMD INSTALL flagme
###
##############################################################################
##############################################################################


* installing to library ‘/Library/Frameworks/R.framework/Versions/4.5-arm64/Resources/library’
* installing *source* package ‘flagme’ ...
** this is package ‘flagme’ version ‘1.65.0’
** using staged installation
** libs
using C compiler: ‘Apple clang version 15.0.0 (clang-1500.1.0.2.5)’
using SDK: ‘MacOSX11.3.1.sdk’
clang -arch arm64 -std=gnu2x -I"/Library/Frameworks/R.framework/Resources/include" -DNDEBUG   -I/opt/R/arm64/include    -fPIC  -falign-functions=64 -Wall -g -O2  -c dp.c -o dp.o
clang -arch arm64 -std=gnu2x -I"/Library/Frameworks/R.framework/Resources/include" -DNDEBUG   -I/opt/R/arm64/include    -fPIC  -falign-functions=64 -Wall -g -O2  -c init.c -o init.o
clang -arch arm64 -std=gnu2x -I"/Library/Frameworks/R.framework/Resources/include" -DNDEBUG   -I/opt/R/arm64/include    -fPIC  -falign-functions=64 -Wall -g -O2  -c pearson.c -o pearson.o
clang -arch arm64 -std=gnu2x -dynamiclib -Wl,-headerpad_max_install_names -undefined dynamic_lookup -L/Library/Frameworks/R.framework/Resources/lib -L/opt/R/arm64/lib -o flagme.so dp.o init.o pearson.o -F/Library/Frameworks/R.framework/.. -framework R
installing to /Library/Frameworks/R.framework/Versions/4.5-arm64/Resources/library/00LOCK-flagme/00new/flagme/libs
** R
** inst
** byte-compile and prepare package for lazy loading
** help
*** installing help indices
** building package indices
** installing vignettes
** testing if installed package can be loaded from temporary location
** checking absolute paths in shared objects and dynamic libraries
** testing if installed package can be loaded from final location
** testing if installed package keeps a record of temporary installation path
* DONE (flagme)

Tests output


Example timings

flagme.Rcheck/flagme-Ex.timings

nameusersystemelapsed
addAMDISPeaks1.8130.0591.898
addChromaTOFPeaks1.7560.0491.850
addXCMSPeaks19.270 3.20916.230
betweenAlignment000
calcTimeDiffs2.9840.1573.514
clusterAlignment2.6480.0812.862
corPrt18.480 3.72116.085
dp2.7100.0882.886
dynRT18.446 3.95315.543
gatherInfo3.2100.1163.354
imputePeaks4.7370.1884.972
multipleAlignment-class3.1360.0943.303
ndpRT18.996 4.17416.412
normDotProduct2.2920.1292.441
parseChromaTOF0.7120.0250.737
parseELU0.5730.0060.590
peaksAlignment-class18.589 4.20015.918
peaksDataset2.1880.1372.330
plotAlignedFrags37.899 8.58624.241
plotAlignment-peaksAlignment-method18.728 4.20516.035
plotChrom-peaksDataset-method3.9190.2184.148
plotClustAlignment-clusterAlignment-method2.2020.1122.335
plotFrags18.679 4.17115.918
plotImage1.4670.0561.524
progressiveAlignment-class18.641 4.08715.826
retFatMatrix18.160 4.28216.012
rmaFitUnit3.0110.2213.234