Back to Multiple platform build/check report for BioC 3.22: simplified long |
|
This page was generated on 2025-10-04 12:05 -0400 (Sat, 04 Oct 2025).
Hostname | OS | Arch (*) | R version | Installed pkgs |
---|---|---|---|---|
nebbiolo2 | Linux (Ubuntu 24.04.3 LTS) | x86_64 | 4.5.1 Patched (2025-08-23 r88802) -- "Great Square Root" | 4853 |
lconway | macOS 12.7.1 Monterey | x86_64 | 4.5.1 Patched (2025-09-10 r88807) -- "Great Square Root" | 4640 |
kjohnson3 | macOS 13.7.7 Ventura | arm64 | 4.5.1 Patched (2025-09-10 r88807) -- "Great Square Root" | 4585 |
taishan | Linux (openEuler 24.03 LTS) | aarch64 | 4.5.0 (2025-04-11) -- "How About a Twenty-Six" | 4576 |
Click on any hostname to see more info about the system (e.g. compilers) (*) as reported by 'uname -p', except on Windows and Mac OS X |
Package 1695/2341 | Hostname | OS / Arch | INSTALL | BUILD | CHECK | BUILD BIN | ||||||||
Rarr 1.9.16 (landing page) Hugo Gruson
| nebbiolo2 | Linux (Ubuntu 24.04.3 LTS) / x86_64 | OK | ERROR | skipped | |||||||||
lconway | macOS 12.7.1 Monterey / x86_64 | OK | ERROR | skipped | skipped | |||||||||
kjohnson3 | macOS 13.7.7 Ventura / arm64 | OK | ERROR | skipped | skipped | |||||||||
taishan | Linux (openEuler 24.03 LTS) / aarch64 | OK | ERROR | skipped | ||||||||||
To the developers/maintainers of the Rarr package: - Allow up to 24 hours (and sometimes 48 hours) for your latest push to git@git.bioconductor.org:packages/Rarr.git to reflect on this report. See Troubleshooting Build Report for more information. - Use the following Renviron settings to reproduce errors and warnings. - If 'R CMD check' started to fail recently on the Linux builder(s) over a missing dependency, add the missing dependency to 'Suggests:' in your DESCRIPTION file. See Renviron.bioc for more information. |
Package: Rarr |
Version: 1.9.16 |
Command: /Library/Frameworks/R.framework/Resources/bin/R CMD build --keep-empty-dirs --no-resave-data Rarr |
StartedAt: 2025-10-03 18:36:57 -0400 (Fri, 03 Oct 2025) |
EndedAt: 2025-10-03 18:38:43 -0400 (Fri, 03 Oct 2025) |
EllapsedTime: 105.3 seconds |
RetCode: 1 |
Status: ERROR |
PackageFile: None |
PackageFileSize: NA |
############################################################################## ############################################################################## ### ### Running command: ### ### /Library/Frameworks/R.framework/Resources/bin/R CMD build --keep-empty-dirs --no-resave-data Rarr ### ############################################################################## ############################################################################## * checking for file ‘Rarr/DESCRIPTION’ ... OK * preparing ‘Rarr’: * checking DESCRIPTION meta-information ... OK * cleaning src * running ‘cleanup’ * installing the package to build vignettes * creating vignettes ... ERROR --- re-building ‘Rarr.Rmd’ using rmarkdown Quitting from Rarr.Rmd:106-112 [unnamed-chunk-3] ~~~~~~~~~~~~~~~~~~~~~~~~~~~~~~~~~~~~~~~~~~~~~~~~~~~~~~~~~~~~~~~~~~~~~~~~~~~~~~~~ <error/rlang_error> Error: ! The path does not contain any metadata files. It must contain one of: - `.zmetadata` (consolidated metadata) - `.zarray` (Zarr V2 specification) - `zarr.json` (Zarr V3 specification) --- Backtrace: ▆ 1. └─Rarr::zarr_overview("https://s3.embl.de/rarr-testing/bzip2.zarr") ~~~~~~~~~~~~~~~~~~~~~~~~~~~~~~~~~~~~~~~~~~~~~~~~~~~~~~~~~~~~~~~~~~~~~~~~~~~~~~~~ Error: processing vignette 'Rarr.Rmd' failed with diagnostics: The path does not contain any metadata files. It must contain one of: - `.zmetadata` (consolidated metadata) - `.zarray` (Zarr V2 specification) - `zarr.json` (Zarr V3 specification) --- failed re-building ‘Rarr.Rmd’ SUMMARY: processing the following file failed: ‘Rarr.Rmd’ Error: Vignette re-building failed. Execution halted