Back to Multiple platform build/check report for BioC 3.22:   simplified   long
ABCDEFGHIJKLMNOP[Q]RSTUVWXYZ

This page was generated on 2025-06-28 12:13 -0400 (Sat, 28 Jun 2025).

HostnameOSArch (*)R versionInstalled pkgs
nebbiolo2Linux (Ubuntu 24.04.2 LTS)x86_644.5.1 (2025-06-13) -- "Great Square Root" 4775
palomino8Windows Server 2022 Datacenterx644.5.1 (2025-06-13 ucrt) -- "Great Square Root" 4517
lconwaymacOS 12.7.1 Montereyx86_644.5.1 (2025-06-13) -- "Great Square Root" 4559
kjohnson3macOS 13.7.1 Venturaarm644.5.1 Patched (2025-06-14 r88325) -- "Great Square Root" 4500
taishanLinux (openEuler 24.03 LTS)aarch644.5.0 (2025-04-11) -- "How About a Twenty-Six" 4499
Click on any hostname to see more info about the system (e.g. compilers)      (*) as reported by 'uname -p', except on Windows and Mac OS X

Package 1642/2310HostnameOS / ArchINSTALLBUILDCHECKBUILD BIN
QRscore 1.1.1  (landing page)
Fanding Zhou
Snapshot Date: 2025-06-27 13:25 -0400 (Fri, 27 Jun 2025)
git_url: https://git.bioconductor.org/packages/QRscore
git_branch: devel
git_last_commit: 609b666
git_last_commit_date: 2025-06-19 23:43:25 -0400 (Thu, 19 Jun 2025)
nebbiolo2Linux (Ubuntu 24.04.2 LTS) / x86_64  OK    OK    WARNINGS  UNNEEDED, same version is already published
palomino8Windows Server 2022 Datacenter / x64  OK    OK    WARNINGS    OK  UNNEEDED, same version is already published
lconwaymacOS 12.7.1 Monterey / x86_64  OK    OK    WARNINGS    OK  UNNEEDED, same version is already published
kjohnson3macOS 13.7.1 Ventura / arm64  OK    OK    WARNINGS    OK  UNNEEDED, same version is already published
taishanLinux (openEuler 24.03 LTS) / aarch64  ERROR    OK    ERROR  


CHECK results for QRscore on taishan

To the developers/maintainers of the QRscore package:
- Allow up to 24 hours (and sometimes 48 hours) for your latest push to git@git.bioconductor.org:packages/QRscore.git to reflect on this report. See Troubleshooting Build Report for more information.
- Use the following Renviron settings to reproduce errors and warnings.
- If 'R CMD check' started to fail recently on the Linux builder(s) over a missing dependency, add the missing dependency to 'Suggests:' in your DESCRIPTION file. See Renviron.bioc for more information.
- See Martin Grigorov's blog post for how to debug Linux ARM64 related issues on a x86_64 host.

raw results


Summary

Package: QRscore
Version: 1.1.1
Command: /home/biocbuild/R/R/bin/R CMD check --install=check:QRscore.install-out.txt --library=/home/biocbuild/R/R/site-library --no-vignettes --timings QRscore_1.1.1.tar.gz
StartedAt: 2025-06-27 10:26:24 -0000 (Fri, 27 Jun 2025)
EndedAt: 2025-06-27 10:26:28 -0000 (Fri, 27 Jun 2025)
EllapsedTime: 4.0 seconds
RetCode: 1
Status:   ERROR  
CheckDir: QRscore.Rcheck
Warnings: NA

Command output

##############################################################################
##############################################################################
###
### Running command:
###
###   /home/biocbuild/R/R/bin/R CMD check --install=check:QRscore.install-out.txt --library=/home/biocbuild/R/R/site-library --no-vignettes --timings QRscore_1.1.1.tar.gz
###
##############################################################################
##############################################################################


* using log directory ‘/home/biocbuild/bbs-3.22-bioc/meat/QRscore.Rcheck’
* using R version 4.5.0 (2025-04-11)
* using platform: aarch64-unknown-linux-gnu
* R was compiled by
    aarch64-unknown-linux-gnu-gcc (GCC) 14.2.0
    GNU Fortran (GCC) 14.2.0
* running under: openEuler 24.03 (LTS)
* using session charset: UTF-8
* using option ‘--no-vignettes’
* checking for file ‘QRscore/DESCRIPTION’ ... OK
* this is package ‘QRscore’ version ‘1.1.1’
* package encoding: UTF-8
* checking package namespace information ... OK
* checking package dependencies ... ERROR
Package required but not available: ‘arrangements’

See section ‘The DESCRIPTION file’ in the ‘Writing R Extensions’
manual.
* DONE

Status: 1 ERROR
See
  ‘/home/biocbuild/bbs-3.22-bioc/meat/QRscore.Rcheck/00check.log’
for details.


Installation output


Tests output


Example timings