Back to Multiple platform build/check report for BioC 3.22:   simplified   long
ABCDEFGHIJKLMN[O]PQRSTUVWXYZ

This page was generated on 2025-10-04 12:05 -0400 (Sat, 04 Oct 2025).

HostnameOSArch (*)R versionInstalled pkgs
nebbiolo2Linux (Ubuntu 24.04.3 LTS)x86_644.5.1 Patched (2025-08-23 r88802) -- "Great Square Root" 4853
lconwaymacOS 12.7.1 Montereyx86_644.5.1 Patched (2025-09-10 r88807) -- "Great Square Root" 4640
kjohnson3macOS 13.7.7 Venturaarm644.5.1 Patched (2025-09-10 r88807) -- "Great Square Root" 4585
taishanLinux (openEuler 24.03 LTS)aarch644.5.0 (2025-04-11) -- "How About a Twenty-Six" 4576
Click on any hostname to see more info about the system (e.g. compilers)      (*) as reported by 'uname -p', except on Windows and Mac OS X

Package 1490/2341HostnameOS / ArchINSTALLBUILDCHECKBUILD BIN
OmnipathR 3.17.6  (landing page)
Denes Turei
Snapshot Date: 2025-10-03 13:45 -0400 (Fri, 03 Oct 2025)
git_url: https://git.bioconductor.org/packages/OmnipathR
git_branch: devel
git_last_commit: 69ba6ef
git_last_commit_date: 2025-09-24 06:19:47 -0400 (Wed, 24 Sep 2025)
nebbiolo2Linux (Ubuntu 24.04.3 LTS) / x86_64  OK    OK    ERROR  
lconwaymacOS 12.7.1 Monterey / x86_64  OK    OK    ERROR    OK  
kjohnson3macOS 13.7.7 Ventura / arm64  OK    OK    ERROR    OK  
taishanLinux (openEuler 24.03 LTS) / aarch64  OK    OK    ERROR  


CHECK results for OmnipathR on lconway

To the developers/maintainers of the OmnipathR package:
- Allow up to 24 hours (and sometimes 48 hours) for your latest push to git@git.bioconductor.org:packages/OmnipathR.git to reflect on this report. See Troubleshooting Build Report for more information.
- Use the following Renviron settings to reproduce errors and warnings.
- If 'R CMD check' started to fail recently on the Linux builder(s) over a missing dependency, add the missing dependency to 'Suggests:' in your DESCRIPTION file. See Renviron.bioc for more information.

raw results


Summary

Package: OmnipathR
Version: 3.17.6
Command: /Library/Frameworks/R.framework/Resources/bin/R CMD check --install=check:OmnipathR.install-out.txt --library=/Library/Frameworks/R.framework/Resources/library --no-vignettes --timings OmnipathR_3.17.6.tar.gz
StartedAt: 2025-10-03 23:25:07 -0400 (Fri, 03 Oct 2025)
EndedAt: 2025-10-03 23:45:23 -0400 (Fri, 03 Oct 2025)
EllapsedTime: 1216.4 seconds
RetCode: 1
Status:   ERROR  
CheckDir: OmnipathR.Rcheck
Warnings: NA

Command output

##############################################################################
##############################################################################
###
### Running command:
###
###   /Library/Frameworks/R.framework/Resources/bin/R CMD check --install=check:OmnipathR.install-out.txt --library=/Library/Frameworks/R.framework/Resources/library --no-vignettes --timings OmnipathR_3.17.6.tar.gz
###
##############################################################################
##############################################################################


* using log directory ‘/Users/biocbuild/bbs-3.22-bioc/meat/OmnipathR.Rcheck’
* using R version 4.5.1 Patched (2025-09-10 r88807)
* using platform: x86_64-apple-darwin20
* R was compiled by
    Apple clang version 14.0.0 (clang-1400.0.29.202)
    GNU Fortran (GCC) 14.2.0
* running under: macOS Monterey 12.7.6
* using session charset: UTF-8
* using option ‘--no-vignettes’
* checking for file ‘OmnipathR/DESCRIPTION’ ... OK
* checking extension type ... Package
* this is package ‘OmnipathR’ version ‘3.17.6’
* package encoding: UTF-8
* checking package namespace information ... OK
* checking package dependencies ... INFO
Imports includes 35 non-default packages.
Importing from so many packages makes the package vulnerable to any of
them becoming unavailable.  Move as many as possible to Suggests and
use conditionally.
* checking if this is a source package ... OK
* checking if there is a namespace ... OK
* checking for hidden files and directories ... OK
* checking for portable file names ... OK
* checking for sufficient/correct file permissions ... OK
* checking whether package ‘OmnipathR’ can be installed ... OK
* checking installed package size ... OK
* checking package directory ... OK
* checking DESCRIPTION meta-information ... OK
* checking top-level files ... OK
* checking for left-over files ... OK
* checking index information ... OK
* checking package subdirectories ... OK
* checking code files for non-ASCII characters ... OK
* checking R files for syntax errors ... OK
* checking whether the package can be loaded ... OK
* checking whether the package can be loaded with stated dependencies ... OK
* checking whether the package can be unloaded cleanly ... OK
* checking whether the namespace can be loaded with stated dependencies ... OK
* checking whether the namespace can be unloaded cleanly ... OK
* checking whether startup messages can be suppressed ... NOTE
[2025-10-03 23:25:47] [TRACE]   [OmnipathR] Reading JSON from `/Users/biocbuild/Library/Caches/OmnipathR/cache.json` (encoding: UTF-8).
[2025-10-03 23:25:47] [TRACE]   [OmnipathR] JSON validation successful: TRUE
[2025-10-03 23:25:47] [INFO]    [OmnipathR] Initialized cache: `/Users/biocbuild/Library/Caches/OmnipathR`.
[2025-10-03 23:25:47] [INFO]    [OmnipathR] Package `OmnipathR` packaged: NA
[2025-10-03 23:25:47] [INFO]    [OmnipathR] Package `OmnipathR` date/publication: 2025-10-03
[2025-10-03 23:25:47] [INFO]    [OmnipathR] Package `OmnipathR` built: R 4.5.1; ; 2025-10-03 19:10:23 UTC; unix
[2025-10-03 23:25:47] [INFO]    [OmnipathR] Package `OmnipathR` version: 3.17.6
[2025-10-03 23:25:47] [INFO]    [OmnipathR] Package `OmnipathR` repository: Bioconductor 3.22
[2025-10-03 23:25:48] [INFO]    [OmnipathR] Session info: [version=R version 4.5.1 Patched (2025-09-10 r88807); os=macOS Monterey 12.7.6; system=x86_64, darwin20; ui=X11; language=(EN); collate=C; ctype=en_US.UTF-8; tz=America/New_York; date=2025-10-03; pandoc=2.7.3 @ /usr/local/bin/ (via rmarkdown); quarto=1.4.553 @ /usr/local/bin/quarto]
[2025-10-03 23:25:48] [INFO]    [OmnipathR] External libraries: [cairo=1.17.6; cairoFT=; pango=1.50.14; png=1.6.44; jpeg=9.5; tiff=LIBTIFF, Version 4.5.0; tcl=8.6.13; curl=8.7.1; zlib=1.2.11; bzlib=1.0.8, 13-Jul-2019; xz=5.6.3; deflate=1.23; PCRE=10.44 2024-06-07; ICU=70.1; TRE=TRE 0.8.0 R_fixes (BSD); iconv=Apple or GNU libiconv 1.11 /Library/Frameworks/R.framework/Versions/4.5-x86_64/Resources/lib/libR.dylib; readline=5.2; BLAS=/Library/Frameworks/R.framework/Versions/4.5-x86_64/Resources/lib/libRblas.0.dylib; lapack=/Library/Frameworks/R.framework/Versions/4.5-x86_64/Resources/lib/libRlapack.dylib; lapack_version=3.12.1]
[2025-10-03 23:25:49] [INFO]    [OmnipathR] Loaded packages: backports 1.5.0(2024-05-23); bit 4.6.0(2025-03-06); bit64 4.6.0-1(2025-01-16); blob 1.2.4(2023-03-17); cachem 1.1.0(2024-05-16); cellranger 1.1.0(2016-07-27); checkmate 2.3.3(2025-08-18); chromote 0.5.1(2025-04-24); cli 3.6.5(2025-04-23); crayon 1.5.3(2024-06-20); curl 7.0.0(2025-08-19); DBI 1.2.3(2024-06-02); digest 0.6.37(2024-08-19); dplyr 1.1.4(2023-11-17); evaluate 1.0.5(2025-08-27); fastmap 1.2.0(2024-05-15); fs 1.6.6(2025-04-12); generics 0.1.4(2025-05-09); glue 1.8.0(2024-09-30); hms 1.1.3(2023-03-21); htmltools 0.5.8.1(2024-04-04); httr 1.4.7(2023-08-15); httr2 1.2.1(2025-07-22); igraph 2.1.4(2025-01-23); jsonlite 2.0.0(2025-03-27); knitr 1.50(2025-03-16); later 1.4.4(2025-08-27); lifecycle 1.0.4(2023-11-07); logger 0.4.1(2025-09-11); lubridate 1.9.4(2024-12-08); magrittr 2.0.4(2025-09-12); memoise 2.0.1(2021-11-26); OmnipathR 3.17.6(2025-10-03); pillar 1.11.1(2025-09-17); pkgconfig 2.0.3(2019-09-22); prettyunits 1.2.0(2023-09-24); processx 3.8.6(2025-02-21); progress 1.2.3(2023-12-06); promises 1.3.3(2025-05-29); ps 1.9.1(2025-04-12); purrr 1.1.0(2025-07-10); R.methodsS3 1.8.2(2022-06-13); R.oo 1.27.1(2025-05-02); R.utils 2.13.0(2025-02-24); R6 2.6.1(2025-02-15); rappdirs 0.3.3(2021-01-31); Rcpp 1.1.0(2025-07-02); readr 2.1.5(2024-01-10); readxl 1.4.5(2025-03-07); rlang 1.1.6(2025-04-11); rmarkdown 2.30(2025-09-28); RSQLite 2.4.3(2025-08-20); rvest 1.0.5(2025-08-29); sessioninfo 1.2.3(2025-02-05); stringi 1.8.7(2025-03-27); stringr 1.5.2(2025-09-08); tibble 3.3.0(2025-06-08); tidyr 1.3.1(2024-01-24); tidyselect 1.2.1(2024-03-11); timechange 0.3.0(2024-01-18); tzdb 0.5.0(2025-03-15); vctrs 0.6.5(2023-12-01); websocket 1.4.4(2025-04-10); withr 3.0.2(2024-10-28); xfun 0.53(2025-08-19); XML 3.99-0.19(2025-08-22); xml2 1.4.0(2025-08-20); yaml 2.3.10(2024-07-26); zip 2.3.3(2025-05-13)
[2025-10-03 23:25:49] [INFO]    [OmnipathR] CURL: version: 8.14.1; headers: 8.14.1; ssl_version: LibreSSL/3.3.6 (SecureTransport); libz_version: 1.2.11; libssh_version: NA; libidn_version: NA; host: x86_64-apple-darwin22.6.0; protocols: dict, file, ftp, ftps, gopher, gophers, http, https, imap, imaps, ldap, ldaps, mqtt, pop3, pop3s, rtsp, smb, smbs, smtp, smtps, telnet, tftp, ws, wss; ipv6: TRUE; http2: TRUE; idn: FALSE; url_parser: TRUE
[2025-10-03 23:25:49] [TRACE]   [OmnipathR] Running on a build server, wiping cache.
[2025-10-03 23:25:49] [TRACE]   [OmnipathR] Cache is at `/Users/biocbuild/Library/Caches/OmnipathR`.
[2025-10-03 23:25:49] [TRACE]   [OmnipathR] Contains 1 files.
[2025-10-03 23:25:49] [TRACE]   [OmnipathR] Cache is locked: FALSE.
[2025-10-03 23:25:49] [TRACE]   [OmnipathR] Reading JSON from `/Users/biocbuild/Library/Caches/OmnipathR/cache.json` (encoding: UTF-8).
[2025-10-03 23:25:49] [TRACE]   [OmnipathR] JSON validation successful: TRUE
[2025-10-03 23:25:49] [SUCCESS] [OmnipathR] Removing all cache contents from `/Users/biocbuild/Library/Caches/OmnipathR`.
[2025-10-03 23:25:49] [TRACE]   [OmnipathR] Pandoc version: `2.7.3`.
[2025-10-03 23:25:49] [TRACE]   [OmnipathR] Reading JSON from `/Library/Frameworks/R.framework/Versions/4.5-x86_64/Resources/library/OmnipathR/db/db_def.json` (encoding: UTF-8).
[2025-10-03 23:25:49] [TRACE]   [OmnipathR] JSON validation successful: TRUE
[2025-10-03 23:25:49] [TRACE]   [OmnipathR] Reading JSON from `/Library/Frameworks/R.framework/Versions/4.5-x86_64/Resources/library/OmnipathR/internal/magic_bytes.json` (encoding: UTF-8).
[2025-10-03 23:25:49] [TRACE]   [OmnipathR] JSON validation successful: TRUE
[2025-10-03 23:25:49] [TRACE]   [OmnipathR] Reading JSON from `/Library/Frameworks/R.framework/Versions/4.5-x86_64/Resources/library/OmnipathR/internal/urls.json` (encoding: UTF-8).
[2025-10-03 23:25:49] [TRACE]   [OmnipathR] JSON validation successful: TRUE
[2025-10-03 23:25:49] [TRACE]   [OmnipathR] Reading JSON from `/Library/Frameworks/R.framework/Versions/4.5-x86_64/Resources/library/OmnipathR/internal/id_types.json` (encoding: UTF-8).
[2025-10-03 23:25:49] [TRACE]   [OmnipathR] JSON validation successful: TRUE
[2025-10-03 23:25:49] [TRACE]   [OmnipathR] Cache locked: FALSE

It looks like this package (or a package it requires) has a startup
message which cannot be suppressed: see ?packageStartupMessage.
* checking dependencies in R code ... OK
* checking S3 generic/method consistency ... OK
* checking replacement functions ... OK
* checking foreign function calls ... OK
* checking R code for possible problems ... NOTE
[2025-10-03 23:26:15] [TRACE]   [OmnipathR] Reading JSON from `/Users/biocbuild/Library/Caches/OmnipathR/cache.json` (encoding: UTF-8).
[2025-10-03 23:26:15] [TRACE]   [OmnipathR] JSON validation successful: TRUE
[2025-10-03 23:26:15] [INFO]    [OmnipathR] Initialized cache: `/Users/biocbuild/Library/Caches/OmnipathR`.
[2025-10-03 23:26:15] [INFO]    [OmnipathR] Package `OmnipathR` packaged: NA
[2025-10-03 23:26:15] [INFO]    [OmnipathR] Package `OmnipathR` date/publication: 2025-10-03
[2025-10-03 23:26:15] [INFO]    [OmnipathR] Package `OmnipathR` built: R 4.5.1; ; 2025-10-03 19:10:23 UTC; unix
[2025-10-03 23:26:15] [INFO]    [OmnipathR] Package `OmnipathR` version: 3.17.6
[2025-10-03 23:26:15] [INFO]    [OmnipathR] Package `OmnipathR` repository: Bioconductor 3.22
[2025-10-03 23:26:16] [INFO]    [OmnipathR] Session info: [version=R version 4.5.1 Patched (2025-09-10 r88807); os=macOS Monterey 12.7.6; system=x86_64, darwin20; ui=X11; language=(EN); collate=C; ctype=en_US.UTF-8; tz=America/New_York; date=2025-10-03; pandoc=2.7.3 @ /usr/local/bin/ (via rmarkdown); quarto=1.4.553 @ /usr/local/bin/quarto]
[2025-10-03 23:26:16] [INFO]    [OmnipathR] External libraries: [cairo=1.17.6; cairoFT=; pango=1.50.14; png=1.6.44; jpeg=9.5; tiff=LIBTIFF, Version 4.5.0; tcl=8.6.13; curl=8.7.1; zlib=1.2.11; bzlib=1.0.8, 13-Jul-2019; xz=5.6.3; deflate=1.23; PCRE=10.44 2024-06-07; ICU=70.1; TRE=TRE 0.8.0 R_fixes (BSD); iconv=Apple or GNU libiconv 1.11 /Library/Frameworks/R.framework/Versions/4.5-x86_64/Resources/lib/libR.dylib; readline=5.2; BLAS=/Library/Frameworks/R.framework/Versions/4.5-x86_64/Resources/lib/libRblas.0.dylib; lapack=/Library/Frameworks/R.framework/Versions/4.5-x86_64/Resources/lib/libRlapack.dylib; lapack_version=3.12.1]
[2025-10-03 23:26:16] [INFO]    [OmnipathR] Loaded packages: backports 1.5.0(2024-05-23); bit 4.6.0(2025-03-06); bit64 4.6.0-1(2025-01-16); blob 1.2.4(2023-03-17); cachem 1.1.0(2024-05-16); cellranger 1.1.0(2016-07-27); checkmate 2.3.3(2025-08-18); chromote 0.5.1(2025-04-24); cli 3.6.5(2025-04-23); crayon 1.5.3(2024-06-20); curl 7.0.0(2025-08-19); DBI 1.2.3(2024-06-02); digest 0.6.37(2024-08-19); dplyr 1.1.4(2023-11-17); evaluate 1.0.5(2025-08-27); fastmap 1.2.0(2024-05-15); fs 1.6.6(2025-04-12); generics 0.1.4(2025-05-09); glue 1.8.0(2024-09-30); hms 1.1.3(2023-03-21); htmltools 0.5.8.1(2024-04-04); httr 1.4.7(2023-08-15); httr2 1.2.1(2025-07-22); igraph 2.1.4(2025-01-23); jsonlite 2.0.0(2025-03-27); knitr 1.50(2025-03-16); later 1.4.4(2025-08-27); lifecycle 1.0.4(2023-11-07); logger 0.4.1(2025-09-11); lubridate 1.9.4(2024-12-08); magrittr 2.0.4(2025-09-12); memoise 2.0.1(2021-11-26); OmnipathR 3.17.6(2025-10-03); pillar 1.11.1(2025-09-17); pkgconfig 2.0.3(2019-09-22); prettyunits 1.2.0(2023-09-24); processx 3.8.6(2025-02-21); progress 1.2.3(2023-12-06); promises 1.3.3(2025-05-29); ps 1.9.1(2025-04-12); purrr 1.1.0(2025-07-10); R.methodsS3 1.8.2(2022-06-13); R.oo 1.27.1(2025-05-02); R.utils 2.13.0(2025-02-24); R6 2.6.1(2025-02-15); rappdirs 0.3.3(2021-01-31); Rcpp 1.1.0(2025-07-02); readr 2.1.5(2024-01-10); readxl 1.4.5(2025-03-07); rlang 1.1.6(2025-04-11); rmarkdown 2.30(2025-09-28); RSQLite 2.4.3(2025-08-20); rvest 1.0.5(2025-08-29); sessioninfo 1.2.3(2025-02-05); stringi 1.8.7(2025-03-27); stringr 1.5.2(2025-09-08); tibble 3.3.0(2025-06-08); tidyr 1.3.1(2024-01-24); tidyselect 1.2.1(2024-03-11); timechange 0.3.0(2024-01-18); tzdb 0.5.0(2025-03-15); vctrs 0.6.5(2023-12-01); websocket 1.4.4(2025-04-10); withr 3.0.2(2024-10-28); xfun 0.53(2025-08-19); XML 3.99-0.19(2025-08-22); xml2 1.4.0(2025-08-20); yaml 2.3.10(2024-07-26); zip 2.3.3(2025-05-13)
[2025-10-03 23:26:16] [INFO]    [OmnipathR] CURL: version: 8.14.1; headers: 8.14.1; ssl_version: LibreSSL/3.3.6 (SecureTransport); libz_version: 1.2.11; libssh_version: NA; libidn_version: NA; host: x86_64-apple-darwin22.6.0; protocols: dict, file, ftp, ftps, gopher, gophers, http, https, imap, imaps, ldap, ldaps, mqtt, pop3, pop3s, rtsp, smb, smbs, smtp, smtps, telnet, tftp, ws, wss; ipv6: TRUE; http2: TRUE; idn: FALSE; url_parser: TRUE
[2025-10-03 23:26:16] [TRACE]   [OmnipathR] Running on a build server, wiping cache.
[2025-10-03 23:26:16] [TRACE]   [OmnipathR] Cache is at `/Users/biocbuild/Library/Caches/OmnipathR`.
[2025-10-03 23:26:16] [TRACE]   [OmnipathR] Contains 1 files.
[2025-10-03 23:26:16] [TRACE]   [OmnipathR] Cache is locked: FALSE.
[2025-10-03 23:26:16] [TRACE]   [OmnipathR] Reading JSON from `/Users/biocbuild/Library/Caches/OmnipathR/cache.json` (encoding: UTF-8).
[2025-10-03 23:26:16] [TRACE]   [OmnipathR] JSON validation successful: TRUE
[2025-10-03 23:26:16] [SUCCESS] [OmnipathR] Removing all cache contents from `/Users/biocbuild/Library/Caches/OmnipathR`.
[2025-10-03 23:26:16] [TRACE]   [OmnipathR] Pandoc version: `2.7.3`.
[2025-10-03 23:26:16] [TRACE]   [OmnipathR] Reading JSON from `/Library/Frameworks/R.framework/Versions/4.5-x86_64/Resources/library/OmnipathR/db/db_def.json` (encoding: UTF-8).
[2025-10-03 23:26:16] [TRACE]   [OmnipathR] JSON validation successful: TRUE
[2025-10-03 23:26:16] [TRACE]   [OmnipathR] Reading JSON from `/Library/Frameworks/R.framework/Versions/4.5-x86_64/Resources/library/OmnipathR/internal/magic_bytes.json` (encoding: UTF-8).
[2025-10-03 23:26:16] [TRACE]   [OmnipathR] JSON validation successful: TRUE
[2025-10-03 23:26:16] [TRACE]   [OmnipathR] Reading JSON from `/Library/Frameworks/R.framework/Versions/4.5-x86_64/Resources/library/OmnipathR/internal/urls.json` (encoding: UTF-8).
[2025-10-03 23:26:16] [TRACE]   [OmnipathR] JSON validation successful: TRUE
[2025-10-03 23:26:16] [TRACE]   [OmnipathR] Reading JSON from `/Library/Frameworks/R.framework/Versions/4.5-x86_64/Resources/library/OmnipathR/internal/id_types.json` (encoding: UTF-8).
[2025-10-03 23:26:16] [TRACE]   [OmnipathR] JSON validation successful: TRUE
[2025-10-03 23:26:16] [TRACE]   [OmnipathR] Cache locked: FALSE
.cosmos_pkn: no visible global function definition for
  ‘metabolite_idsc’
cosmos_ksn: no visible binding for global variable
  ‘substrate_genesymbol’
cosmos_ksn: no visible binding for global variable ‘residue_type’
cosmos_ksn: no visible binding for global variable ‘residue_offset’
cosmos_ksn: no visible binding for global variable ‘enzyme_genesymbol’
cosmos_ksn: no visible binding for global variable ‘mor’
recon3d_genes: no visible binding for global variable ‘notes’
recon3d_genes: no visible binding for global variable ‘annotation’
recon3d_genes: no visible binding for global variable
  ‘original_bigg_ids’
recon3d_metabolites: no visible binding for global variable ‘notes’
recon3d_metabolites: no visible binding for global variable
  ‘original_bigg_ids’
recon3d_metabolites: no visible binding for global variable
  ‘annotation’
recon3d_metabolites: no visible global function definition for
  ‘chalmers_gem_matlab_tibble’
recon3d_metabolites: no visible binding for global variable ‘hmdb’
recon3d_metabolites: no visible binding for global variable ‘metHMDBID’
recon3d_reactions: no visible binding for global variable ‘notes’
recon3d_reactions: no visible binding for global variable ‘metabolites’
recon3d_reactions: no visible binding for global variable
  ‘original_bigg_ids’
taxon_names_table: no visible binding for global variable
  ‘latin_name_uniprot’
taxon_names_table: no visible binding for global variable
  ‘latin_name_ensembl’
taxon_names_table: no visible binding for global variable
  ‘latin_name_oma’
taxon_names_table: no visible binding for global variable
  ‘common_name_ensembl’
taxon_names_table: no visible binding for global variable
  ‘common_name_uniprot’
Undefined global functions or variables:
  annotation chalmers_gem_matlab_tibble common_name_ensembl
  common_name_uniprot enzyme_genesymbol hmdb latin_name_ensembl
  latin_name_oma latin_name_uniprot metHMDBID metabolite_idsc
  metabolites mor notes original_bigg_ids residue_offset residue_type
  substrate_genesymbol
* checking Rd files ... OK
* checking Rd metadata ... OK
* checking Rd cross-references ... OK
* checking for missing documentation entries ... WARNING
Undocumented code objects:
  ‘recon3d_raw’ ‘recon3d_raw_vmh’
All user-level objects in a package should have documentation entries.
See chapter ‘Writing R documentation files’ in the ‘Writing R
Extensions’ manual.
* checking for code/documentation mismatches ... OK
* checking Rd \usage sections ... WARNING
Undocumented arguments in Rd file 'recon3d.Rd'
  ‘extra_hmdb’

Undocumented arguments in Rd file 'translate_ids_multi.Rd'
  ‘ramp’ ‘expand’

Functions with \usage entries need to have the appropriate \alias
entries, and all their arguments documented.
The \usage entries must correspond to syntactically valid R code.
See chapter ‘Writing R documentation files’ in the ‘Writing R
Extensions’ manual.
* checking Rd contents ... OK
* checking for unstated dependencies in examples ... OK
* checking R/sysdata.rda ... OK
* checking files in ‘vignettes’ ... OK
* checking examples ... ERROR
Running examples in ‘OmnipathR-Ex.R’ failed
The error most likely occurred in:

> base::assign(".ptime", proc.time(), pos = "CheckExEnv")
> ### Name: recon3d_metabolites
> ### Title: Metabolites from Recon-3D
> ### Aliases: recon3d_metabolites recon3d_reactions recon3d_genes
> ###   recon3d_compartments
> 
> ### ** Examples
> 
> recon3d_metabolites()
Warning in readLines(con = path, encoding = encoding) :
  incomplete final line found on '/Users/biocbuild/Library/Caches/OmnipathR/be81cd1c9a119b749e4206f26272806591e8fb4c-1.gz'
Error in chalmers_gem_matlab_tibble(., "mets", "metHMDBID") : 
  could not find function "chalmers_gem_matlab_tibble"
Calls: recon3d_metabolites ... same_src.data.frame -> is.data.frame -> %>% -> unnest -> unnest
Execution halted
Examples with CPU (user + system) or elapsed time > 5s
                                       user system elapsed
curated_ligrec_stats                 43.560 22.767 143.983
annotation_categories                64.631  0.366  66.773
filter_extra_attrs                   36.161 17.474  66.681
omnipath-interactions                34.891  3.261  61.548
all_uniprots                         28.469  3.250  53.122
extra_attrs_to_cols                  17.728  3.075  33.443
nichenet_gr_network_omnipath         18.540  2.117  22.847
go_annot_download                    14.008  3.409  29.150
extra_attr_values                    13.519  3.685  26.841
has_extra_attrs                      12.008  4.049  16.460
giant_component                      11.792  3.716  35.013
extra_attrs                          12.305  3.053  27.020
nichenet_signaling_network_omnipath  13.355  1.291  16.859
pivot_annotations                    10.576  1.330  20.484
omnipath_for_cosmos                  10.772  0.982  36.271
filter_by_resource                    8.446  0.951  16.981
curated_ligand_receptor_interactions  7.927  1.305  17.931
find_all_paths                        6.534  2.622  22.349
filter_intercell                      7.957  0.999  34.506
print_interactions                    7.379  0.574  11.895
pubmed_open                           4.740  0.276   5.079
ensembl_id_mapping_table              2.548  0.549  27.397
print_path_vs                         2.791  0.300   5.701
enzsub_graph                          2.334  0.247   8.190
kegg_conv                             1.598  0.237  12.668
metalinksdb_sqlite                    1.129  0.338  10.844
kinasephos                            1.136  0.175  18.996
kegg_picture                          1.129  0.058   5.060
kegg_rm_prefix                        0.910  0.121   5.542
kegg_link                             0.799  0.112   5.973
* checking for unstated dependencies in ‘tests’ ... OK
* checking tests ...
  Running ‘testthat.R’
 OK
* checking for unstated dependencies in vignettes ... OK
* checking package vignettes ... OK
* checking running R code from vignettes ... SKIPPED
* checking re-building of vignette outputs ... SKIPPED
* checking PDF version of manual ... OK
* DONE

Status: 1 ERROR, 2 WARNINGs, 2 NOTEs
See
  ‘/Users/biocbuild/bbs-3.22-bioc/meat/OmnipathR.Rcheck/00check.log’
for details.


Installation output

OmnipathR.Rcheck/00install.out

##############################################################################
##############################################################################
###
### Running command:
###
###   /Library/Frameworks/R.framework/Resources/bin/R CMD INSTALL OmnipathR
###
##############################################################################
##############################################################################


* installing to library ‘/Library/Frameworks/R.framework/Versions/4.5-x86_64/Resources/library’
* installing *source* package ‘OmnipathR’ ...
** this is package ‘OmnipathR’ version ‘3.17.6’
** using staged installation
** R
** inst
** byte-compile and prepare package for lazy loading
** help
*** installing help indices
*** copying figures
** building package indices
** installing vignettes
** testing if installed package can be loaded from temporary location
[2025-10-03 15:10:36] [TRACE]   [OmnipathR] Reading JSON from `/Users/biocbuild/Library/Caches/OmnipathR/cache.json` (encoding: UTF-8).
[2025-10-03 15:10:36] [TRACE]   [OmnipathR] JSON validation successful: TRUE
[2025-10-03 15:10:36] [INFO]    [OmnipathR] Initialized cache: `/Users/biocbuild/Library/Caches/OmnipathR`.
[2025-10-03 15:10:36] [INFO]    [OmnipathR] Package `OmnipathR` packaged: NA
[2025-10-03 15:10:36] [INFO]    [OmnipathR] Package `OmnipathR` date/publication: 2025-10-03
[2025-10-03 15:10:36] [INFO]    [OmnipathR] Package `OmnipathR` built: R 4.5.1; ; 2025-10-03 19:10:23 UTC; unix
[2025-10-03 15:10:36] [INFO]    [OmnipathR] Package `OmnipathR` version: 3.17.6
[2025-10-03 15:10:36] [INFO]    [OmnipathR] Package `OmnipathR` repository: Bioconductor 3.22
[2025-10-03 15:10:38] [INFO]    [OmnipathR] Session info: [version=R version 4.5.1 Patched (2025-09-10 r88807); os=macOS Monterey 12.7.6; system=x86_64, darwin20; ui=X11; language=(EN); collate=C; ctype=en_US.UTF-8; tz=America/New_York; date=2025-10-03; pandoc=2.7.3 @ /usr/local/bin/ (via rmarkdown); quarto=1.4.553 @ /usr/local/bin/quarto]
[2025-10-03 15:10:38] [INFO]    [OmnipathR] External libraries: [cairo=1.17.6; cairoFT=; pango=1.50.14; png=1.6.44; jpeg=9.5; tiff=LIBTIFF, Version 4.5.0; tcl=8.6.13; curl=8.7.1; zlib=1.2.11; bzlib=1.0.8, 13-Jul-2019; xz=5.6.3; deflate=1.23; PCRE=10.44 2024-06-07; ICU=70.1; TRE=TRE 0.8.0 R_fixes (BSD); iconv=Apple or GNU libiconv 1.11 /Library/Frameworks/R.framework/Versions/4.5-x86_64/Resources/lib/libR.dylib; readline=5.2; BLAS=/Library/Frameworks/R.framework/Versions/4.5-x86_64/Resources/lib/libRblas.0.dylib; lapack=/Library/Frameworks/R.framework/Versions/4.5-x86_64/Resources/lib/libRlapack.dylib; lapack_version=3.12.1]
[2025-10-03 15:10:39] [INFO]    [OmnipathR] Loaded packages: backports 1.5.0(2024-05-23); bit 4.6.0(2025-03-06); bit64 4.6.0-1(2025-01-16); blob 1.2.4(2023-03-17); cachem 1.1.0(2024-05-16); cellranger 1.1.0(2016-07-27); checkmate 2.3.3(2025-08-18); chromote 0.5.1(2025-04-24); cli 3.6.5(2025-04-23); crayon 1.5.3(2024-06-20); curl 7.0.0(2025-08-19); DBI 1.2.3(2024-06-02); digest 0.6.37(2024-08-19); dplyr 1.1.4(2023-11-17); evaluate 1.0.5(2025-08-27); fastmap 1.2.0(2024-05-15); fs 1.6.6(2025-04-12); generics 0.1.4(2025-05-09); glue 1.8.0(2024-09-30); hms 1.1.3(2023-03-21); htmltools 0.5.8.1(2024-04-04); httr 1.4.7(2023-08-15); httr2 1.2.1(2025-07-22); igraph 2.1.4(2025-01-23); jsonlite 2.0.0(2025-03-27); knitr 1.50(2025-03-16); later 1.4.4(2025-08-27); lifecycle 1.0.4(2023-11-07); logger 0.4.1(2025-09-11); lubridate 1.9.4(2024-12-08); magrittr 2.0.4(2025-09-12); memoise 2.0.1(2021-11-26); OmnipathR 3.17.6(2025-10-03); pillar 1.11.1(2025-09-17); pkgconfig 2.0.3(2019-09-22); prettyunits 1.2.0(2023-09-24); processx 3.8.6(2025-02-21); progress 1.2.3(2023-12-06); promises 1.3.3(2025-05-29); ps 1.9.1(2025-04-12); purrr 1.1.0(2025-07-10); R.methodsS3 1.8.2(2022-06-13); R.oo 1.27.1(2025-05-02); R.utils 2.13.0(2025-02-24); R6 2.6.1(2025-02-15); rappdirs 0.3.3(2021-01-31); Rcpp 1.1.0(2025-07-02); readr 2.1.5(2024-01-10); readxl 1.4.5(2025-03-07); rlang 1.1.6(2025-04-11); rmarkdown 2.30(2025-09-28); RSQLite 2.4.3(2025-08-20); rvest 1.0.5(2025-08-29); sessioninfo 1.2.3(2025-02-05); stringi 1.8.7(2025-03-27); stringr 1.5.2(2025-09-08); tibble 3.3.0(2025-06-08); tidyr 1.3.1(2024-01-24); tidyselect 1.2.1(2024-03-11); timechange 0.3.0(2024-01-18); tzdb 0.5.0(2025-03-15); vctrs 0.6.5(2023-12-01); websocket 1.4.4(2025-04-10); withr 3.0.2(2024-10-28); xfun 0.53(2025-08-19); XML 3.99-0.19(2025-08-22); xml2 1.4.0(2025-08-20); yaml 2.3.10(2024-07-26); zip 2.3.3(2025-05-13)
[2025-10-03 15:10:39] [INFO]    [OmnipathR] CURL: version: 8.14.1; headers: 8.14.1; ssl_version: LibreSSL/3.3.6 (SecureTransport); libz_version: 1.2.11; libssh_version: NA; libidn_version: NA; host: x86_64-apple-darwin22.6.0; protocols: dict, file, ftp, ftps, gopher, gophers, http, https, imap, imaps, ldap, ldaps, mqtt, pop3, pop3s, rtsp, smb, smbs, smtp, smtps, telnet, tftp, ws, wss; ipv6: TRUE; http2: TRUE; idn: FALSE; url_parser: TRUE
[2025-10-03 15:10:39] [TRACE]   [OmnipathR] Running on a build server, wiping cache.
[2025-10-03 15:10:39] [TRACE]   [OmnipathR] Cache is at `/Users/biocbuild/Library/Caches/OmnipathR`.
[2025-10-03 15:10:39] [TRACE]   [OmnipathR] Contains 1 files.
[2025-10-03 15:10:39] [TRACE]   [OmnipathR] Cache is locked: FALSE.
[2025-10-03 15:10:39] [TRACE]   [OmnipathR] Reading JSON from `/Users/biocbuild/Library/Caches/OmnipathR/cache.json` (encoding: UTF-8).
[2025-10-03 15:10:39] [TRACE]   [OmnipathR] JSON validation successful: TRUE
[2025-10-03 15:10:39] [SUCCESS] [OmnipathR] Removing all cache contents from `/Users/biocbuild/Library/Caches/OmnipathR`.
[2025-10-03 15:10:39] [TRACE]   [OmnipathR] Pandoc version: `2.7.3`.
[2025-10-03 15:10:39] [TRACE]   [OmnipathR] Reading JSON from `/Library/Frameworks/R.framework/Versions/4.5-x86_64/Resources/library/00LOCK-OmnipathR/00new/OmnipathR/db/db_def.json` (encoding: UTF-8).
[2025-10-03 15:10:39] [TRACE]   [OmnipathR] JSON validation successful: TRUE
[2025-10-03 15:10:39] [TRACE]   [OmnipathR] Reading JSON from `/Library/Frameworks/R.framework/Versions/4.5-x86_64/Resources/library/00LOCK-OmnipathR/00new/OmnipathR/internal/magic_bytes.json` (encoding: UTF-8).
[2025-10-03 15:10:39] [TRACE]   [OmnipathR] JSON validation successful: TRUE
[2025-10-03 15:10:39] [TRACE]   [OmnipathR] Reading JSON from `/Library/Frameworks/R.framework/Versions/4.5-x86_64/Resources/library/00LOCK-OmnipathR/00new/OmnipathR/internal/urls.json` (encoding: UTF-8).
[2025-10-03 15:10:39] [TRACE]   [OmnipathR] JSON validation successful: TRUE
[2025-10-03 15:10:39] [TRACE]   [OmnipathR] Reading JSON from `/Library/Frameworks/R.framework/Versions/4.5-x86_64/Resources/library/00LOCK-OmnipathR/00new/OmnipathR/internal/id_types.json` (encoding: UTF-8).
[2025-10-03 15:10:39] [TRACE]   [OmnipathR] JSON validation successful: TRUE
[2025-10-03 15:10:39] [TRACE]   [OmnipathR] Cache locked: FALSE
** testing if installed package can be loaded from final location
[2025-10-03 15:10:41] [TRACE]   [OmnipathR] Reading JSON from `/Users/biocbuild/Library/Caches/OmnipathR/cache.json` (encoding: UTF-8).
[2025-10-03 15:10:41] [TRACE]   [OmnipathR] JSON validation successful: TRUE
[2025-10-03 15:10:41] [INFO]    [OmnipathR] Initialized cache: `/Users/biocbuild/Library/Caches/OmnipathR`.
[2025-10-03 15:10:41] [INFO]    [OmnipathR] Package `OmnipathR` packaged: NA
[2025-10-03 15:10:41] [INFO]    [OmnipathR] Package `OmnipathR` date/publication: 2025-10-03
[2025-10-03 15:10:41] [INFO]    [OmnipathR] Package `OmnipathR` built: R 4.5.1; ; 2025-10-03 19:10:23 UTC; unix
[2025-10-03 15:10:41] [INFO]    [OmnipathR] Package `OmnipathR` version: 3.17.6
[2025-10-03 15:10:41] [INFO]    [OmnipathR] Package `OmnipathR` repository: Bioconductor 3.22
[2025-10-03 15:10:41] [INFO]    [OmnipathR] Session info: [version=R version 4.5.1 Patched (2025-09-10 r88807); os=macOS Monterey 12.7.6; system=x86_64, darwin20; ui=X11; language=(EN); collate=C; ctype=en_US.UTF-8; tz=America/New_York; date=2025-10-03; pandoc=2.7.3 @ /usr/local/bin/ (via rmarkdown); quarto=1.4.553 @ /usr/local/bin/quarto]
[2025-10-03 15:10:42] [INFO]    [OmnipathR] External libraries: [cairo=1.17.6; cairoFT=; pango=1.50.14; png=1.6.44; jpeg=9.5; tiff=LIBTIFF, Version 4.5.0; tcl=8.6.13; curl=8.7.1; zlib=1.2.11; bzlib=1.0.8, 13-Jul-2019; xz=5.6.3; deflate=1.23; PCRE=10.44 2024-06-07; ICU=70.1; TRE=TRE 0.8.0 R_fixes (BSD); iconv=Apple or GNU libiconv 1.11 /Library/Frameworks/R.framework/Versions/4.5-x86_64/Resources/lib/libR.dylib; readline=5.2; BLAS=/Library/Frameworks/R.framework/Versions/4.5-x86_64/Resources/lib/libRblas.0.dylib; lapack=/Library/Frameworks/R.framework/Versions/4.5-x86_64/Resources/lib/libRlapack.dylib; lapack_version=3.12.1]
[2025-10-03 15:10:42] [INFO]    [OmnipathR] Loaded packages: backports 1.5.0(2024-05-23); bit 4.6.0(2025-03-06); bit64 4.6.0-1(2025-01-16); blob 1.2.4(2023-03-17); cachem 1.1.0(2024-05-16); cellranger 1.1.0(2016-07-27); checkmate 2.3.3(2025-08-18); chromote 0.5.1(2025-04-24); cli 3.6.5(2025-04-23); crayon 1.5.3(2024-06-20); curl 7.0.0(2025-08-19); DBI 1.2.3(2024-06-02); digest 0.6.37(2024-08-19); dplyr 1.1.4(2023-11-17); evaluate 1.0.5(2025-08-27); fastmap 1.2.0(2024-05-15); fs 1.6.6(2025-04-12); generics 0.1.4(2025-05-09); glue 1.8.0(2024-09-30); hms 1.1.3(2023-03-21); htmltools 0.5.8.1(2024-04-04); httr 1.4.7(2023-08-15); httr2 1.2.1(2025-07-22); igraph 2.1.4(2025-01-23); jsonlite 2.0.0(2025-03-27); knitr 1.50(2025-03-16); later 1.4.4(2025-08-27); lifecycle 1.0.4(2023-11-07); logger 0.4.1(2025-09-11); lubridate 1.9.4(2024-12-08); magrittr 2.0.4(2025-09-12); memoise 2.0.1(2021-11-26); OmnipathR 3.17.6(2025-10-03); pillar 1.11.1(2025-09-17); pkgconfig 2.0.3(2019-09-22); prettyunits 1.2.0(2023-09-24); processx 3.8.6(2025-02-21); progress 1.2.3(2023-12-06); promises 1.3.3(2025-05-29); ps 1.9.1(2025-04-12); purrr 1.1.0(2025-07-10); R.methodsS3 1.8.2(2022-06-13); R.oo 1.27.1(2025-05-02); R.utils 2.13.0(2025-02-24); R6 2.6.1(2025-02-15); rappdirs 0.3.3(2021-01-31); Rcpp 1.1.0(2025-07-02); readr 2.1.5(2024-01-10); readxl 1.4.5(2025-03-07); rlang 1.1.6(2025-04-11); rmarkdown 2.30(2025-09-28); RSQLite 2.4.3(2025-08-20); rvest 1.0.5(2025-08-29); sessioninfo 1.2.3(2025-02-05); stringi 1.8.7(2025-03-27); stringr 1.5.2(2025-09-08); tibble 3.3.0(2025-06-08); tidyr 1.3.1(2024-01-24); tidyselect 1.2.1(2024-03-11); timechange 0.3.0(2024-01-18); tzdb 0.5.0(2025-03-15); vctrs 0.6.5(2023-12-01); websocket 1.4.4(2025-04-10); withr 3.0.2(2024-10-28); xfun 0.53(2025-08-19); XML 3.99-0.19(2025-08-22); xml2 1.4.0(2025-08-20); yaml 2.3.10(2024-07-26); zip 2.3.3(2025-05-13)
[2025-10-03 15:10:42] [INFO]    [OmnipathR] CURL: version: 8.14.1; headers: 8.14.1; ssl_version: LibreSSL/3.3.6 (SecureTransport); libz_version: 1.2.11; libssh_version: NA; libidn_version: NA; host: x86_64-apple-darwin22.6.0; protocols: dict, file, ftp, ftps, gopher, gophers, http, https, imap, imaps, ldap, ldaps, mqtt, pop3, pop3s, rtsp, smb, smbs, smtp, smtps, telnet, tftp, ws, wss; ipv6: TRUE; http2: TRUE; idn: FALSE; url_parser: TRUE
[2025-10-03 15:10:42] [TRACE]   [OmnipathR] Running on a build server, wiping cache.
[2025-10-03 15:10:42] [TRACE]   [OmnipathR] Cache is at `/Users/biocbuild/Library/Caches/OmnipathR`.
[2025-10-03 15:10:42] [TRACE]   [OmnipathR] Contains 1 files.
[2025-10-03 15:10:42] [TRACE]   [OmnipathR] Cache is locked: FALSE.
[2025-10-03 15:10:42] [TRACE]   [OmnipathR] Reading JSON from `/Users/biocbuild/Library/Caches/OmnipathR/cache.json` (encoding: UTF-8).
[2025-10-03 15:10:42] [TRACE]   [OmnipathR] JSON validation successful: TRUE
[2025-10-03 15:10:42] [SUCCESS] [OmnipathR] Removing all cache contents from `/Users/biocbuild/Library/Caches/OmnipathR`.
[2025-10-03 15:10:42] [TRACE]   [OmnipathR] Pandoc version: `2.7.3`.
[2025-10-03 15:10:42] [TRACE]   [OmnipathR] Reading JSON from `/Library/Frameworks/R.framework/Versions/4.5-x86_64/Resources/library/OmnipathR/db/db_def.json` (encoding: UTF-8).
[2025-10-03 15:10:42] [TRACE]   [OmnipathR] JSON validation successful: TRUE
[2025-10-03 15:10:42] [TRACE]   [OmnipathR] Reading JSON from `/Library/Frameworks/R.framework/Versions/4.5-x86_64/Resources/library/OmnipathR/internal/magic_bytes.json` (encoding: UTF-8).
[2025-10-03 15:10:42] [TRACE]   [OmnipathR] JSON validation successful: TRUE
[2025-10-03 15:10:42] [TRACE]   [OmnipathR] Reading JSON from `/Library/Frameworks/R.framework/Versions/4.5-x86_64/Resources/library/OmnipathR/internal/urls.json` (encoding: UTF-8).
[2025-10-03 15:10:42] [TRACE]   [OmnipathR] JSON validation successful: TRUE
[2025-10-03 15:10:42] [TRACE]   [OmnipathR] Reading JSON from `/Library/Frameworks/R.framework/Versions/4.5-x86_64/Resources/library/OmnipathR/internal/id_types.json` (encoding: UTF-8).
[2025-10-03 15:10:42] [TRACE]   [OmnipathR] JSON validation successful: TRUE
[2025-10-03 15:10:42] [TRACE]   [OmnipathR] Cache locked: FALSE
** testing if installed package keeps a record of temporary installation path
* DONE (OmnipathR)

Tests output

OmnipathR.Rcheck/tests/testthat.Rout


R version 4.5.1 Patched (2025-09-10 r88807) -- "Great Square Root"
Copyright (C) 2025 The R Foundation for Statistical Computing
Platform: x86_64-apple-darwin20

R is free software and comes with ABSOLUTELY NO WARRANTY.
You are welcome to redistribute it under certain conditions.
Type 'license()' or 'licence()' for distribution details.

R is a collaborative project with many contributors.
Type 'contributors()' for more information and
'citation()' on how to cite R or R packages in publications.

Type 'demo()' for some demos, 'help()' for on-line help, or
'help.start()' for an HTML browser interface to help.
Type 'q()' to quit R.

> #!/usr/bin/env Rscript
> 
> #
> #  This file is part of the `OmnipathR` R package
> #
> #  Copyright
> #  2018-2024
> #  Saez Lab, Uniklinik RWTH Aachen, Heidelberg University
> #
> #  File author(s): Alberto Valdeolivas
> #                  Dénes Türei (turei.denes@gmail.com)
> #                  Attila Gábor
> #
> #  Distributed under the MIT (Expat) License.
> #  See accompanying file `LICENSE` or find a copy at
> #      https://directory.fsf.org/wiki/License:Expat
> #
> #  Website: https://r.omnipathdb.org/
> #  Git repo: https://github.com/saezlab/OmnipathR
> #
> 
> 
> library(testthat)
> library(OmnipathR)
[2025-10-03 23:43:32] [TRACE]   [OmnipathR] Reading JSON from `/Users/biocbuild/Library/Caches/OmnipathR/cache.json` (encoding: UTF-8).
[2025-10-03 23:43:32] [TRACE]   [OmnipathR] JSON validation successful: TRUE
[2025-10-03 23:43:32] [INFO]    [OmnipathR] Initialized cache: `/Users/biocbuild/Library/Caches/OmnipathR`.
[2025-10-03 23:43:32] [INFO]    [OmnipathR] Package `OmnipathR` packaged: NA
[2025-10-03 23:43:32] [INFO]    [OmnipathR] Package `OmnipathR` date/publication: 2025-10-03
[2025-10-03 23:43:32] [INFO]    [OmnipathR] Package `OmnipathR` built: R 4.5.1; ; 2025-10-03 19:10:23 UTC; unix
[2025-10-03 23:43:32] [INFO]    [OmnipathR] Package `OmnipathR` version: 3.17.6
[2025-10-03 23:43:32] [INFO]    [OmnipathR] Package `OmnipathR` repository: Bioconductor 3.22
[2025-10-03 23:43:33] [INFO]    [OmnipathR] Session info: [version=R version 4.5.1 Patched (2025-09-10 r88807); os=macOS Monterey 12.7.6; system=x86_64, darwin20; ui=X11; language=C; collate=C; ctype=en_US.UTF-8; tz=America/New_York; date=2025-10-03; pandoc=2.7.3 @ /usr/local/bin/ (via rmarkdown); quarto=1.4.553 @ /usr/local/bin/quarto]
[2025-10-03 23:43:33] [INFO]    [OmnipathR] External libraries: [cairo=1.17.6; cairoFT=; pango=1.50.14; png=1.6.44; jpeg=9.5; tiff=LIBTIFF, Version 4.5.0; tcl=8.6.13; curl=8.7.1; zlib=1.2.11; bzlib=1.0.8, 13-Jul-2019; xz=5.6.3; deflate=1.23; PCRE=10.44 2024-06-07; ICU=70.1; TRE=TRE 0.8.0 R_fixes (BSD); iconv=Apple or GNU libiconv 1.11 /Library/Frameworks/R.framework/Versions/4.5-x86_64/Resources/lib/libR.dylib; readline=5.2; BLAS=/Library/Frameworks/R.framework/Versions/4.5-x86_64/Resources/lib/libRblas.0.dylib; lapack=/Library/Frameworks/R.framework/Versions/4.5-x86_64/Resources/lib/libRlapack.dylib; lapack_version=3.12.1]
[2025-10-03 23:43:33] [INFO]    [OmnipathR] Loaded packages: backports 1.5.0(2024-05-23); bit 4.6.0(2025-03-06); bit64 4.6.0-1(2025-01-16); blob 1.2.4(2023-03-17); brio 1.1.5(2024-04-24); cachem 1.1.0(2024-05-16); cellranger 1.1.0(2016-07-27); checkmate 2.3.3(2025-08-18); chromote 0.5.1(2025-04-24); cli 3.6.5(2025-04-23); crayon 1.5.3(2024-06-20); curl 7.0.0(2025-08-19); DBI 1.2.3(2024-06-02); digest 0.6.37(2024-08-19); dplyr 1.1.4(2023-11-17); evaluate 1.0.5(2025-08-27); fastmap 1.2.0(2024-05-15); fs 1.6.6(2025-04-12); generics 0.1.4(2025-05-09); glue 1.8.0(2024-09-30); hms 1.1.3(2023-03-21); htmltools 0.5.8.1(2024-04-04); httr 1.4.7(2023-08-15); httr2 1.2.1(2025-07-22); igraph 2.1.4(2025-01-23); jsonlite 2.0.0(2025-03-27); knitr 1.50(2025-03-16); later 1.4.4(2025-08-27); lifecycle 1.0.4(2023-11-07); logger 0.4.1(2025-09-11); lubridate 1.9.4(2024-12-08); magrittr 2.0.4(2025-09-12); memoise 2.0.1(2021-11-26); OmnipathR 3.17.6(2025-10-03); pillar 1.11.1(2025-09-17); pkgconfig 2.0.3(2019-09-22); prettyunits 1.2.0(2023-09-24); processx 3.8.6(2025-02-21); progress 1.2.3(2023-12-06); promises 1.3.3(2025-05-29); ps 1.9.1(2025-04-12); purrr 1.1.0(2025-07-10); R.methodsS3 1.8.2(2022-06-13); R.oo 1.27.1(2025-05-02); R.utils 2.13.0(2025-02-24); R6 2.6.1(2025-02-15); rappdirs 0.3.3(2021-01-31); Rcpp 1.1.0(2025-07-02); readr 2.1.5(2024-01-10); readxl 1.4.5(2025-03-07); rlang 1.1.6(2025-04-11); rmarkdown 2.30(2025-09-28); RSQLite 2.4.3(2025-08-20); rvest 1.0.5(2025-08-29); sessioninfo 1.2.3(2025-02-05); stringi 1.8.7(2025-03-27); stringr 1.5.2(2025-09-08); testthat 3.2.3(2025-01-13); tibble 3.3.0(2025-06-08); tidyr 1.3.1(2024-01-24); tidyselect 1.2.1(2024-03-11); timechange 0.3.0(2024-01-18); tzdb 0.5.0(2025-03-15); vctrs 0.6.5(2023-12-01); websocket 1.4.4(2025-04-10); withr 3.0.2(2024-10-28); xfun 0.53(2025-08-19); XML 3.99-0.19(2025-08-22); xml2 1.4.0(2025-08-20); yaml 2.3.10(2024-07-26); zip 2.3.3(2025-05-13)
[2025-10-03 23:43:33] [INFO]    [OmnipathR] CURL: version: 8.14.1; headers: 8.14.1; ssl_version: LibreSSL/3.3.6 (SecureTransport); libz_version: 1.2.11; libssh_version: NA; libidn_version: NA; host: x86_64-apple-darwin22.6.0; protocols: dict, file, ftp, ftps, gopher, gophers, http, https, imap, imaps, ldap, ldaps, mqtt, pop3, pop3s, rtsp, smb, smbs, smtp, smtps, telnet, tftp, ws, wss; ipv6: TRUE; http2: TRUE; idn: FALSE; url_parser: TRUE
[2025-10-03 23:43:33] [TRACE]   [OmnipathR] Running on a build server, wiping cache.
[2025-10-03 23:43:33] [TRACE]   [OmnipathR] Cache is at `/Users/biocbuild/Library/Caches/OmnipathR`.
[2025-10-03 23:43:33] [TRACE]   [OmnipathR] Contains 12 files.
[2025-10-03 23:43:33] [TRACE]   [OmnipathR] Cache is locked: FALSE.
[2025-10-03 23:43:33] [TRACE]   [OmnipathR] Reading JSON from `/Users/biocbuild/Library/Caches/OmnipathR/cache.json` (encoding: UTF-8).
[2025-10-03 23:43:33] [TRACE]   [OmnipathR] JSON validation successful: TRUE
[2025-10-03 23:43:33] [SUCCESS] [OmnipathR] Removing all cache contents from `/Users/biocbuild/Library/Caches/OmnipathR`.
[2025-10-03 23:43:33] [TRACE]   [OmnipathR] Pandoc version: `2.7.3`.
[2025-10-03 23:43:33] [TRACE]   [OmnipathR] Reading JSON from `/Library/Frameworks/R.framework/Versions/4.5-x86_64/Resources/library/OmnipathR/db/db_def.json` (encoding: UTF-8).
[2025-10-03 23:43:33] [TRACE]   [OmnipathR] JSON validation successful: TRUE
[2025-10-03 23:43:33] [TRACE]   [OmnipathR] Reading JSON from `/Library/Frameworks/R.framework/Versions/4.5-x86_64/Resources/library/OmnipathR/internal/magic_bytes.json` (encoding: UTF-8).
[2025-10-03 23:43:33] [TRACE]   [OmnipathR] JSON validation successful: TRUE
[2025-10-03 23:43:34] [TRACE]   [OmnipathR] Reading JSON from `/Library/Frameworks/R.framework/Versions/4.5-x86_64/Resources/library/OmnipathR/internal/urls.json` (encoding: UTF-8).
[2025-10-03 23:43:34] [TRACE]   [OmnipathR] JSON validation successful: TRUE
[2025-10-03 23:43:34] [TRACE]   [OmnipathR] Reading JSON from `/Library/Frameworks/R.framework/Versions/4.5-x86_64/Resources/library/OmnipathR/internal/id_types.json` (encoding: UTF-8).
[2025-10-03 23:43:34] [TRACE]   [OmnipathR] JSON validation successful: TRUE
[2025-10-03 23:43:34] [TRACE]   [OmnipathR] Cache locked: FALSE
> 
> test_check('OmnipathR')
[ FAIL 0 | WARN 12 | SKIP 0 | PASS 38 ]

[ FAIL 0 | WARN 12 | SKIP 0 | PASS 38 ]
> 
> proc.time()
   user  system elapsed 
 51.039   6.393  92.936 

Example timings

OmnipathR.Rcheck/OmnipathR-Ex.timings

nameusersystemelapsed
OmnipathR0.0010.0000.000
all_uniprot_acs0.0220.0030.026
all_uniprots28.469 3.25053.122
ancestors0.0110.0020.016
annotated_network1.5520.1654.824
annotation_categories64.631 0.36666.773
annotation_resources0.0700.0110.626
annotations0.6930.0601.525
biomart_query1.4650.2324.260
bioplex10.0110.0010.012
bioplex20.0090.0010.011
bioplex30.0110.0020.012
bioplex_all0.0100.0020.011
bioplex_hct116_10.0100.0020.012
bma_motif_es0.6850.0861.529
bma_motif_vs0.2260.0270.768
chalmers_gem0.0110.0020.013
chalmers_gem_id_mapping_table0.0090.0020.011
chalmers_gem_id_type0.0020.0000.003
chalmers_gem_metabolites0.0100.0010.012
chalmers_gem_network0.0100.0010.011
chalmers_gem_raw0.0120.0020.013
chalmers_gem_reactions0.0110.0020.014
common_name0.1270.0090.137
complex_genes0.8010.0732.410
complex_resources0.0690.0080.558
complexes0.1860.0190.719
consensuspathdb_download0.0000.0010.000
consensuspathdb_raw_table0.0100.0020.012
cosmos_pkn0.0000.0000.001
curated_ligand_receptor_interactions 7.927 1.30517.931
curated_ligrec_stats 43.560 22.767143.983
database_summary1.7830.2143.462
descendants0.0110.0020.012
ensembl_dataset0.0510.0030.055
ensembl_id_mapping_table 2.548 0.54927.397
ensembl_id_type0.0030.0010.004
ensembl_name0.4500.0270.869
ensembl_organisms0.2150.0340.392
ensembl_organisms_raw0.1390.0300.635
ensembl_orthology0.0000.0010.001
enzsub_graph2.3340.2478.190
enzsub_resources0.0810.0170.743
enzyme_substrate1.5580.1103.446
evex_download0.0110.0020.014
evidences000
extra_attr_values13.519 3.68526.841
extra_attrs12.305 3.05327.020
extra_attrs_to_cols17.728 3.07533.443
filter_by_resource 8.446 0.95116.981
filter_extra_attrs36.16117.47466.681
filter_intercell 7.957 0.99934.506
filter_intercell_network0.0160.0040.038
find_all_paths 6.534 2.62222.349
from_evidences000
get_db0.0010.0000.000
get_ontology_db0.0090.0030.025
giant_component11.792 3.71635.013
go_annot_download14.008 3.40929.150
go_annot_slim0.0000.0000.001
go_ontology_download0.0130.0020.015
guide2pharma_download0.0110.0020.014
harmonizome_download0.0120.0020.015
has_extra_attrs12.008 4.04916.460
hmdb_id_mapping_table0.0120.0020.015
hmdb_id_type0.0030.0010.003
hmdb_metabolite_fields0.0010.0020.002
hmdb_protein_fields0.0000.0010.001
hmdb_table0.0140.0020.028
homologene_download0.0130.0020.017
homologene_raw0.0680.0060.075
homologene_uniprot_orthology0.0120.0020.015
hpo_download3.2730.6824.018
htridb_download0.0110.0020.012
id_translation_resources0.0000.0000.001
id_types0.0540.0120.069
inbiomap_download000
inbiomap_raw000
interaction_datasets0.8020.0881.259
interaction_graph0.5170.0431.202
interaction_resources0.0680.0100.661
interaction_types0.0950.0090.104
intercell0.9450.1421.871
intercell_categories0.7620.1011.065
intercell_consensus_filter1.6620.1933.251
intercell_generic_categories0.0940.0090.103
intercell_network0.0140.0020.017
intercell_resources0.0720.0110.562
intercell_summary0.0940.0240.120
is_ontology_id0.0000.0000.001
is_swissprot0.0650.0050.071
is_trembl0.0670.0080.076
is_uniprot0.0120.0020.014
kegg_api_templates0.0010.0030.004
kegg_conv 1.598 0.23712.668
kegg_databases0.0000.0000.001
kegg_ddi0.7220.0872.232
kegg_find0.7070.0892.853
kegg_info0.0130.0020.014
kegg_link0.7990.1125.973
kegg_list0.6900.0851.716
kegg_open0.0120.0020.014
kegg_operations0.0000.0010.000
kegg_organism_codes0.0270.0700.097
kegg_organisms0.0280.0070.034
kegg_pathway_annotations000
kegg_pathway_download0.0110.0020.013
kegg_pathway_list0.0110.0020.012
kegg_pathways_download0.0000.0000.001
kegg_picture1.1290.0585.060
kegg_process0.0230.0030.027
kegg_query0.0090.0010.010
kegg_request0.0790.0110.089
kegg_rm_prefix0.9100.1215.542
kinasephos 1.136 0.17518.996
latin_name0.2490.0100.259
load_db0.1060.0230.128
metalinksdb_sqlite 1.129 0.33810.844
metalinksdb_table0.3010.0580.361
metalinksdb_tables0.0230.0040.028
ncbi_taxid0.2620.0100.273
nichenet_build_model000
nichenet_expression_data0.0140.0020.016
nichenet_gr_network0.0320.0050.037
nichenet_gr_network_evex0.0090.0010.011
nichenet_gr_network_harmonizome0.0120.0020.014
nichenet_gr_network_htridb0.0140.0060.039
nichenet_gr_network_omnipath18.540 2.11722.847
nichenet_gr_network_pathwaycommons0.0110.0020.013
nichenet_gr_network_regnetwork0.0100.0020.012
nichenet_gr_network_remap0.0120.0010.013
nichenet_gr_network_trrust0.0110.0020.013
nichenet_ligand_activities0.0000.0010.000
nichenet_ligand_target_links0.0000.0010.001
nichenet_ligand_target_matrix000
nichenet_lr_network0.0320.0050.038
nichenet_lr_network_guide2pharma0.0120.0010.013
nichenet_lr_network_omnipath0.0330.0050.038
nichenet_lr_network_ramilowski0.0110.0020.013
nichenet_main0.0000.0000.001
nichenet_networks0.0540.0100.064
nichenet_optimization0.0000.0010.000
nichenet_remove_orphan_ligands0.0330.0060.039
nichenet_results_dir000
nichenet_signaling_network0.0320.0060.039
nichenet_signaling_network_cpdb0.0120.0020.014
nichenet_signaling_network_evex0.0130.0020.015
nichenet_signaling_network_harmonizome0.0110.0020.013
nichenet_signaling_network_inbiomap0.0000.0010.001
nichenet_signaling_network_omnipath13.355 1.29116.859
nichenet_signaling_network_pathwaycommons0.0150.0020.018
nichenet_signaling_network_vinayagam0.0110.0020.013
nichenet_test0.0000.0000.001
nichenet_workarounds000
obo_parser0.1090.0230.265
oma_code0.1320.0050.137
oma_organisms0.0830.0160.103
oma_pairwise0.0120.0020.014
oma_pairwise_genesymbols0.0120.0020.014
oma_pairwise_translated0.0120.0010.013
omnipath-interactions34.891 3.26161.548
omnipath_cache_autoclean0.0000.0000.001
omnipath_cache_clean0.0120.0040.016
omnipath_cache_clean_db0.1180.0230.143
omnipath_cache_download_ready0.5960.1330.808
omnipath_cache_filter_versions0.1040.0290.142
omnipath_cache_get0.0990.0230.125
omnipath_cache_key0.0010.0010.002
omnipath_cache_latest_or_new0.0690.0150.085
omnipath_cache_load0.5750.0512.825
omnipath_cache_move_in0.1700.0430.225
omnipath_cache_remove0.1050.0250.137
omnipath_cache_save0.1570.0320.200
omnipath_cache_search0.0010.0010.001
omnipath_cache_set_ext0.1250.0240.158
omnipath_cache_update_status0.0990.0200.121
omnipath_cache_wipe000
omnipath_config_path0.0000.0010.001
omnipath_for_cosmos10.772 0.98236.271
omnipath_load_config0.0010.0000.000
omnipath_log0.0000.0000.001
omnipath_logfile0.0010.0010.002
omnipath_msg0.0050.0010.006
omnipath_query4.3400.2584.626
omnipath_reset_config000
omnipath_save_config0.0010.0010.000
omnipath_set_cachedir0.0320.0060.038
omnipath_set_console_loglevel0.0050.0010.005
omnipath_set_logfile_loglevel0.0040.0000.005
omnipath_set_loglevel0.0020.0010.003
omnipath_show_db0.0890.0200.108
omnipath_unlock_cache_db0.0000.0000.001
only_from000
ontology_ensure_id0.0000.0000.001
ontology_ensure_name0.0000.0000.001
ontology_name_id0.0010.0010.001
organism_for0.1800.0080.188
pathwaycommons_download0.0010.0010.001
pivot_annotations10.576 1.33020.484
preppi_download000
preppi_filter0.0010.0010.002
print_bma_motif_es0.5490.1031.595
print_bma_motif_vs0.1740.0190.706
print_interactions 7.379 0.57411.895
print_path_es0.9900.0872.524
print_path_vs2.7910.3005.701
pubmed_open4.7400.2765.079
query_info0.4200.0320.658
ramilowski_download0.0010.0010.001
ramp_id_mapping_table0.0010.0000.001
ramp_id_type0.0030.0000.003
ramp_sqlite0.0000.0000.001
ramp_table0.0000.0010.001
ramp_tables0.0000.0000.001