| Back to Multiple platform build/check report for BioC 3.9 |
|
This page was generated on 2019-10-16 12:33:59 -0400 (Wed, 16 Oct 2019).
| Package 1039/1741 | Hostname | OS / Arch | INSTALL | BUILD | CHECK | BUILD BIN | ||||||
| motifbreakR 1.14.0 Simon Gert Coetzee
| malbec2 | Linux (Ubuntu 18.04.2 LTS) / x86_64 | OK | OK | WARNINGS | |||||||
| tokay2 | Windows Server 2012 R2 Standard / x64 | OK | OK | [ ERROR ] | OK | |||||||
| celaya2 | OS X 10.11.6 El Capitan / x86_64 | OK | OK | WARNINGS | OK |
| Package: motifbreakR |
| Version: 1.14.0 |
| Command: C:\Users\biocbuild\bbs-3.9-bioc\R\bin\R.exe CMD check --force-multiarch --install=check:motifbreakR.install-out.txt --library=C:\Users\biocbuild\bbs-3.9-bioc\R\library --no-vignettes --timings motifbreakR_1.14.0.tar.gz |
| StartedAt: 2019-10-16 05:22:18 -0400 (Wed, 16 Oct 2019) |
| EndedAt: 2019-10-16 05:34:41 -0400 (Wed, 16 Oct 2019) |
| EllapsedTime: 742.9 seconds |
| RetCode: 1 |
| Status: ERROR |
| CheckDir: motifbreakR.Rcheck |
| Warnings: NA |
##############################################################################
##############################################################################
###
### Running command:
###
### C:\Users\biocbuild\bbs-3.9-bioc\R\bin\R.exe CMD check --force-multiarch --install=check:motifbreakR.install-out.txt --library=C:\Users\biocbuild\bbs-3.9-bioc\R\library --no-vignettes --timings motifbreakR_1.14.0.tar.gz
###
##############################################################################
##############################################################################
* using log directory 'C:/Users/biocbuild/bbs-3.9-bioc/meat/motifbreakR.Rcheck'
* using R version 3.6.1 (2019-07-05)
* using platform: x86_64-w64-mingw32 (64-bit)
* using session charset: ISO8859-1
* using option '--no-vignettes'
* checking for file 'motifbreakR/DESCRIPTION' ... OK
* this is package 'motifbreakR' version '1.14.0'
* checking package namespace information ... OK
* checking package dependencies ... OK
* checking if this is a source package ... OK
* checking if there is a namespace ... OK
* checking for hidden files and directories ... OK
* checking for portable file names ... OK
* checking whether package 'motifbreakR' can be installed ... WARNING
Found the following significant warnings:
Rd warning: C:/Users/biocbuild/bbs-3.9-bioc/tmpdir/Rtmp4Qozkq/R.INSTALL25b46c4201a/motifbreakR/man/example.results.Rd:7: file link 'GRanges' in package 'GenomicRanges' does not exist and so has been treated as a topic
Rd warning: C:/Users/biocbuild/bbs-3.9-bioc/tmpdir/Rtmp4Qozkq/R.INSTALL25b46c4201a/motifbreakR/man/example.results.Rd:12: file link 'GRanges' in package 'GenomicRanges' does not exist and so has been treated as a topic
Warning: replacing previous import 'IRanges::windows' by 'grDevices::windows' when loading 'motifbreakR'
See 'C:/Users/biocbuild/bbs-3.9-bioc/meat/motifbreakR.Rcheck/00install.out' for details.
* checking installed package size ... OK
* checking package directory ... OK
* checking 'build' directory ... OK
* checking DESCRIPTION meta-information ... OK
* checking top-level files ... OK
* checking for left-over files ... OK
* checking index information ... OK
* checking package subdirectories ... OK
* checking R files for non-ASCII characters ... OK
* checking R files for syntax errors ... OK
* loading checks for arch 'i386'
** checking whether the package can be loaded ... OK
** checking whether the package can be loaded with stated dependencies ... OK
** checking whether the package can be unloaded cleanly ... OK
** checking whether the namespace can be loaded with stated dependencies ... OK
** checking whether the namespace can be unloaded cleanly ... OK
* loading checks for arch 'x64'
** checking whether the package can be loaded ... OK
** checking whether the package can be loaded with stated dependencies ... OK
** checking whether the package can be unloaded cleanly ... OK
** checking whether the namespace can be loaded with stated dependencies ... OK
** checking whether the namespace can be unloaded cleanly ... OK
* checking dependencies in R code ... NOTE
Packages in Depends field not imported from:
'MotifDb' 'grid'
These packages need to be imported from (in the NAMESPACE file)
for when this namespace is loaded but not attached.
* checking S3 generic/method consistency ... OK
* checking replacement functions ... OK
* checking foreign function calls ... OK
* checking R code for possible problems ... NOTE
plotMotifLogoStack.2: no visible global function definition for 'par'
Undefined global functions or variables:
par
Consider adding
importFrom("graphics", "par")
to your NAMESPACE file.
* checking Rd files ... OK
* checking Rd metadata ... OK
* checking Rd cross-references ... OK
* checking for missing documentation entries ... WARNING
Undocumented code objects:
'rs1006140'
Undocumented data sets:
'rs1006140'
All user-level objects in a package should have documentation entries.
See chapter 'Writing R documentation files' in the 'Writing R
Extensions' manual.
* checking for code/documentation mismatches ... OK
* checking Rd \usage sections ... OK
* checking Rd contents ... OK
* checking for unstated dependencies in examples ... OK
* checking contents of 'data' directory ... OK
* checking data for non-ASCII characters ... OK
* checking data for ASCII and uncompressed saves ... OK
* checking files in 'vignettes' ... OK
* checking examples ...
** running examples for arch 'i386' ... ERROR
Running examples in 'motifbreakR-Ex.R' failed
The error most likely occurred in:
> base::assign(".ptime", proc.time(), pos = "CheckExEnv")
> ### Name: snps.from.rsid
> ### Title: Import SNPs from rsid for use in motifbreakR
> ### Aliases: snps.from.rsid
>
> ### ** Examples
>
> library(BSgenome.Hsapiens.UCSC.hg19)
Loading required package: BSgenome
Loading required package: GenomeInfoDb
Loading required package: GenomicRanges
Loading required package: rtracklayer
> library(SNPlocs.Hsapiens.dbSNP142.GRCh37)
> snps.file <- system.file("extdata", "pca.enhancer.snps", package = "motifbreakR")
> snps <- as.character(read.table(snps.file)[,1])
> snps.mb <- snps.from.rsid(snps,
+ dbSNP = SNPlocs.Hsapiens.dbSNP142.GRCh37,
+ search.genome = BSgenome.Hsapiens.UCSC.hg19)
Warning in rowids2rowidx(user_rowids, ids, x_rowids, ifnotfound) :
SNP ids not found: rs78914317, rs75425437, rs114099824, rs79509278,
rs74738513
They were dropped.
Error: cannot allocate vector of size 1024.0 Mb
Execution halted
** running examples for arch 'x64' ... OK
Examples with CPU or elapsed time > 5s
user system elapsed
snps.from.rsid 96.86 3.24 100.12
motifbreakR 6.39 0.09 6.49
* checking for unstated dependencies in vignettes ... OK
* checking package vignettes in 'inst/doc' ... OK
* checking running R code from vignettes ... SKIPPED
* checking re-building of vignette outputs ... SKIPPED
* checking PDF version of manual ... OK
* DONE
Status: 1 ERROR, 2 WARNINGs, 2 NOTEs
See
'C:/Users/biocbuild/bbs-3.9-bioc/meat/motifbreakR.Rcheck/00check.log'
for details.
motifbreakR.Rcheck/00install.out
##############################################################################
##############################################################################
###
### Running command:
###
### C:\cygwin\bin\curl.exe -O https://malbec2.bioconductor.org/BBS/3.9/bioc/src/contrib/motifbreakR_1.14.0.tar.gz && rm -rf motifbreakR.buildbin-libdir && mkdir motifbreakR.buildbin-libdir && C:\Users\biocbuild\bbs-3.9-bioc\R\bin\R.exe CMD INSTALL --merge-multiarch --build --library=motifbreakR.buildbin-libdir motifbreakR_1.14.0.tar.gz && C:\Users\biocbuild\bbs-3.9-bioc\R\bin\R.exe CMD INSTALL motifbreakR_1.14.0.zip && rm motifbreakR_1.14.0.tar.gz motifbreakR_1.14.0.zip
###
##############################################################################
##############################################################################
% Total % Received % Xferd Average Speed Time Time Time Current
Dload Upload Total Spent Left Speed
0 0 0 0 0 0 0 0 --:--:-- --:--:-- --:--:-- 0
100 1531k 100 1531k 0 0 5322k 0 --:--:-- --:--:-- --:--:-- 5470k
install for i386
* installing *source* package 'motifbreakR' ...
** using staged installation
** R
** data
*** moving datasets to lazyload DB
** inst
** byte-compile and prepare package for lazy loading
See system.file("LICENSE", package="MotifDb") for use restrictions.
Warning: replacing previous import 'IRanges::windows' by 'grDevices::windows' when loading 'motifbreakR'
** help
*** installing help indices
converting help for package 'motifbreakR'
finding HTML links ... done
calculatePvalue html
finding level-2 HTML links ... done
encodemotif html
example.results html
Rd warning: C:/Users/biocbuild/bbs-3.9-bioc/tmpdir/Rtmp4Qozkq/R.INSTALL25b46c4201a/motifbreakR/man/example.results.Rd:7: file link 'GRanges' in package 'GenomicRanges' does not exist and so has been treated as a topic
Rd warning: C:/Users/biocbuild/bbs-3.9-bioc/tmpdir/Rtmp4Qozkq/R.INSTALL25b46c4201a/motifbreakR/man/example.results.Rd:12: file link 'GRanges' in package 'GenomicRanges' does not exist and so has been treated as a topic
factorbook html
hocomoco html
homer html
motifbreakR html
motifbreakR_motif html
plotMB html
snps.from.file html
snps.from.rsid html
** building package indices
** installing vignettes
** testing if installed package can be loaded from temporary location
See system.file("LICENSE", package="MotifDb") for use restrictions.
Warning: replacing previous import 'IRanges::windows' by 'grDevices::windows' when loading 'motifbreakR'
** testing if installed package can be loaded from final location
See system.file("LICENSE", package="MotifDb") for use restrictions.
Warning: replacing previous import 'IRanges::windows' by 'grDevices::windows' when loading 'motifbreakR'
** testing if installed package keeps a record of temporary installation path
install for x64
* installing *source* package 'motifbreakR' ...
** testing if installed package can be loaded
See system.file("LICENSE", package="MotifDb") for use restrictions.
Warning: replacing previous import 'IRanges::windows' by 'grDevices::windows' when loading 'motifbreakR'
* MD5 sums
packaged installation of 'motifbreakR' as motifbreakR_1.14.0.zip
* DONE (motifbreakR)
* installing to library 'C:/Users/biocbuild/bbs-3.9-bioc/R/library'
package 'motifbreakR' successfully unpacked and MD5 sums checked
|
motifbreakR.Rcheck/examples_i386/motifbreakR-Ex.timings
|
motifbreakR.Rcheck/examples_x64/motifbreakR-Ex.timings
|