| Back to Multiple platform build/check report for BioC 3.9 | 
  | 
This page was generated on 2019-04-09 13:32:26 -0400 (Tue, 09 Apr 2019).
| Package 163/1703 | Hostname | OS / Arch | INSTALL | BUILD | CHECK | BUILD BIN | ||||||
| BioQC 1.11.1 Jitao David Zhang 
  | malbec2 | Linux (Ubuntu 18.04.2 LTS) / x86_64 | OK | OK | WARNINGS | |||||||
| tokay2 | Windows Server 2012 R2 Standard / x64 | OK | OK | WARNINGS | OK | |||||||
| celaya2 | OS X 10.11.6 El Capitan / x86_64 | OK | OK | WARNINGS | OK | |||||||
| merida2 | OS X 10.11.6 El Capitan / x86_64 | OK | OK | [ WARNINGS ] | OK | 
| Package: BioQC | 
| Version: 1.11.1 | 
| Command: /Library/Frameworks/R.framework/Versions/Current/Resources/bin/R CMD check --install=check:BioQC.install-out.txt --library=/Library/Frameworks/R.framework/Versions/Current/Resources/library --no-vignettes --timings BioQC_1.11.1.tar.gz | 
| StartedAt: 2019-04-08 23:32:33 -0400 (Mon, 08 Apr 2019) | 
| EndedAt: 2019-04-08 23:33:34 -0400 (Mon, 08 Apr 2019) | 
| EllapsedTime: 61.7 seconds | 
| RetCode: 0 | 
| Status: WARNINGS | 
| CheckDir: BioQC.Rcheck | 
| Warnings: 3 | 
############################################################################## ############################################################################## ### ### Running command: ### ### /Library/Frameworks/R.framework/Versions/Current/Resources/bin/R CMD check --install=check:BioQC.install-out.txt --library=/Library/Frameworks/R.framework/Versions/Current/Resources/library --no-vignettes --timings BioQC_1.11.1.tar.gz ### ############################################################################## ############################################################################## * using log directory ‘/Users/biocbuild/bbs-3.9-bioc/meat/BioQC.Rcheck’ * using R Under development (unstable) (2018-11-27 r75683) * using platform: x86_64-apple-darwin15.6.0 (64-bit) * using session charset: UTF-8 * using option ‘--no-vignettes’ * checking for file ‘BioQC/DESCRIPTION’ ... OK * checking extension type ... Package * this is package ‘BioQC’ version ‘1.11.1’ * checking package namespace information ... OK * checking package dependencies ... OK * checking if this is a source package ... OK * checking if there is a namespace ... OK * checking for hidden files and directories ... OK * checking for portable file names ... OK * checking for sufficient/correct file permissions ... OK * checking whether package ‘BioQC’ can be installed ... WARNING Found the following significant warnings: Warning: /Users/biocbuild/bbs-3.9-bioc/meat/BioQC/man/IndexList.Rd:6: All text must be in a section Warning: /Users/biocbuild/bbs-3.9-bioc/meat/BioQC/man/IndexList.Rd:7: All text must be in a section Warning: /Users/biocbuild/bbs-3.9-bioc/meat/BioQC/man/IndexList.Rd:9: All text must be in a section See ‘/Users/biocbuild/bbs-3.9-bioc/meat/BioQC.Rcheck/00install.out’ for details. * checking installed package size ... OK * checking package directory ... OK * checking ‘build’ directory ... OK * checking DESCRIPTION meta-information ... OK * checking top-level files ... OK * checking for left-over files ... OK * checking index information ... OK * checking package subdirectories ... OK * checking R files for non-ASCII characters ... OK * checking R files for syntax errors ... OK * checking whether the package can be loaded ... OK * checking whether the package can be loaded with stated dependencies ... OK * checking whether the package can be unloaded cleanly ... OK * checking whether the namespace can be loaded with stated dependencies ... OK * checking whether the namespace can be unloaded cleanly ... OK * checking dependencies in R code ... OK * checking S3 generic/method consistency ... OK * checking replacement functions ... OK * checking foreign function calls ... OK * checking R code for possible problems ... OK * checking Rd files ... WARNING prepare_Rd: IndexList.Rd:6: All text must be in a section prepare_Rd: IndexList.Rd:7: All text must be in a section prepare_Rd: IndexList.Rd:9: All text must be in a section * checking Rd metadata ... OK * checking Rd cross-references ... OK * checking for missing documentation entries ... OK * checking for code/documentation mismatches ... OK * checking Rd \usage sections ... WARNING Bad \usage lines found in documentation object 'IndexList': <<<<<<< HEAD ======= >>>>>>> db884caed21e4f2384482a3834c89b269eaa7cc6 Functions with \usage entries need to have the appropriate \alias entries, and all their arguments documented. The \usage entries must correspond to syntactically valid R code. See chapter ‘Writing R documentation files’ in the ‘Writing R Extensions’ manual. * checking Rd contents ... OK * checking for unstated dependencies in examples ... OK * checking line endings in C/C++/Fortran sources/headers ... OK * checking line endings in Makefiles ... OK * checking compilation flags in Makevars ... OK * checking for GNU extensions in Makefiles ... OK * checking for portable use of $(BLAS_LIBS) and $(LAPACK_LIBS) ... OK * checking compiled code ... NOTE Note: information on .o files is not available * checking files in ‘vignettes’ ... OK * checking examples ... OK * checking for unstated dependencies in ‘tests’ ... OK * checking tests ... Running ‘testthat.R’ OK * checking for unstated dependencies in vignettes ... OK * checking package vignettes in ‘inst/doc’ ... OK * checking running R code from vignettes ... SKIPPED * checking re-building of vignette outputs ... SKIPPED * checking PDF version of manual ... OK * DONE Status: 3 WARNINGs, 1 NOTE See ‘/Users/biocbuild/bbs-3.9-bioc/meat/BioQC.Rcheck/00check.log’ for details.
BioQC.Rcheck/00install.out
############################################################################## ############################################################################## ### ### Running command: ### ### /Library/Frameworks/R.framework/Versions/Current/Resources/bin/R CMD INSTALL BioQC ### ############################################################################## ############################################################################## * installing to library ‘/Library/Frameworks/R.framework/Versions/3.6/Resources/library’ * installing *source* package ‘BioQC’ ... ** libs clang -I"/Library/Frameworks/R.framework/Resources/include" -DNDEBUG `/Library/Frameworks/R.framework/Resources/bin/Rscript -e 'Rcpp:::CxxFlags()'` -I/usr/local/include -fPIC -Wall -g -O2 -c gini.c -o gini.o clang -I"/Library/Frameworks/R.framework/Resources/include" -DNDEBUG `/Library/Frameworks/R.framework/Resources/bin/Rscript -e 'Rcpp:::CxxFlags()'` -I/usr/local/include -fPIC -Wall -g -O2 -c init.c -o init.o clang++ -std=gnu++11 -I"/Library/Frameworks/R.framework/Resources/include" -DNDEBUG `/Library/Frameworks/R.framework/Resources/bin/Rscript -e 'Rcpp:::CxxFlags()'` -I/usr/local/include -fPIC -Wall -g -O2 -c read_gmt.cpp -o read_gmt.o clang -I"/Library/Frameworks/R.framework/Resources/include" -DNDEBUG `/Library/Frameworks/R.framework/Resources/bin/Rscript -e 'Rcpp:::CxxFlags()'` -I/usr/local/include -fPIC -Wall -g -O2 -c stat_rank.c -o stat_rank.o clang -I"/Library/Frameworks/R.framework/Resources/include" -DNDEBUG `/Library/Frameworks/R.framework/Resources/bin/Rscript -e 'Rcpp:::CxxFlags()'` -I/usr/local/include -fPIC -Wall -g -O2 -c wmw_test.c -o wmw_test.o clang++ -std=gnu++11 -dynamiclib -Wl,-headerpad_max_install_names -undefined dynamic_lookup -single_module -multiply_defined suppress -L/Library/Frameworks/R.framework/Resources/lib -L/usr/local/lib -o BioQC.so gini.o init.o read_gmt.o stat_rank.o wmw_test.o -F/Library/Frameworks/R.framework/.. -framework R -Wl,-framework -Wl,CoreFoundation installing to /Library/Frameworks/R.framework/Versions/3.6/Resources/library/BioQC/libs ** R ** inst ** byte-compile and prepare package for lazy loading ** help Warning: /Users/biocbuild/bbs-3.9-bioc/meat/BioQC/man/IndexList.Rd:6: All text must be in a section Warning: /Users/biocbuild/bbs-3.9-bioc/meat/BioQC/man/IndexList.Rd:7: All text must be in a section Warning: /Users/biocbuild/bbs-3.9-bioc/meat/BioQC/man/IndexList.Rd:9: All text must be in a section *** installing help indices ** building package indices ** installing vignettes ** testing if installed package can be loaded * DONE (BioQC)
BioQC.Rcheck/tests/testthat.Rout
R Under development (unstable) (2018-11-27 r75683) -- "Unsuffered Consequences"
Copyright (C) 2018 The R Foundation for Statistical Computing
Platform: x86_64-apple-darwin15.6.0 (64-bit)
R is free software and comes with ABSOLUTELY NO WARRANTY.
You are welcome to redistribute it under certain conditions.
Type 'license()' or 'licence()' for distribution details.
R is a collaborative project with many contributors.
Type 'contributors()' for more information and
'citation()' on how to cite R or R packages in publications.
Type 'demo()' for some demos, 'help()' for on-line help, or
'help.start()' for an HTML browser interface to help.
Type 'q()' to quit R.
> library(testthat)
> library(BioQC)
Loading required package: Rcpp
Loading required package: Biobase
Loading required package: BiocGenerics
Loading required package: parallel
Attaching package: 'BiocGenerics'
The following objects are masked from 'package:parallel':
    clusterApply, clusterApplyLB, clusterCall, clusterEvalQ,
    clusterExport, clusterMap, parApply, parCapply, parLapply,
    parLapplyLB, parRapply, parSapply, parSapplyLB
The following objects are masked from 'package:stats':
    IQR, mad, sd, var, xtabs
The following objects are masked from 'package:base':
    Filter, Find, Map, Position, Reduce, anyDuplicated, append,
    as.data.frame, basename, cbind, colMeans, colSums, colnames,
    dirname, do.call, duplicated, eval, evalq, get, grep, grepl,
    intersect, is.unsorted, lapply, mapply, match, mget, order, paste,
    pmax, pmax.int, pmin, pmin.int, rank, rbind, rowMeans, rowSums,
    rownames, sapply, setdiff, sort, table, tapply, union, unique,
    unsplit, which, which.max, which.min
Welcome to Bioconductor
    Vignettes contain introductory material; view with
    'browseVignettes()'. To cite Bioconductor, see
    'citation("Biobase")', and for packages 'citation("pkgname")'.
> 
> test_check("BioQC")
══ testthat results  ═══════════════════════════════════════════════════════════
OK: 99 SKIPPED: 0 FAILED: 0
> 
> proc.time()
   user  system elapsed 
  9.074   0.276   9.419 
BioQC.Rcheck/BioQC-Ex.timings
| name | user | system | elapsed | |
| GmtList | 0.004 | 0.000 | 0.004 | |
| IndexList | 0.009 | 0.001 | 0.009 | |
| SignedGenesets | 0.002 | 0.001 | 0.003 | |
| SignedIndexList | 0.005 | 0.000 | 0.006 | |
| absLog10p | 0.002 | 0.001 | 0.002 | |
| as.gmtlist | 0.001 | 0.000 | 0.002 | |
| entropy | 0.025 | 0.003 | 0.027 | |
| filterPmat | 0.002 | 0.001 | 0.003 | |
| gini | 0.000 | 0.000 | 0.001 | |
| gmtlist2signedGenesets | 0.005 | 0.001 | 0.005 | |
| offset-BaseIndexList-method | 0.001 | 0.000 | 0.001 | |
| offset-set | 0.001 | 0.000 | 0.002 | |
| readGmt | 0.038 | 0.000 | 0.039 | |
| readSignedGmt | 0.01 | 0.00 | 0.01 | |
| simplifyMatrix | 0.000 | 0.001 | 0.001 | |
| wmwTest | 0.310 | 0.015 | 0.330 | |
| wmwTestInR | 0.006 | 0.001 | 0.007 | |