| Back to Multiple platform build/check report for BioC 3.9 |
|
This page was generated on 2019-10-16 12:45:59 -0400 (Wed, 16 Oct 2019).
| Package 190/1741 | Hostname | OS / Arch | INSTALL | BUILD | CHECK | BUILD BIN | ||||||
| BSgenome 1.52.0 H. Pagès
| malbec2 | Linux (Ubuntu 18.04.2 LTS) / x86_64 | OK | OK | WARNINGS | |||||||
| tokay2 | Windows Server 2012 R2 Standard / x64 | OK | OK | WARNINGS | OK | |||||||
| celaya2 | OS X 10.11.6 El Capitan / x86_64 | OK | OK | [ WARNINGS ] | OK |
| Package: BSgenome |
| Version: 1.52.0 |
| Command: /Library/Frameworks/R.framework/Versions/Current/Resources/bin/R CMD check --install=check:BSgenome.install-out.txt --library=/Library/Frameworks/R.framework/Versions/Current/Resources/library --no-vignettes --timings BSgenome_1.52.0.tar.gz |
| StartedAt: 2019-10-16 01:03:12 -0400 (Wed, 16 Oct 2019) |
| EndedAt: 2019-10-16 01:15:56 -0400 (Wed, 16 Oct 2019) |
| EllapsedTime: 764.3 seconds |
| RetCode: 0 |
| Status: WARNINGS |
| CheckDir: BSgenome.Rcheck |
| Warnings: 1 |
##############################################################################
##############################################################################
###
### Running command:
###
### /Library/Frameworks/R.framework/Versions/Current/Resources/bin/R CMD check --install=check:BSgenome.install-out.txt --library=/Library/Frameworks/R.framework/Versions/Current/Resources/library --no-vignettes --timings BSgenome_1.52.0.tar.gz
###
##############################################################################
##############################################################################
* using log directory ‘/Users/biocbuild/bbs-3.9-bioc/meat/BSgenome.Rcheck’
* using R version 3.6.1 (2019-07-05)
* using platform: x86_64-apple-darwin15.6.0 (64-bit)
* using session charset: UTF-8
* using option ‘--no-vignettes’
* checking for file ‘BSgenome/DESCRIPTION’ ... OK
* this is package ‘BSgenome’ version ‘1.52.0’
* package encoding: UTF-8
* checking package namespace information ... OK
* checking package dependencies ... NOTE
Depends: includes the non-default packages:
'BiocGenerics', 'S4Vectors', 'IRanges', 'GenomeInfoDb',
'GenomicRanges', 'Biostrings', 'rtracklayer'
Adding so many packages to the search path is excessive and importing
selectively is preferable.
* checking if this is a source package ... OK
* checking if there is a namespace ... OK
* checking for hidden files and directories ... OK
* checking for portable file names ... NOTE
Found the following non-portable file path:
BSgenome/inst/extdata/GentlemanLab/1000genomes/BSgenome.Hsapiens.1000g.b36female-tools/split_human_b36_female.sh
Tarballs are only required to store paths of up to 100 bytes and cannot
store those of more than 256 bytes, with restrictions including to 100
bytes for the final component.
See section ‘Package structure’ in the ‘Writing R Extensions’ manual.
* checking for sufficient/correct file permissions ... OK
* checking whether package ‘BSgenome’ can be installed ... OK
* checking installed package size ... NOTE
installed size is 7.4Mb
sub-directories of 1Mb or more:
R 1.4Mb
extdata 5.7Mb
* checking package directory ... OK
* checking ‘build’ directory ... OK
* checking DESCRIPTION meta-information ... NOTE
Packages listed in more than one of Depends, Imports, Suggests, Enhances:
‘methods’ ‘BiocGenerics’ ‘S4Vectors’ ‘IRanges’ ‘GenomeInfoDb’ ‘GenomicRanges’ ‘Biostrings’ ‘rtracklayer’
A package should be listed in only one of these fields.
* checking top-level files ... OK
* checking for left-over files ... OK
* checking index information ... OK
* checking package subdirectories ... OK
* checking R files for non-ASCII characters ... OK
* checking R files for syntax errors ... OK
* checking whether the package can be loaded ... OK
* checking whether the package can be loaded with stated dependencies ... OK
* checking whether the package can be unloaded cleanly ... OK
* checking whether the namespace can be loaded with stated dependencies ... OK
* checking whether the namespace can be unloaded cleanly ... OK
* checking dependencies in R code ... NOTE
Unexported objects imported by ':::' calls:
‘GenomeInfoDb:::compactPrintNamedAtomicVector’
‘GenomeInfoDb:::showGenomeDescription’ ‘IRanges:::.normargSEW’
‘IRanges:::unlist_as_integer’ ‘S4Vectors:::anyMissing’
‘S4Vectors:::anyMissingOrOutside’ ‘S4Vectors:::decodeRle’
‘S4Vectors:::diffWithInitialZero’
‘S4Vectors:::makeClassinfoRowForCompactPrinting’
‘S4Vectors:::makePrettyMatrixForCompactPrinting’
‘S4Vectors:::make_zero_col_DataFrame’ ‘S4Vectors:::quick_unlist’
‘S4Vectors:::quick_unsplit’ ‘S4Vectors:::recycleVector’
‘rtracklayer:::.DNAString_to_twoBit’ ‘rtracklayer:::.TwoBits_export’
‘rtracklayer:::checkArgFormat’ ‘rtracklayer:::twoBitPath’
See the note in ?`:::` about the use of this operator.
* checking S3 generic/method consistency ... OK
* checking replacement functions ... OK
* checking foreign function calls ... OK
* checking R code for possible problems ... OK
* checking Rd files ... OK
* checking Rd metadata ... OK
* checking Rd cross-references ... OK
* checking for missing documentation entries ... WARNING
Undocumented code objects:
‘MaskedBSgenome’ ‘OnDiskLongTable’ ‘OnDiskLongTable_old’
‘as.data.frame.BSgenomeViews’ ‘batchsizes’ ‘blocksizes’ ‘breakpoints’
‘forgeMaskedBSgenomeDataPkg’
‘getBatchesByOverlapsFromOnDiskLongTable’
‘getBatchesBySeqnameFromOnDiskLongTable’
‘getBatchesFromOnDiskLongTable’ ‘getBatchesFromOnDiskLongTable_old’
‘getRowsByIdFromOnDiskLongTable’ ‘getRowsByIdFromOnDiskLongTable_old’
‘getRowsByIndexFromOnDiskLongTable_old’ ‘getRowsFromOnDiskLongTable’
‘rowids’ ‘saveAsOnDiskLongTable_old’
‘saveRowidsForOnDiskLongTable_old’ ‘spatialIndex’
‘writeOnDiskLongTable’ ‘writeOnDiskLongTableRowids’
Undocumented S4 classes:
‘OnDiskLongTable_old’ ‘OnDiskLongTable’ ‘MaskedBSgenome’
‘GRanges_OR_NULL’
Undocumented S4 methods:
generic '[' and siglist 'XStringSet,GRangesList,ANY,ANY'
generic '[' and siglist 'XStringSet,GenomicRanges,ANY,ANY'
generic '[[' and siglist 'BSgenome,ANY,ANY'
generic '[[' and siglist 'FastaNamedSequences,ANY,ANY'
generic '[[' and siglist 'RdaNamedSequences,ANY,ANY'
generic '[[' and siglist 'TwobitNamedSequences,ANY,ANY'
generic 'batchsizes' and siglist 'OnDiskLongTable'
generic 'blocksizes' and siglist 'OnDiskLongTable_old'
generic 'breakpoints' and siglist 'OnDiskLongTable'
generic 'breakpoints' and siglist 'OnDiskLongTable_old'
generic 'dim' and siglist 'OnDiskLongTable'
generic 'dim' and siglist 'OnDiskLongTable_old'
generic 'dimnames' and siglist 'OnDiskLongTable'
generic 'dimnames' and siglist 'OnDiskLongTable_old'
generic 'dimnames' and siglist 'XtraSNPlocs'
generic 'forgeMaskedBSgenomeDataPkg' and siglist
'MaskedBSgenomeDataPkgSeed'
generic 'forgeMaskedBSgenomeDataPkg' and siglist 'character'
generic 'forgeMaskedBSgenomeDataPkg' and siglist 'list'
generic 'length' and siglist 'OnDiskNamedSequences'
generic 'names' and siglist 'FastaNamedSequences'
generic 'names' and siglist 'TwobitNamedSequences'
generic 'rowids' and siglist 'OnDiskLongTable'
generic 'rowids' and siglist 'OnDiskLongTable_old'
generic 'seqinfo' and siglist 'FastaNamedSequences'
generic 'seqinfo' and siglist 'RdaNamedSequences'
generic 'seqinfo' and siglist 'TwobitNamedSequences'
generic 'seqnames' and siglist 'OnDiskNamedSequences'
generic 'show' and siglist 'OnDiskLongTable'
generic 'show' and siglist 'OnDiskLongTable_old'
generic 'show' and siglist 'OnDiskNamedSequences'
generic 'spatialIndex' and siglist 'OnDiskLongTable'
All user-level objects in a package (including S4 classes and methods)
should have documentation entries.
See chapter ‘Writing R documentation files’ in the ‘Writing R
Extensions’ manual.
* checking for code/documentation mismatches ... OK
* checking Rd \usage sections ... OK
* checking Rd contents ... OK
* checking for unstated dependencies in examples ... OK
* checking sizes of PDF files under ‘inst/doc’ ... OK
* checking files in ‘vignettes’ ... OK
* checking examples ... OK
Examples with CPU or elapsed time > 5s
user system elapsed
XtraSNPlocs-class 161.739 7.778 169.988
SNPlocs-class 111.539 6.245 118.377
BSgenomeViews-class 33.597 18.604 63.092
BSgenome-utils 27.433 0.958 28.405
BSgenome-class 18.513 2.203 20.767
export-methods 12.432 2.989 15.560
injectSNPs 11.343 2.130 13.587
getSeq-methods 10.018 2.184 12.216
bsapply 9.325 0.966 10.318
available.genomes 8.518 1.087 10.036
BSgenomeForge 6.159 0.214 6.393
* checking for unstated dependencies in vignettes ... OK
* checking package vignettes in ‘inst/doc’ ... OK
* checking running R code from vignettes ... SKIPPED
* checking re-building of vignette outputs ... SKIPPED
* checking PDF version of manual ... OK
* DONE
Status: 1 WARNING, 5 NOTEs
See
‘/Users/biocbuild/bbs-3.9-bioc/meat/BSgenome.Rcheck/00check.log’
for details.
BSgenome.Rcheck/00install.out
############################################################################## ############################################################################## ### ### Running command: ### ### /Library/Frameworks/R.framework/Versions/Current/Resources/bin/R CMD INSTALL BSgenome ### ############################################################################## ############################################################################## * installing to library ‘/Library/Frameworks/R.framework/Versions/3.6/Resources/library’ * installing *source* package ‘BSgenome’ ... ** using staged installation ** R ** inst ** byte-compile and prepare package for lazy loading ** help *** installing help indices ** building package indices ** installing vignettes ** testing if installed package can be loaded from temporary location ** testing if installed package can be loaded from final location ** testing if installed package keeps a record of temporary installation path * DONE (BSgenome)
BSgenome.Rcheck/BSgenome-Ex.timings
| name | user | system | elapsed | |
| BSgenome-class | 18.513 | 2.203 | 20.767 | |
| BSgenome-utils | 27.433 | 0.958 | 28.405 | |
| BSgenomeForge | 6.159 | 0.214 | 6.393 | |
| BSgenomeViews-class | 33.597 | 18.604 | 63.092 | |
| SNPlocs-class | 111.539 | 6.245 | 118.377 | |
| XtraSNPlocs-class | 161.739 | 7.778 | 169.988 | |
| available.genomes | 8.518 | 1.087 | 10.036 | |
| bsapply | 9.325 | 0.966 | 10.318 | |
| export-methods | 12.432 | 2.989 | 15.560 | |
| getSeq-methods | 10.018 | 2.184 | 12.216 | |
| injectSNPs | 11.343 | 2.130 | 13.587 | |