| Back to Multiple platform build/check report for BioC 3.9 |
|
This page was generated on 2019-10-16 12:54:47 -0400 (Wed, 16 Oct 2019).
| Package 672/1741 | Hostname | OS / Arch | INSTALL | BUILD | CHECK | BUILD BIN | ||||||
| gespeR 1.16.0 Fabian Schmich
| malbec2 | Linux (Ubuntu 18.04.2 LTS) / x86_64 | OK | OK | WARNINGS | |||||||
| tokay2 | Windows Server 2012 R2 Standard / x64 | OK | OK | WARNINGS | OK | |||||||
| celaya2 | OS X 10.11.6 El Capitan / x86_64 | OK | OK | [ WARNINGS ] | OK |
| Package: gespeR |
| Version: 1.16.0 |
| Command: /Library/Frameworks/R.framework/Versions/Current/Resources/bin/R CMD check --install=check:gespeR.install-out.txt --library=/Library/Frameworks/R.framework/Versions/Current/Resources/library --no-vignettes --timings gespeR_1.16.0.tar.gz |
| StartedAt: 2019-10-16 03:14:19 -0400 (Wed, 16 Oct 2019) |
| EndedAt: 2019-10-16 03:20:19 -0400 (Wed, 16 Oct 2019) |
| EllapsedTime: 360.1 seconds |
| RetCode: 0 |
| Status: WARNINGS |
| CheckDir: gespeR.Rcheck |
| Warnings: 1 |
##############################################################################
##############################################################################
###
### Running command:
###
### /Library/Frameworks/R.framework/Versions/Current/Resources/bin/R CMD check --install=check:gespeR.install-out.txt --library=/Library/Frameworks/R.framework/Versions/Current/Resources/library --no-vignettes --timings gespeR_1.16.0.tar.gz
###
##############################################################################
##############################################################################
* using log directory ‘/Users/biocbuild/bbs-3.9-bioc/meat/gespeR.Rcheck’
* using R version 3.6.1 (2019-07-05)
* using platform: x86_64-apple-darwin15.6.0 (64-bit)
* using session charset: UTF-8
* using option ‘--no-vignettes’
* checking for file ‘gespeR/DESCRIPTION’ ... OK
* checking extension type ... Package
* this is package ‘gespeR’ version ‘1.16.0’
* checking package namespace information ... OK
* checking package dependencies ... OK
* checking if this is a source package ... OK
* checking if there is a namespace ... OK
* checking for hidden files and directories ... OK
* checking for portable file names ... OK
* checking for sufficient/correct file permissions ... OK
* checking whether package ‘gespeR’ can be installed ... OK
* checking installed package size ... OK
* checking package directory ... OK
* checking ‘build’ directory ... OK
* checking DESCRIPTION meta-information ... OK
* checking top-level files ... OK
* checking for left-over files ... OK
* checking index information ... OK
* checking package subdirectories ... OK
* checking R files for non-ASCII characters ... OK
* checking R files for syntax errors ... OK
* checking whether the package can be loaded ... OK
* checking whether the package can be loaded with stated dependencies ... OK
* checking whether the package can be unloaded cleanly ... OK
* checking whether the namespace can be loaded with stated dependencies ... OK
* checking whether the namespace can be unloaded cleanly ... OK
* checking dependencies in R code ... OK
* checking S3 generic/method consistency ... OK
* checking replacement functions ... OK
* checking foreign function calls ... OK
* checking R code for possible problems ... NOTE
.gespeR.cv: no visible global function definition for ‘coef’
.select.model: no visible global function definition for ‘predict’
concordance: no visible global function definition for ‘cor’
lasso.rand: no visible global function definition for ‘runif’
plot.gespeR: no visible global function definition for ‘hist’
stability.selection: no visible global function definition for ‘lm’
Phenotypes,character: no visible global function definition for
‘read.delim’
Undefined global functions or variables:
coef cor hist lm predict read.delim runif
Consider adding
importFrom("graphics", "hist")
importFrom("stats", "coef", "cor", "lm", "predict", "runif")
importFrom("utils", "read.delim")
to your NAMESPACE file.
* checking Rd files ... OK
* checking Rd metadata ... OK
* checking Rd cross-references ... OK
* checking for missing documentation entries ... OK
* checking for code/documentation mismatches ... WARNING
Codoc mismatches from documentation object 'c,Phenotypes-method':
\S4method{c}{Phenotypes}
Code: function(x, ...)
Docs: function(x, ..., recursive = FALSE)
Argument names in docs not in code:
recursive
* checking Rd \usage sections ... OK
* checking Rd contents ... OK
* checking for unstated dependencies in examples ... OK
* checking contents of ‘data’ directory ... OK
* checking data for non-ASCII characters ... OK
* checking data for ASCII and uncompressed saves ... OK
* checking sizes of PDF files under ‘inst/doc’ ... OK
* checking files in ‘vignettes’ ... OK
* checking examples ... OK
Examples with CPU or elapsed time > 5s
user system elapsed
gespeR-package 7.971 1.119 72.692
gespeR-class 0.580 0.073 16.113
stability-methods 0.173 0.032 14.683
* checking for unstated dependencies in vignettes ... OK
* checking package vignettes in ‘inst/doc’ ... OK
* checking running R code from vignettes ... SKIPPED
* checking re-building of vignette outputs ... SKIPPED
* checking PDF version of manual ... OK
* DONE
Status: 1 WARNING, 1 NOTE
See
‘/Users/biocbuild/bbs-3.9-bioc/meat/gespeR.Rcheck/00check.log’
for details.
gespeR.Rcheck/00install.out
############################################################################## ############################################################################## ### ### Running command: ### ### /Library/Frameworks/R.framework/Versions/Current/Resources/bin/R CMD INSTALL gespeR ### ############################################################################## ############################################################################## * installing to library ‘/Library/Frameworks/R.framework/Versions/3.6/Resources/library’ * installing *source* package ‘gespeR’ ... ** using staged installation ** R ** data ** inst ** byte-compile and prepare package for lazy loading ** help *** installing help indices ** building package indices ** installing vignettes ** testing if installed package can be loaded from temporary location ** testing if installed package can be loaded from final location ** testing if installed package keeps a record of temporary installation path * DONE (gespeR)
gespeR.Rcheck/gespeR-Ex.timings
| name | user | system | elapsed | |
| Phenotypes-class | 0.027 | 0.001 | 0.030 | |
| TargetRelations-class | 0.011 | 0.002 | 0.014 | |
| annotate.gsp-methods | 0.150 | 0.014 | 0.165 | |
| as.data.frame-Phenotypes-method | 0.193 | 0.013 | 0.209 | |
| c-Phenotypes-method | 0.279 | 0.004 | 0.285 | |
| concordance | 1.252 | 0.022 | 1.276 | |
| gespeR-class | 0.580 | 0.073 | 16.113 | |
| gespeR-package | 7.971 | 1.119 | 72.692 | |
| gspssp-methods | 0.207 | 0.027 | 0.234 | |
| join-methods | 0.023 | 0.006 | 0.029 | |
| lasso.rand | 0.007 | 0.003 | 0.010 | |
| na.rem-methods | 0.048 | 0.012 | 0.059 | |
| path-methods | 0.009 | 0.002 | 0.011 | |
| rbo | 0.002 | 0.001 | 0.002 | |
| scores-methods | 0.163 | 0.012 | 0.175 | |
| simData | 0.016 | 0.003 | 0.019 | |
| stability-methods | 0.173 | 0.032 | 14.683 | |
| stabilityfits | 0.141 | 0.011 | 0.152 | |
| target-relations-methods | 0.128 | 0.009 | 0.137 | |
| trmatrix-methods | 0.154 | 0.010 | 0.163 | |
| values-methods | 0.034 | 0.016 | 0.050 | |