| Back to Multiple platform build/check report for BioC 3.9 |
|
This page was generated on 2019-10-16 12:31:09 -0400 (Wed, 16 Oct 2019).
| Package 692/1741 | Hostname | OS / Arch | INSTALL | BUILD | CHECK | BUILD BIN | ||||||
| GOexpress 1.18.0 Kevin Rue-Albrecht
| malbec2 | Linux (Ubuntu 18.04.2 LTS) / x86_64 | OK | OK | OK | |||||||
| tokay2 | Windows Server 2012 R2 Standard / x64 | OK | OK | [ WARNINGS ] | OK | |||||||
| celaya2 | OS X 10.11.6 El Capitan / x86_64 | OK | OK | OK | OK |
| Package: GOexpress |
| Version: 1.18.0 |
| Command: C:\Users\biocbuild\bbs-3.9-bioc\R\bin\R.exe CMD check --force-multiarch --install=check:GOexpress.install-out.txt --library=C:\Users\biocbuild\bbs-3.9-bioc\R\library --no-vignettes --timings GOexpress_1.18.0.tar.gz |
| StartedAt: 2019-10-16 04:07:53 -0400 (Wed, 16 Oct 2019) |
| EndedAt: 2019-10-16 04:10:46 -0400 (Wed, 16 Oct 2019) |
| EllapsedTime: 172.6 seconds |
| RetCode: 0 |
| Status: WARNINGS |
| CheckDir: GOexpress.Rcheck |
| Warnings: 1 |
############################################################################## ############################################################################## ### ### Running command: ### ### C:\Users\biocbuild\bbs-3.9-bioc\R\bin\R.exe CMD check --force-multiarch --install=check:GOexpress.install-out.txt --library=C:\Users\biocbuild\bbs-3.9-bioc\R\library --no-vignettes --timings GOexpress_1.18.0.tar.gz ### ############################################################################## ############################################################################## * using log directory 'C:/Users/biocbuild/bbs-3.9-bioc/meat/GOexpress.Rcheck' * using R version 3.6.1 (2019-07-05) * using platform: x86_64-w64-mingw32 (64-bit) * using session charset: ISO8859-1 * using option '--no-vignettes' * checking for file 'GOexpress/DESCRIPTION' ... OK * this is package 'GOexpress' version '1.18.0' * checking package namespace information ... OK * checking package dependencies ... OK * checking if this is a source package ... OK * checking if there is a namespace ... OK * checking for hidden files and directories ... NOTE Found the following hidden files and directories: .travis.yml These were most likely included in error. See section 'Package structure' in the 'Writing R Extensions' manual. * checking for portable file names ... OK * checking whether package 'GOexpress' can be installed ... WARNING Found the following significant warnings: Rd warning: C:/Users/biocbuild/bbs-3.9-bioc/tmpdir/RtmpWQ76gA/R.INSTALL18d836ac692e/GOexpress/man/GOexpress-package.Rd:100: file link 'Biobase' in package 'Biobase' does not exist and so has been treated as a topic Rd warning: C:/Users/biocbuild/bbs-3.9-bioc/tmpdir/RtmpWQ76gA/R.INSTALL18d836ac692e/GOexpress/man/GOexpress-package.Rd:102: file link 'RColorBrewer' in package 'RColorBrewer' does not exist and so has been treated as a topic Rd warning: C:/Users/biocbuild/bbs-3.9-bioc/tmpdir/RtmpWQ76gA/R.INSTALL18d836ac692e/GOexpress/man/GOexpress-package.Rd:103: file link 'VennDiagram' in package 'VennDiagram' does not exist and so has been treated as a topic Rd warning: C:/Users/biocbuild/bbs-3.9-bioc/tmpdir/RtmpWQ76gA/R.INSTALL18d836ac692e/GOexpress/man/GOexpress-package.Rd:109: file link 'bluered' in package 'gplots' does not exist and so has been treated as a topic Rd warning: C:/Users/biocbuild/bbs-3.9-bioc/tmpdir/RtmpWQ76gA/R.INSTALL18d836ac692e/GOexpress/man/GOexpress-package.Rd:110: file link 'greenred' in package 'gplots' does not exist and so has been treated as a topic Rd warning: C:/Users/biocbuild/bbs-3.9-bioc/tmpdir/RtmpWQ76gA/R.INSTALL18d836ac692e/GOexpress/man/expression_plot.Rd:140: file link 'Biobase' in package 'Biobase' does not exist and so has been treated as a topic Rd warning: C:/Users/biocbuild/bbs-3.9-bioc/tmpdir/RtmpWQ76gA/R.INSTALL18d836ac692e/GOexpress/man/expression_plot_symbol.Rd:152: file link 'Biobase' in package 'Biobase' does not exist and so has been treated as a topic Rd warning: C:/Users/biocbuild/bbs-3.9-bioc/tmpdir/RtmpWQ76gA/R.INSTALL18d836ac692e/GOexpress/man/expression_profiles.Rd:154: file link 'Biobase' in package 'Biobase' does not exist and so has been treated as a topic Rd warning: C:/Users/biocbuild/bbs-3.9-bioc/tmpdir/RtmpWQ76gA/R.INSTALL18d836ac692e/GOexpress/man/expression_profiles_symbol.Rd:161: file link 'Biobase' in package 'Biobase' does not exist and so has been treated as a topic Rd warning: C:/Users/biocbuild/bbs-3.9-bioc/tmpdir/RtmpWQ76gA/R.INSTALL18d836ac692e/GOexpress/man/heatmap_GO.Rd:139: file link 'brewer.pal.info' in package 'RColorBrewer' does not exist and so has been treated as a topic Rd warning: C:/Users/biocbuild/bbs-3.9-bioc/tmpdir/RtmpWQ76gA/R.INSTALL18d836ac692e/GOexpress/man/subEset.Rd:46: file link 'ExpressionSet' in package 'Biobase' does not exist and so has been treated as a topic See 'C:/Users/biocbuild/bbs-3.9-bioc/meat/GOexpress.Rcheck/00install.out' for details. * checking installed package size ... OK * checking package directory ... OK * checking 'build' directory ... OK * checking DESCRIPTION meta-information ... OK * checking top-level files ... OK * checking for left-over files ... OK * checking index information ... OK * checking package subdirectories ... OK * checking R files for non-ASCII characters ... OK * checking R files for syntax errors ... OK * loading checks for arch 'i386' ** checking whether the package can be loaded ... OK ** checking whether the package can be loaded with stated dependencies ... OK ** checking whether the package can be unloaded cleanly ... OK ** checking whether the namespace can be loaded with stated dependencies ... OK ** checking whether the namespace can be unloaded cleanly ... OK * loading checks for arch 'x64' ** checking whether the package can be loaded ... OK ** checking whether the package can be loaded with stated dependencies ... OK ** checking whether the package can be unloaded cleanly ... OK ** checking whether the namespace can be loaded with stated dependencies ... OK ** checking whether the namespace can be unloaded cleanly ... OK * checking dependencies in R code ... OK * checking S3 generic/method consistency ... OK * checking replacement functions ... OK * checking foreign function calls ... OK * checking R code for possible problems ... NOTE GO_analyse: no visible binding for global variable 'microarray2dataset' GO_analyse: no visible binding for global variable 'prefix2dataset' mart_from_ensembl: no visible binding for global variable 'prefix2dataset' Undefined global functions or variables: microarray2dataset prefix2dataset * checking Rd files ... OK * checking Rd metadata ... OK * checking Rd cross-references ... OK * checking for missing documentation entries ... OK * checking for code/documentation mismatches ... OK * checking Rd \usage sections ... OK * checking Rd contents ... OK * checking for unstated dependencies in examples ... OK * checking contents of 'data' directory ... OK * checking data for non-ASCII characters ... OK * checking data for ASCII and uncompressed saves ... OK * checking files in 'vignettes' ... OK * checking examples ... ** running examples for arch 'i386' ... OK ** running examples for arch 'x64' ... OK * checking for unstated dependencies in vignettes ... OK * checking package vignettes in 'inst/doc' ... OK * checking running R code from vignettes ... SKIPPED * checking re-building of vignette outputs ... SKIPPED * checking PDF version of manual ... OK * DONE Status: 1 WARNING, 2 NOTEs See 'C:/Users/biocbuild/bbs-3.9-bioc/meat/GOexpress.Rcheck/00check.log' for details.
GOexpress.Rcheck/00install.out
##############################################################################
##############################################################################
###
### Running command:
###
### C:\cygwin\bin\curl.exe -O https://malbec2.bioconductor.org/BBS/3.9/bioc/src/contrib/GOexpress_1.18.0.tar.gz && rm -rf GOexpress.buildbin-libdir && mkdir GOexpress.buildbin-libdir && C:\Users\biocbuild\bbs-3.9-bioc\R\bin\R.exe CMD INSTALL --merge-multiarch --build --library=GOexpress.buildbin-libdir GOexpress_1.18.0.tar.gz && C:\Users\biocbuild\bbs-3.9-bioc\R\bin\R.exe CMD INSTALL GOexpress_1.18.0.zip && rm GOexpress_1.18.0.tar.gz GOexpress_1.18.0.zip
###
##############################################################################
##############################################################################
% Total % Received % Xferd Average Speed Time Time Time Current
Dload Upload Total Spent Left Speed
0 0 0 0 0 0 0 0 --:--:-- --:--:-- --:--:-- 0
100 1951k 100 1951k 0 0 21.9M 0 --:--:-- --:--:-- --:--:-- 23.8M
install for i386
* installing *source* package 'GOexpress' ...
** using staged installation
** R
** data
*** moving datasets to lazyload DB
** inst
** byte-compile and prepare package for lazy loading
** help
*** installing help indices
converting help for package 'GOexpress'
finding HTML links ... done
AlvMac html
AlvMac_GOgenes html
AlvMac_allGO html
AlvMac_allgenes html
AlvMac_results html
AlvMac_results.pVal html
GO_analyse html
GOexpress-package html
Rd warning: C:/Users/biocbuild/bbs-3.9-bioc/tmpdir/RtmpWQ76gA/R.INSTALL18d836ac692e/GOexpress/man/GOexpress-package.Rd:100: file link 'Biobase' in package 'Biobase' does not exist and so has been treated as a topic
Rd warning: C:/Users/biocbuild/bbs-3.9-bioc/tmpdir/RtmpWQ76gA/R.INSTALL18d836ac692e/GOexpress/man/GOexpress-package.Rd:102: file link 'RColorBrewer' in package 'RColorBrewer' does not exist and so has been treated as a topic
Rd warning: C:/Users/biocbuild/bbs-3.9-bioc/tmpdir/RtmpWQ76gA/R.INSTALL18d836ac692e/GOexpress/man/GOexpress-package.Rd:103: file link 'VennDiagram' in package 'VennDiagram' does not exist and so has been treated as a topic
Rd warning: C:/Users/biocbuild/bbs-3.9-bioc/tmpdir/RtmpWQ76gA/R.INSTALL18d836ac692e/GOexpress/man/GOexpress-package.Rd:109: file link 'bluered' in package 'gplots' does not exist and so has been treated as a topic
Rd warning: C:/Users/biocbuild/bbs-3.9-bioc/tmpdir/RtmpWQ76gA/R.INSTALL18d836ac692e/GOexpress/man/GOexpress-package.Rd:110: file link 'greenred' in package 'gplots' does not exist and so has been treated as a topic
cluster_GO html
expression_plot html
Rd warning: C:/Users/biocbuild/bbs-3.9-bioc/tmpdir/RtmpWQ76gA/R.INSTALL18d836ac692e/GOexpress/man/expression_plot.Rd:140: file link 'Biobase' in package 'Biobase' does not exist and so has been treated as a topic
expression_plot_symbol html
Rd warning: C:/Users/biocbuild/bbs-3.9-bioc/tmpdir/RtmpWQ76gA/R.INSTALL18d836ac692e/GOexpress/man/expression_plot_symbol.Rd:152: file link 'Biobase' in package 'Biobase' does not exist and so has been treated as a topic
expression_profiles html
Rd warning: C:/Users/biocbuild/bbs-3.9-bioc/tmpdir/RtmpWQ76gA/R.INSTALL18d836ac692e/GOexpress/man/expression_profiles.Rd:154: file link 'Biobase' in package 'Biobase' does not exist and so has been treated as a topic
expression_profiles_symbol html
Rd warning: C:/Users/biocbuild/bbs-3.9-bioc/tmpdir/RtmpWQ76gA/R.INSTALL18d836ac692e/GOexpress/man/expression_profiles_symbol.Rd:161: file link 'Biobase' in package 'Biobase' does not exist and so has been treated as a topic
heatmap_GO html
Rd warning: C:/Users/biocbuild/bbs-3.9-bioc/tmpdir/RtmpWQ76gA/R.INSTALL18d836ac692e/GOexpress/man/heatmap_GO.Rd:139: file link 'brewer.pal.info' in package 'RColorBrewer' does not exist and so has been treated as a topic
hist_scores html
list_genes html
microarray2dataset html
pValue_GO html
plot_design html
prefix2dataset html
quantiles_scores html
rerank html
subEset html
Rd warning: C:/Users/biocbuild/bbs-3.9-bioc/tmpdir/RtmpWQ76gA/R.INSTALL18d836ac692e/GOexpress/man/subEset.Rd:46: file link 'ExpressionSet' in package 'Biobase' does not exist and so has been treated as a topic
subset_scores html
table_genes html
** building package indices
** installing vignettes
** testing if installed package can be loaded from temporary location
** testing if installed package can be loaded from final location
** testing if installed package keeps a record of temporary installation path
install for x64
* installing *source* package 'GOexpress' ...
** testing if installed package can be loaded
* MD5 sums
packaged installation of 'GOexpress' as GOexpress_1.18.0.zip
* DONE (GOexpress)
* installing to library 'C:/Users/biocbuild/bbs-3.9-bioc/R/library'
package 'GOexpress' successfully unpacked and MD5 sums checked
|
GOexpress.Rcheck/examples_i386/GOexpress-Ex.timings
|
GOexpress.Rcheck/examples_x64/GOexpress-Ex.timings
|