| Back to Multiple platform build/check report for BioC 3.9 |
|
This page was generated on 2019-04-09 13:33:04 -0400 (Tue, 09 Apr 2019).
| Package 1554/1703 | Hostname | OS / Arch | INSTALL | BUILD | CHECK | BUILD BIN | ||||||
| sscu 2.13.0 Yu Sun
| malbec2 | Linux (Ubuntu 18.04.2 LTS) / x86_64 | OK | OK | WARNINGS | |||||||
| tokay2 | Windows Server 2012 R2 Standard / x64 | OK | OK | WARNINGS | OK | |||||||
| celaya2 | OS X 10.11.6 El Capitan / x86_64 | OK | OK | WARNINGS | OK | |||||||
| merida2 | OS X 10.11.6 El Capitan / x86_64 | OK | OK | [ WARNINGS ] | OK |
| Package: sscu |
| Version: 2.13.0 |
| Command: /Library/Frameworks/R.framework/Versions/Current/Resources/bin/R CMD check --install=check:sscu.install-out.txt --library=/Library/Frameworks/R.framework/Versions/Current/Resources/library --no-vignettes --timings sscu_2.13.0.tar.gz |
| StartedAt: 2019-04-09 03:56:32 -0400 (Tue, 09 Apr 2019) |
| EndedAt: 2019-04-09 03:58:20 -0400 (Tue, 09 Apr 2019) |
| EllapsedTime: 107.7 seconds |
| RetCode: 0 |
| Status: WARNINGS |
| CheckDir: sscu.Rcheck |
| Warnings: 1 |
##############################################################################
##############################################################################
###
### Running command:
###
### /Library/Frameworks/R.framework/Versions/Current/Resources/bin/R CMD check --install=check:sscu.install-out.txt --library=/Library/Frameworks/R.framework/Versions/Current/Resources/library --no-vignettes --timings sscu_2.13.0.tar.gz
###
##############################################################################
##############################################################################
* using log directory ‘/Users/biocbuild/bbs-3.9-bioc/meat/sscu.Rcheck’
* using R Under development (unstable) (2018-11-27 r75683)
* using platform: x86_64-apple-darwin15.6.0 (64-bit)
* using session charset: UTF-8
* using option ‘--no-vignettes’
* checking for file ‘sscu/DESCRIPTION’ ... OK
* checking extension type ... Package
* this is package ‘sscu’ version ‘2.13.0’
* checking package namespace information ... OK
* checking package dependencies ... OK
* checking if this is a source package ... OK
* checking if there is a namespace ... OK
* checking for hidden files and directories ... OK
* checking for portable file names ... OK
* checking for sufficient/correct file permissions ... OK
* checking whether package ‘sscu’ can be installed ... OK
* checking installed package size ... OK
* checking package directory ... OK
* checking DESCRIPTION meta-information ... OK
* checking top-level files ... OK
* checking for left-over files ... OK
* checking index information ... OK
* checking package subdirectories ... OK
* checking R files for non-ASCII characters ... OK
* checking R files for syntax errors ... OK
* checking whether the package can be loaded ... OK
* checking whether the package can be loaded with stated dependencies ... OK
* checking whether the package can be unloaded cleanly ... OK
* checking whether the namespace can be loaded with stated dependencies ... OK
* checking whether the namespace can be unloaded cleanly ... OK
* checking dependencies in R code ... OK
* checking S3 generic/method consistency ... OK
* checking replacement functions ... OK
* checking foreign function calls ... OK
* checking R code for possible problems ... OK
* checking Rd files ... OK
* checking Rd metadata ... OK
* checking Rd cross-references ... OK
* checking for missing documentation entries ... OK
* checking for code/documentation mismatches ... OK
* checking Rd \usage sections ... OK
* checking Rd contents ... OK
* checking for unstated dependencies in examples ... OK
* checking files in ‘vignettes’ ... WARNING
Files in the 'vignettes' directory but no files in 'inst/doc':
‘sscu.Rmd’
Files named as vignettes but with no recognized vignette engine:
‘vignettes/sscu.Rmd’
(Is a VignetteBuilder field missing?)
* checking examples ... OK
Examples with CPU or elapsed time > 5s
user system elapsed
op_corre_NCprime 15.696 0.167 16.006
op_corre_CodonW 14.227 0.234 14.606
* checking PDF version of manual ... OK
* DONE
Status: 1 WARNING
See
‘/Users/biocbuild/bbs-3.9-bioc/meat/sscu.Rcheck/00check.log’
for details.
sscu.Rcheck/00install.out
############################################################################## ############################################################################## ### ### Running command: ### ### /Library/Frameworks/R.framework/Versions/Current/Resources/bin/R CMD INSTALL sscu ### ############################################################################## ############################################################################## * installing to library ‘/Library/Frameworks/R.framework/Versions/3.6/Resources/library’ * installing *source* package ‘sscu’ ... ** R ** inst ** byte-compile and prepare package for lazy loading ** help *** installing help indices ** building package indices ** installing vignettes ** testing if installed package can be loaded * DONE (sscu)
sscu.Rcheck/sscu-Ex.timings
| name | user | system | elapsed | |
| akashi_test | 0.017 | 0.001 | 0.019 | |
| genomic_gc3 | 0.360 | 0.020 | 0.387 | |
| low_frequency_op | 0.974 | 0.038 | 1.033 | |
| op_corre_CodonW | 14.227 | 0.234 | 14.606 | |
| op_corre_NCprime | 15.696 | 0.167 | 16.006 | |
| op_highly | 0.924 | 0.024 | 0.957 | |
| op_highly_stats | 1.031 | 0.029 | 1.071 | |
| s_index | 0.267 | 0.032 | 0.302 | |