| Back to Multiple platform build/check report for BioC 3.9 |
|
This page was generated on 2019-04-09 13:24:54 -0400 (Tue, 09 Apr 2019).
| Package 1194/1703 | Hostname | OS / Arch | INSTALL | BUILD | CHECK | BUILD BIN | ||||||
| plateCore 1.41.1 Errol Strain
| malbec2 | Linux (Ubuntu 18.04.2 LTS) / x86_64 | ERROR | ERROR | skipped | |||||||
| tokay2 | Windows Server 2012 R2 Standard / x64 | ERROR | ERROR | skipped | skipped | |||||||
| celaya2 | OS X 10.11.6 El Capitan / x86_64 | ERROR | ERROR | skipped | skipped | |||||||
| merida2 | OS X 10.11.6 El Capitan / x86_64 | OK | OK | [ WARNINGS ] | OK |
| Package: plateCore |
| Version: 1.41.1 |
| Command: /Library/Frameworks/R.framework/Versions/Current/Resources/bin/R CMD check --install=check:plateCore.install-out.txt --library=/Library/Frameworks/R.framework/Versions/Current/Resources/library --no-vignettes --timings plateCore_1.41.1.tar.gz |
| StartedAt: 2019-04-09 02:53:42 -0400 (Tue, 09 Apr 2019) |
| EndedAt: 2019-04-09 02:56:35 -0400 (Tue, 09 Apr 2019) |
| EllapsedTime: 173.5 seconds |
| RetCode: 0 |
| Status: WARNINGS |
| CheckDir: plateCore.Rcheck |
| Warnings: 1 |
##############################################################################
##############################################################################
###
### Running command:
###
### /Library/Frameworks/R.framework/Versions/Current/Resources/bin/R CMD check --install=check:plateCore.install-out.txt --library=/Library/Frameworks/R.framework/Versions/Current/Resources/library --no-vignettes --timings plateCore_1.41.1.tar.gz
###
##############################################################################
##############################################################################
* using log directory ‘/Users/biocbuild/bbs-3.9-bioc/meat/plateCore.Rcheck’
* using R Under development (unstable) (2018-11-27 r75683)
* using platform: x86_64-apple-darwin15.6.0 (64-bit)
* using session charset: UTF-8
* using option ‘--no-vignettes’
* checking for file ‘plateCore/DESCRIPTION’ ... OK
* this is package ‘plateCore’ version ‘1.41.1’
* checking package namespace information ... OK
* checking package dependencies ... OK
* checking if this is a source package ... OK
* checking if there is a namespace ... OK
* checking for hidden files and directories ... OK
* checking for portable file names ... OK
* checking for sufficient/correct file permissions ... OK
* checking whether package ‘plateCore’ can be installed ... OK
* checking installed package size ... OK
* checking package directory ... OK
* checking ‘build’ directory ... OK
* checking DESCRIPTION meta-information ... NOTE
Packages listed in more than one of Depends, Imports, Suggests, Enhances:
‘flowCore’ ‘lattice’
A package should be listed in only one of these fields.
* checking top-level files ... OK
* checking for left-over files ... OK
* checking index information ... OK
* checking package subdirectories ... OK
* checking R files for non-ASCII characters ... OK
* checking R files for syntax errors ... OK
* checking whether the package can be loaded ... OK
* checking whether the package can be loaded with stated dependencies ... OK
* checking whether the package can be unloaded cleanly ... OK
* checking whether the namespace can be loaded with stated dependencies ... OK
* checking whether the namespace can be unloaded cleanly ... OK
* checking dependencies in R code ... NOTE
Packages in Depends field not imported from:
‘flowViz’ ‘latticeExtra’
These packages need to be imported from (in the NAMESPACE file)
for when this namespace is loaded but not attached.
* checking S3 generic/method consistency ... OK
* checking replacement functions ... OK
* checking foreign function calls ... OK
* checking R code for possible problems ... NOTE
panel.xyplot.flowPlate: warning in filterBoundary(filter =
filter[[nm]], parameters = c(channel.x.name, channel.y.name), frame =
frames[[nm]]): partial argument match of 'filter' to 'filter.object'
fixAutoFl,flowPlate: no visible binding for global variable
‘Sample.Type’
fpbind,flowPlate-flowPlate : <anonymous>: no visible binding for global
variable ‘name’
gutterPlot,flowPlate: no visible global function definition for ‘plot’
mfiPlot,flowPlate: no visible global function definition for ‘plot’
plotPlate,flowPlate: no visible global function definition for ‘plot’
setControlGates,flowPlate: no visible binding for global variable
‘Sample.Type’
setControlGates,flowPlate: no visible binding for global variable
‘Channel’
setControlGates,flowPlate : <anonymous>: no visible binding for global
variable ‘Well.Id’
setControlGates,flowPlate : <anonymous>: no visible binding for global
variable ‘plateName’
setControlGates,flowPlate : <anonymous>: no visible binding for global
variable ‘name’
Undefined global functions or variables:
Channel Sample.Type Well.Id name plateName plot
Consider adding
importFrom("graphics", "plot")
to your NAMESPACE file.
* checking Rd files ... OK
* checking Rd metadata ... OK
* checking Rd cross-references ... OK
* checking for missing documentation entries ... WARNING
Undocumented S4 methods:
generic '[' and siglist 'flowPlate,ANY,ANY,ANY'
All user-level objects in a package (including S4 classes and methods)
should have documentation entries.
See chapter ‘Writing R documentation files’ in the ‘Writing R
Extensions’ manual.
* checking for code/documentation mismatches ... OK
* checking Rd \usage sections ... OK
* checking Rd contents ... OK
* checking for unstated dependencies in examples ... OK
* checking contents of ‘data’ directory ... OK
* checking data for non-ASCII characters ... OK
* checking data for ASCII and uncompressed saves ... OK
* checking sizes of PDF files under ‘inst/doc’ ... OK
* checking files in ‘vignettes’ ... OK
* checking examples ... OK
Examples with CPU or elapsed time > 5s
user system elapsed
applyControlGates-methods 7.846 0.137 8.073
mfiPlot-methods 7.381 0.040 7.502
summaryStats-methods 6.799 0.044 6.876
on-methods 4.970 0.042 5.032
* checking for unstated dependencies in vignettes ... OK
* checking package vignettes in ‘inst/doc’ ... OK
* checking running R code from vignettes ... SKIPPED
* checking re-building of vignette outputs ... SKIPPED
* checking PDF version of manual ... OK
* DONE
Status: 1 WARNING, 3 NOTEs
See
‘/Users/biocbuild/bbs-3.9-bioc/meat/plateCore.Rcheck/00check.log’
for details.
plateCore.Rcheck/00install.out
############################################################################## ############################################################################## ### ### Running command: ### ### /Library/Frameworks/R.framework/Versions/Current/Resources/bin/R CMD INSTALL plateCore ### ############################################################################## ############################################################################## * installing to library ‘/Library/Frameworks/R.framework/Versions/3.6/Resources/library’ * installing *source* package ‘plateCore’ ... ** R ** data ** byte-compile and prepare package for lazy loading No methods found in package ‘flowStats’ for request: ‘%on%’ when loading ‘plateCore’ ** help *** installing help indices ** building package indices ** installing vignettes ** testing if installed package can be loaded No methods found in package ‘flowStats’ for request: ‘%on%’ when loading ‘plateCore’ * DONE (plateCore)
plateCore.Rcheck/plateCore-Ex.timings
| name | user | system | elapsed | |
| Subset-methods | 2.037 | 0.040 | 2.089 | |
| applyControlGates-methods | 7.846 | 0.137 | 8.073 | |
| compensate-methods | 2.711 | 0.028 | 2.759 | |
| compensationSet | 0.168 | 0.012 | 0.183 | |
| densityplot-methods | 1.053 | 0.032 | 1.089 | |
| fixAutoFl-methods | 3.014 | 0.069 | 3.102 | |
| flowPlate-class | 2.119 | 0.041 | 2.198 | |
| flowPlate-method | 1.842 | 0.029 | 1.939 | |
| fpbind-methods | 3.386 | 0.046 | 3.475 | |
| getGroups-methods | 0.754 | 0.013 | 0.768 | |
| gutterPlot-methods | 0.795 | 0.020 | 0.816 | |
| mfiPlot-methods | 7.381 | 0.040 | 7.502 | |
| on-methods | 4.970 | 0.042 | 5.032 | |
| panel.densityplot.flowPlate | 1.096 | 0.034 | 1.138 | |
| panel.xyplot.flowPlate | 0.998 | 0.015 | 1.017 | |
| plateCore-package | 1.432 | 0.016 | 1.453 | |
| plateSet-methods | 1.451 | 0.022 | 1.475 | |
| plotPlate-methods | 1.863 | 0.018 | 1.893 | |
| prepanel.densityplot.flowPlate | 0.908 | 0.020 | 0.934 | |
| prepanel.xyplot.flowPlate | 0.909 | 0.016 | 0.948 | |
| setControlGates-methods | 1.687 | 0.019 | 1.727 | |
| summaryStats-methods | 6.799 | 0.044 | 6.876 | |
| wellAnnotation-methods | 0.700 | 0.012 | 0.714 | |
| xyplot-methods | 0.830 | 0.011 | 0.844 | |