| Back to Multiple platform build/check report for BioC 3.9 |
|
This page was generated on 2019-04-09 12:31:47 -0400 (Tue, 09 Apr 2019).
| Package 503/1703 | Hostname | OS / Arch | INSTALL | BUILD | CHECK | BUILD BIN | ||||||
| epivizrChart 1.5.0 Hector Corrada Bravo
| malbec2 | Linux (Ubuntu 18.04.2 LTS) / x86_64 | OK | OK | OK | |||||||
| tokay2 | Windows Server 2012 R2 Standard / x64 | OK | OK | [ TIMEOUT ] | OK | |||||||
| celaya2 | OS X 10.11.6 El Capitan / x86_64 | OK | OK | OK | OK | |||||||
| merida2 | OS X 10.11.6 El Capitan / x86_64 | OK | OK | OK | OK |
| Package: epivizrChart |
| Version: 1.5.0 |
| Command: C:\Users\biocbuild\bbs-3.9-bioc\R\bin\R.exe CMD check --force-multiarch --install=check:epivizrChart.install-out.txt --library=C:\Users\biocbuild\bbs-3.9-bioc\R\library --no-vignettes --timings epivizrChart_1.5.0.tar.gz |
| StartedAt: 2019-04-09 02:35:00 -0400 (Tue, 09 Apr 2019) |
| EndedAt: 2019-04-09 03:16:47 -0400 (Tue, 09 Apr 2019) |
| EllapsedTime: 2506.3 seconds |
| RetCode: None |
| Status: TIMEOUT |
| CheckDir: epivizrChart.Rcheck |
| Warnings: NA |
##############################################################################
##############################################################################
###
### Running command:
###
### C:\Users\biocbuild\bbs-3.9-bioc\R\bin\R.exe CMD check --force-multiarch --install=check:epivizrChart.install-out.txt --library=C:\Users\biocbuild\bbs-3.9-bioc\R\library --no-vignettes --timings epivizrChart_1.5.0.tar.gz
###
##############################################################################
##############################################################################
* using log directory 'C:/Users/biocbuild/bbs-3.9-bioc/meat/epivizrChart.Rcheck'
* using R Under development (unstable) (2019-03-09 r76216)
* using platform: x86_64-w64-mingw32 (64-bit)
* using session charset: ISO8859-1
* using option '--no-vignettes'
* checking for file 'epivizrChart/DESCRIPTION' ... OK
* this is package 'epivizrChart' version '1.5.0'
* package encoding: UTF-8
* checking package namespace information ... OK
* checking package dependencies ... OK
* checking if this is a source package ... OK
* checking if there is a namespace ... OK
* checking for hidden files and directories ... OK
* checking for portable file names ... OK
* checking whether package 'epivizrChart' can be installed ... WARNING
Found the following significant warnings:
Rd warning: C:/Users/biocbuild/bbs-3.9-bioc/tmpdir/RtmpIrelBG/R.INSTALL22285d8251ad/epivizrChart/man/EpivizChart-class.Rd:20: file link 'EpivizEnvironment' in package 'epivizrChart' does not exist and so has been treated as a topic
Rd warning: C:/Users/biocbuild/bbs-3.9-bioc/tmpdir/RtmpIrelBG/R.INSTALL22285d8251ad/epivizrChart/man/EpivizEnvironment-class.Rd:14: file link 'EpivizViewComponent' in package 'epivizrChart' does not exist and so has been treated as a topic
Rd warning: C:/Users/biocbuild/bbs-3.9-bioc/tmpdir/RtmpIrelBG/R.INSTALL22285d8251ad/epivizrChart/man/EpivizEnvironment-class.Rd:18: file link 'EpivizDataSource' in package 'epivizrChart' does not exist and so has been treated as a topic
Rd warning: C:/Users/biocbuild/bbs-3.9-bioc/tmpdir/RtmpIrelBG/R.INSTALL22285d8251ad/epivizrChart/man/EpivizNavigation-class.Rd:18: file link 'EpivizEnvironment' in package 'epivizrChart' does not exist and so has been treated as a topic
Rd warning: C:/Users/biocbuild/bbs-3.9-bioc/tmpdir/RtmpIrelBG/R.INSTALL22285d8251ad/epivizrChart/man/EpivizViewComponent-class.Rd:20: file link 'EpivizMeasurement' in package 'epivizrData' does not exist and so has been treated as a topic
Rd warning: C:/Users/biocbuild/bbs-3.9-bioc/tmpdir/RtmpIrelBG/R.INSTALL22285d8251ad/epivizrChart/man/EpivizWebComponent-class.Rd:14: file link 'EpivizChartDataMgr' in package 'epivizrChart' does not exist and so has been treated as a topic
Rd warning: C:/Users/biocbuild/bbs-3.9-bioc/tmpdir/RtmpIrelBG/R.INSTALL22285d8251ad/epivizrChart/man/bcode_eset.Rd:7: file link 'ExpressionSet' in package 'Biobase' does not exist and so has been treated as a topic
Rd warning: C:/Users/biocbuild/bbs-3.9-bioc/tmpdir/RtmpIrelBG/R.INSTALL22285d8251ad/epivizrChart/man/bcode_eset.Rd:12: file link 'ExpressionSet' in package 'Biobase' does not exist and so has been treated as a topic
Rd warning: C:/Users/biocbuild/bbs-3.9-bioc/tmpdir/RtmpIrelBG/R.INSTALL22285d8251ad/epivizrChart/man/cgi_gr.Rd:7: file link 'GRanges' in package 'GenomicRanges' does not exist and so has been treated as a topic
Rd warning: C:/Users/biocbuild/bbs-3.9-bioc/tmpdir/RtmpIrelBG/R.INSTALL22285d8251ad/epivizrChart/man/cgi_gr.Rd:12: file link 'GRanges' in package 'GenomicRanges' does not exist and so has been treated as a topic
Rd warning: C:/Users/biocbuild/bbs-3.9-bioc/tmpdir/RtmpIrelBG/R.INSTALL22285d8251ad/epivizrChart/man/dot-initialize_chart.Rd:12: file link 'EpivizChart' in package 'epivizrChart' does not exist and so has been treated as a topic
Rd warning: C:/Users/biocbuild/bbs-3.9-bioc/tmpdir/RtmpIrelBG/R.INSTALL22285d8251ad/epivizrChart/man/epivizChart.Rd:12: file link 'EpivizData' in package 'epivizrData' does not exist and so has been treated as a topic
Rd warning: C:/Users/biocbuild/bbs-3.9-bioc/tmpdir/RtmpIrelBG/R.INSTALL22285d8251ad/epivizrChart/man/epivizChart.Rd:14: file link 'EpivizMeasurement' in package 'epivizrData' does not exist and so has been treated as a topic
Rd warning: C:/Users/biocbuild/bbs-3.9-bioc/tmpdir/RtmpIrelBG/R.INSTALL22285d8251ad/epivizrChart/man/epivizChart.Rd:18: file link 'EpivizEnvironment' in package 'epivizrChart' does not exist and so has been treated as a topic
Rd warning: C:/Users/biocbuild/bbs-3.9-bioc/tmpdir/RtmpIrelBG/R.INSTALL22285d8251ad/epivizrChart/man/epivizChart.Rd:18: file link 'EpivizNavigation' in package 'epivizrChart' does not exist and so has been treated as a topic
Rd warning: C:/Users/biocbuild/bbs-3.9-bioc/tmpdir/RtmpIrelBG/R.INSTALL22285d8251ad/epivizrChart/man/epivizEnv.Rd:5: file link 'EpivizEnvironment' in package 'epivizrChart' does not exist and so has been treated as a topic
Rd warning: C:/Users/biocbuild/bbs-3.9-bioc/tmpdir/RtmpIrelBG/R.INSTALL22285d8251ad/epivizrChart/man/epivizEnv.Rd:25: file link 'EpivizEnvironment' in package 'epivizrChart' does not exist and so has been treated as a topic
Rd warning: C:/Users/biocbuild/bbs-3.9-bioc/tmpdir/RtmpIrelBG/R.INSTALL22285d8251ad/epivizrChart/man/epivizEnv.Rd:19: file link 'EpivizWebComponent' in package 'epivizrChart' does not exist and so has been treated as a topic
Rd warning: C:/Users/biocbuild/bbs-3.9-bioc/tmpdir/RtmpIrelBG/R.INSTALL22285d8251ad/epivizrChart/man/epivizEnv.Rd:22: file link 'EpivizEnvironment' in package 'epivizrChart' does not exist and so has been treated as a topic
Rd warning: C:/Users/biocbuild/bbs-3.9-bioc/tmpdir/RtmpIrelBG/R.INSTALL22285d8251ad/epivizrChart/man/epivizNav.Rd:5: file link 'EpivizNavigation' in package 'epivizrChart' does not exist and so has been treated as a topic
Rd warning: C:/Users/biocbuild/bbs-3.9-bioc/tmpdir/RtmpIrelBG/R.INSTALL22285d8251ad/epivizrChart/man/epivizNav.Rd:27: file link 'EpivizNavigation' in package 'epivizrChart' does not exist and so has been treated as a topic
Rd warning: C:/Users/biocbuild/bbs-3.9-bioc/tmpdir/RtmpIrelBG/R.INSTALL22285d8251ad/epivizrChart/man/epivizNav.Rd:17: file link 'EpivizEnvironment' in package 'epivizrChart' does not exist and so has been treated as a topic
Rd warning: C:/Users/biocbuild/bbs-3.9-bioc/tmpdir/RtmpIrelBG/R.INSTALL22285d8251ad/epivizrChart/man/epivizNav.Rd:17: file link 'EpivizNavigation' in package 'epivizrChart' does not exist and so has been treated as a topic
Rd warning: C:/Users/biocbuild/bbs-3.9-bioc/tmpdir/RtmpIrelBG/R.INSTALL22285d8251ad/epivizrChart/man/epivizNav.Rd:24: file link 'EpivizNavigation' in package 'epivizrChart' does not exist and so has been treated as a topic
Rd warning: C:/Users/biocbuild/bbs-3.9-bioc/tmpdir/RtmpIrelBG/R.INSTALL22285d8251ad/epivizrChart/man/sumexp.Rd:12: file link 'RangedSummarizedExperiment' in package 'SummarizedExperiment' does not exist and so has been treated as a topic
Rd warning: C:/Users/biocbuild/bbs-3.9-bioc/tmpdir/RtmpIrelBG/R.INSTALL22285d8251ad/epivizrChart/man/tcga_colon_blocks.Rd:7: file link 'GRanges' in package 'GenomicRanges' does not exist and so has been treated as a topic
Rd warning: C:/Users/biocbuild/bbs-3.9-bioc/tmpdir/RtmpIrelBG/R.INSTALL22285d8251ad/epivizrChart/man/tcga_colon_blocks.Rd:29: file link 'GRanges' in package 'GenomicRanges' does not exist and so has been treated as a topic
Rd warning: C:/Users/biocbuild/bbs-3.9-bioc/tmpdir/RtmpIrelBG/R.INSTALL22285d8251ad/epivizrChart/man/tcga_colon_curves.Rd:7: file link 'GRanges' in package 'GenomicRanges' does not exist and so has been treated as a topic
Rd warning: C:/Users/biocbuild/bbs-3.9-bioc/tmpdir/RtmpIrelBG/R.INSTALL22285d8251ad/epivizrChart/man/tcga_colon_curves.Rd:25: file link 'GRanges' in package 'GenomicRanges' does not exist and so has been treated as a topic
Rd warning: C:/Users/biocbuild/bbs-3.9-bioc/tmpdir/RtmpIrelBG/R.INSTALL22285d8251ad/epivizrChart/man/tcga_colon_expression.Rd:23: file link 'RangedSummarizedExperiment' in package 'SummarizedExperiment' does not exist and so has been treated as a topic
Rd warning: C:/Users/biocbuild/bbs-3.9-bioc/tmpdir/RtmpIrelBG/R.INSTALL22285d8251ad/epivizrChart/man/tcga_colon_expression.Rd:7: file link 'RangedSummarizedExperiment' in package 'SummarizedExperiment' does not exist and so has been treated as a topic
Rd warning: C:/Users/biocbuild/bbs-3.9-bioc/tmpdir/RtmpIrelBG/R.INSTALL22285d8251ad/epivizrChart/man/tcga_colon_expression.Rd:20: file link 'RangedSummarizedExperiment' in package 'SummarizedExperiment' does not exist and so has been treated as a topic
See 'C:/Users/biocbuild/bbs-3.9-bioc/meat/epivizrChart.Rcheck/00install.out' for details.
* checking installed package size ... NOTE
installed size is 7.7Mb
sub-directories of 1Mb or more:
data 3.2Mb
www 3.8Mb
* checking package directory ... OK
* checking 'build' directory ... OK
* checking DESCRIPTION meta-information ... OK
* checking top-level files ... OK
* checking for left-over files ... OK
* checking index information ... OK
* checking package subdirectories ... OK
* checking R files for non-ASCII characters ... OK
* checking R files for syntax errors ... OK
* loading checks for arch 'i386'
** checking whether the package can be loaded ... OK
** checking whether the package can be loaded with stated dependencies ... OK
** checking whether the package can be unloaded cleanly ... OK
** checking whether the namespace can be loaded with stated dependencies ... OK
** checking whether the namespace can be unloaded cleanly ... OK
* loading checks for arch 'x64'
** checking whether the package can be loaded ... OK
** checking whether the package can be loaded with stated dependencies ... OK
** checking whether the package can be unloaded cleanly ... OK
** checking whether the namespace can be loaded with stated dependencies ... OK
** checking whether the namespace can be unloaded cleanly ... OK
* checking dependencies in R code ... NOTE
Namespace in Imports field not imported from: 'epivizrServer'
All declared Imports should be used.
* checking S3 generic/method consistency ... OK
* checking replacement functions ... OK
* checking foreign function calls ... OK
* checking R code for possible problems ... OK
* checking Rd files ... OK
* checking Rd metadata ... OK
* checking Rd cross-references ... OK
* checking for missing documentation entries ... OK
* checking for code/documentation mismatches ... OK
* checking Rd \usage sections ... OK
* checking Rd contents ... OK
* checking for unstated dependencies in examples ... OK
* checking contents of 'data' directory ... OK
* checking data for non-ASCII characters ... OK
* checking data for ASCII and uncompressed saves ... OK
* checking files in 'vignettes' ... OK
* checking examples ...
** running examples for arch 'i386' ...
epivizrChart.Rcheck/00install.out
##############################################################################
##############################################################################
###
### Running command:
###
### C:\cygwin\bin\curl.exe -O https://malbec2.bioconductor.org/BBS/3.9/bioc/src/contrib/epivizrChart_1.5.0.tar.gz && rm -rf epivizrChart.buildbin-libdir && mkdir epivizrChart.buildbin-libdir && C:\Users\biocbuild\bbs-3.9-bioc\R\bin\R.exe CMD INSTALL --merge-multiarch --build --library=epivizrChart.buildbin-libdir epivizrChart_1.5.0.tar.gz && C:\Users\biocbuild\bbs-3.9-bioc\R\bin\R.exe CMD INSTALL epivizrChart_1.5.0.zip && rm epivizrChart_1.5.0.tar.gz epivizrChart_1.5.0.zip
###
##############################################################################
##############################################################################
% Total % Received % Xferd Average Speed Time Time Time Current
Dload Upload Total Spent Left Speed
0 0 0 0 0 0 0 0 --:--:-- --:--:-- --:--:-- 0
100 2542k 100 2542k 0 0 9744k 0 --:--:-- --:--:-- --:--:-- 9.7M
install for i386
* installing *source* package 'epivizrChart' ...
** R
** data
*** moving datasets to lazyload DB
** inst
** byte-compile and prepare package for lazy loading
** help
*** installing help indices
converting help for package 'epivizrChart'
finding HTML links ... done
BlocksTrack-methods html
EpivizBlocksTrack-class html
EpivizChart-class html
Rd warning: C:/Users/biocbuild/bbs-3.9-bioc/tmpdir/RtmpIrelBG/R.INSTALL22285d8251ad/epivizrChart/man/EpivizChart-class.Rd:20: file link 'EpivizEnvironment' in package 'epivizrChart' does not exist and so has been treated as a topic
EpivizChartDataMgr-class html
EpivizDataSource-class html
EpivizEnvironment-class html
Rd warning: C:/Users/biocbuild/bbs-3.9-bioc/tmpdir/RtmpIrelBG/R.INSTALL22285d8251ad/epivizrChart/man/EpivizEnvironment-class.Rd:14: file link 'EpivizViewComponent' in package 'epivizrChart' does not exist and so has been treated as a topic
Rd warning: C:/Users/biocbuild/bbs-3.9-bioc/tmpdir/RtmpIrelBG/R.INSTALL22285d8251ad/epivizrChart/man/EpivizEnvironment-class.Rd:18: file link 'EpivizDataSource' in package 'epivizrChart' does not exist and so has been treated as a topic
EpivizGenesTrack-class html
EpivizHeatmapPlot-class html
EpivizIGVTrack-class html
EpivizLinePlot-class html
EpivizLineTrack-class html
EpivizNavigation-class html
Rd warning: C:/Users/biocbuild/bbs-3.9-bioc/tmpdir/RtmpIrelBG/R.INSTALL22285d8251ad/epivizrChart/man/EpivizNavigation-class.Rd:18: file link 'EpivizEnvironment' in package 'epivizrChart' does not exist and so has been treated as a topic
EpivizScatterPlot-class html
EpivizStackedBlocksTrack-class html
EpivizStackedLinePlot-class html
EpivizStackedLineTrack-class html
EpivizViewComponent-class html
Rd warning: C:/Users/biocbuild/bbs-3.9-bioc/tmpdir/RtmpIrelBG/R.INSTALL22285d8251ad/epivizrChart/man/EpivizViewComponent-class.Rd:20: file link 'EpivizMeasurement' in package 'epivizrData' does not exist and so has been treated as a topic
EpivizWebComponent-class html
Rd warning: C:/Users/biocbuild/bbs-3.9-bioc/tmpdir/RtmpIrelBG/R.INSTALL22285d8251ad/epivizrChart/man/EpivizWebComponent-class.Rd:14: file link 'EpivizChartDataMgr' in package 'epivizrChart' does not exist and so has been treated as a topic
HeatmapPlot-methods html
LinePlot-methods html
LineTrack-methods html
ScatterPlot-methods html
StackedBlocksTrack-methods html
StackedLinePlot-methods html
StackedLineTrack-methods html
append_region-methods html
bcode_eset html
Rd warning: C:/Users/biocbuild/bbs-3.9-bioc/tmpdir/RtmpIrelBG/R.INSTALL22285d8251ad/epivizrChart/man/bcode_eset.Rd:7: file link 'ExpressionSet' in package 'Biobase' does not exist and so has been treated as a topic
Rd warning: C:/Users/biocbuild/bbs-3.9-bioc/tmpdir/RtmpIrelBG/R.INSTALL22285d8251ad/epivizrChart/man/bcode_eset.Rd:12: file link 'ExpressionSet' in package 'Biobase' does not exist and so has been treated as a topic
cgi_gr html
Rd warning: C:/Users/biocbuild/bbs-3.9-bioc/tmpdir/RtmpIrelBG/R.INSTALL22285d8251ad/epivizrChart/man/cgi_gr.Rd:7: file link 'GRanges' in package 'GenomicRanges' does not exist and so has been treated as a topic
Rd warning: C:/Users/biocbuild/bbs-3.9-bioc/tmpdir/RtmpIrelBG/R.INSTALL22285d8251ad/epivizrChart/man/cgi_gr.Rd:12: file link 'GRanges' in package 'GenomicRanges' does not exist and so has been treated as a topic
chart_default_settings_colors html
dot-constructURL html
dot-initialize_chart html
Rd warning: C:/Users/biocbuild/bbs-3.9-bioc/tmpdir/RtmpIrelBG/R.INSTALL22285d8251ad/epivizrChart/man/dot-initialize_chart.Rd:12: file link 'EpivizChart' in package 'epivizrChart' does not exist and so has been treated as a topic
dot-register_all_the_epiviz_things html
dot-settings_as_df html
epivizChart html
Rd warning: C:/Users/biocbuild/bbs-3.9-bioc/tmpdir/RtmpIrelBG/R.INSTALL22285d8251ad/epivizrChart/man/epivizChart.Rd:12: file link 'EpivizData' in package 'epivizrData' does not exist and so has been treated as a topic
Rd warning: C:/Users/biocbuild/bbs-3.9-bioc/tmpdir/RtmpIrelBG/R.INSTALL22285d8251ad/epivizrChart/man/epivizChart.Rd:14: file link 'EpivizMeasurement' in package 'epivizrData' does not exist and so has been treated as a topic
Rd warning: C:/Users/biocbuild/bbs-3.9-bioc/tmpdir/RtmpIrelBG/R.INSTALL22285d8251ad/epivizrChart/man/epivizChart.Rd:18: file link 'EpivizEnvironment' in package 'epivizrChart' does not exist and so has been treated as a topic
Rd warning: C:/Users/biocbuild/bbs-3.9-bioc/tmpdir/RtmpIrelBG/R.INSTALL22285d8251ad/epivizrChart/man/epivizChart.Rd:18: file link 'EpivizNavigation' in package 'epivizrChart' does not exist and so has been treated as a topic
epivizEnv html
Rd warning: C:/Users/biocbuild/bbs-3.9-bioc/tmpdir/RtmpIrelBG/R.INSTALL22285d8251ad/epivizrChart/man/epivizEnv.Rd:5: file link 'EpivizEnvironment' in package 'epivizrChart' does not exist and so has been treated as a topic
Rd warning: C:/Users/biocbuild/bbs-3.9-bioc/tmpdir/RtmpIrelBG/R.INSTALL22285d8251ad/epivizrChart/man/epivizEnv.Rd:25: file link 'EpivizEnvironment' in package 'epivizrChart' does not exist and so has been treated as a topic
Rd warning: C:/Users/biocbuild/bbs-3.9-bioc/tmpdir/RtmpIrelBG/R.INSTALL22285d8251ad/epivizrChart/man/epivizEnv.Rd:19: file link 'EpivizWebComponent' in package 'epivizrChart' does not exist and so has been treated as a topic
Rd warning: C:/Users/biocbuild/bbs-3.9-bioc/tmpdir/RtmpIrelBG/R.INSTALL22285d8251ad/epivizrChart/man/epivizEnv.Rd:22: file link 'EpivizEnvironment' in package 'epivizrChart' does not exist and so has been treated as a topic
epivizNav html
Rd warning: C:/Users/biocbuild/bbs-3.9-bioc/tmpdir/RtmpIrelBG/R.INSTALL22285d8251ad/epivizrChart/man/epivizNav.Rd:5: file link 'EpivizNavigation' in package 'epivizrChart' does not exist and so has been treated as a topic
Rd warning: C:/Users/biocbuild/bbs-3.9-bioc/tmpdir/RtmpIrelBG/R.INSTALL22285d8251ad/epivizrChart/man/epivizNav.Rd:27: file link 'EpivizNavigation' in package 'epivizrChart' does not exist and so has been treated as a topic
Rd warning: C:/Users/biocbuild/bbs-3.9-bioc/tmpdir/RtmpIrelBG/R.INSTALL22285d8251ad/epivizrChart/man/epivizNav.Rd:17: file link 'EpivizEnvironment' in package 'epivizrChart' does not exist and so has been treated as a topic
Rd warning: C:/Users/biocbuild/bbs-3.9-bioc/tmpdir/RtmpIrelBG/R.INSTALL22285d8251ad/epivizrChart/man/epivizNav.Rd:17: file link 'EpivizNavigation' in package 'epivizrChart' does not exist and so has been treated as a topic
Rd warning: C:/Users/biocbuild/bbs-3.9-bioc/tmpdir/RtmpIrelBG/R.INSTALL22285d8251ad/epivizrChart/man/epivizNav.Rd:24: file link 'EpivizNavigation' in package 'epivizrChart' does not exist and so has been treated as a topic
get_available_chart_types html
get_registered_data_types html
json_parser html
finding level-2 HTML links ... done
json_writer html
plot-EpivizEnvironment-ANY-method html
rand_id html
sumexp html
Rd warning: C:/Users/biocbuild/bbs-3.9-bioc/tmpdir/RtmpIrelBG/R.INSTALL22285d8251ad/epivizrChart/man/sumexp.Rd:12: file link 'RangedSummarizedExperiment' in package 'SummarizedExperiment' does not exist and so has been treated as a topic
tcga_colon_blocks html
Rd warning: C:/Users/biocbuild/bbs-3.9-bioc/tmpdir/RtmpIrelBG/R.INSTALL22285d8251ad/epivizrChart/man/tcga_colon_blocks.Rd:7: file link 'GRanges' in package 'GenomicRanges' does not exist and so has been treated as a topic
Rd warning: C:/Users/biocbuild/bbs-3.9-bioc/tmpdir/RtmpIrelBG/R.INSTALL22285d8251ad/epivizrChart/man/tcga_colon_blocks.Rd:29: file link 'GRanges' in package 'GenomicRanges' does not exist and so has been treated as a topic
tcga_colon_curves html
Rd warning: C:/Users/biocbuild/bbs-3.9-bioc/tmpdir/RtmpIrelBG/R.INSTALL22285d8251ad/epivizrChart/man/tcga_colon_curves.Rd:7: file link 'GRanges' in package 'GenomicRanges' does not exist and so has been treated as a topic
Rd warning: C:/Users/biocbuild/bbs-3.9-bioc/tmpdir/RtmpIrelBG/R.INSTALL22285d8251ad/epivizrChart/man/tcga_colon_curves.Rd:25: file link 'GRanges' in package 'GenomicRanges' does not exist and so has been treated as a topic
tcga_colon_expression html
Rd warning: C:/Users/biocbuild/bbs-3.9-bioc/tmpdir/RtmpIrelBG/R.INSTALL22285d8251ad/epivizrChart/man/tcga_colon_expression.Rd:23: file link 'RangedSummarizedExperiment' in package 'SummarizedExperiment' does not exist and so has been treated as a topic
Rd warning: C:/Users/biocbuild/bbs-3.9-bioc/tmpdir/RtmpIrelBG/R.INSTALL22285d8251ad/epivizrChart/man/tcga_colon_expression.Rd:7: file link 'RangedSummarizedExperiment' in package 'SummarizedExperiment' does not exist and so has been treated as a topic
Rd warning: C:/Users/biocbuild/bbs-3.9-bioc/tmpdir/RtmpIrelBG/R.INSTALL22285d8251ad/epivizrChart/man/tcga_colon_expression.Rd:20: file link 'RangedSummarizedExperiment' in package 'SummarizedExperiment' does not exist and so has been treated as a topic
** building package indices
** installing vignettes
** testing if installed package can be loaded from temporary location
** testing if installed package can be loaded from final location
** testing if installed package keeps a record of temporary installation path
install for x64
* installing *source* package 'epivizrChart' ...
** testing if installed package can be loaded
* MD5 sums
packaged installation of 'epivizrChart' as epivizrChart_1.5.0.zip
* DONE (epivizrChart)
* installing to library 'C:/Users/biocbuild/bbs-3.9-bioc/R/library'
package 'epivizrChart' successfully unpacked and MD5 sums checked