| Back to Multiple platform build/check report for BioC 3.9 |
|
This page was generated on 2019-04-09 12:26:42 -0400 (Tue, 09 Apr 2019).
| Package 1190/1703 | Hostname | OS / Arch | INSTALL | BUILD | CHECK | BUILD BIN | ||||||
| Pigengene 1.9.18 Habil Zare
| malbec2 | Linux (Ubuntu 18.04.2 LTS) / x86_64 | OK | OK | OK | |||||||
| tokay2 | Windows Server 2012 R2 Standard / x64 | OK | OK | [ WARNINGS ] | OK | |||||||
| celaya2 | OS X 10.11.6 El Capitan / x86_64 | OK | OK | OK | OK | |||||||
| merida2 | OS X 10.11.6 El Capitan / x86_64 | OK | OK | OK | OK |
| Package: Pigengene |
| Version: 1.9.18 |
| Command: C:\Users\biocbuild\bbs-3.9-bioc\R\bin\R.exe CMD check --force-multiarch --install=check:Pigengene.install-out.txt --library=C:\Users\biocbuild\bbs-3.9-bioc\R\library --no-vignettes --timings Pigengene_1.9.18.tar.gz |
| StartedAt: 2019-04-09 04:56:30 -0400 (Tue, 09 Apr 2019) |
| EndedAt: 2019-04-09 05:09:02 -0400 (Tue, 09 Apr 2019) |
| EllapsedTime: 752.9 seconds |
| RetCode: 0 |
| Status: WARNINGS |
| CheckDir: Pigengene.Rcheck |
| Warnings: 1 |
##############################################################################
##############################################################################
###
### Running command:
###
### C:\Users\biocbuild\bbs-3.9-bioc\R\bin\R.exe CMD check --force-multiarch --install=check:Pigengene.install-out.txt --library=C:\Users\biocbuild\bbs-3.9-bioc\R\library --no-vignettes --timings Pigengene_1.9.18.tar.gz
###
##############################################################################
##############################################################################
* using log directory 'C:/Users/biocbuild/bbs-3.9-bioc/meat/Pigengene.Rcheck'
* using R Under development (unstable) (2019-03-09 r76216)
* using platform: x86_64-w64-mingw32 (64-bit)
* using session charset: ISO8859-1
* using option '--no-vignettes'
* checking for file 'Pigengene/DESCRIPTION' ... OK
* checking extension type ... Package
* this is package 'Pigengene' version '1.9.18'
* checking package namespace information ... OK
* checking package dependencies ... OK
* checking if this is a source package ... OK
* checking if there is a namespace ... OK
* checking for hidden files and directories ... OK
* checking for portable file names ... OK
* checking whether package 'Pigengene' can be installed ... WARNING
Found the following significant warnings:
Rd warning: C:/Users/biocbuild/bbs-3.9-bioc/tmpdir/Rtmp4qsKWI/R.INSTALL1900187d13b7/Pigengene/man/draw.bn.Rd:18: file link 'bn-class' in package 'bnlearn' does not exist and so has been treated as a topic
Rd warning: C:/Users/biocbuild/bbs-3.9-bioc/tmpdir/Rtmp4qsKWI/R.INSTALL1900187d13b7/Pigengene/man/draw.bn.Rd:67: file link 'bn-class' in package 'bnlearn' does not exist and so has been treated as a topic
Rd warning: C:/Users/biocbuild/bbs-3.9-bioc/tmpdir/Rtmp4qsKWI/R.INSTALL1900187d13b7/Pigengene/man/gene.mapping.Rd:61: file link 'org.Hs.eg.db' in package 'org.Hs.eg.db' does not exist and so has been treated as a topic
Rd warning: C:/Users/biocbuild/bbs-3.9-bioc/tmpdir/Rtmp4qsKWI/R.INSTALL1900187d13b7/Pigengene/man/gene.mapping.Rd:62: file link 'org.Mm.eg.db' in package 'org.Mm.eg.db' does not exist and so has been treated as a topic
Rd warning: C:/Users/biocbuild/bbs-3.9-bioc/tmpdir/Rtmp4qsKWI/R.INSTALL1900187d13b7/Pigengene/man/learn.bn.Rd:99: file link 'discretize' in package 'bnlearn' does not exist and so has been treated as a topic
Rd warning: C:/Users/biocbuild/bbs-3.9-bioc/tmpdir/Rtmp4qsKWI/R.INSTALL1900187d13b7/Pigengene/man/learn.bn.Rd:104: file link 'bn-class' in package 'bnlearn' does not exist and so has been treated as a topic
Rd warning: C:/Users/biocbuild/bbs-3.9-bioc/tmpdir/Rtmp4qsKWI/R.INSTALL1900187d13b7/Pigengene/man/learn.bn.Rd:177: file link 'bn-class' in package 'bnlearn' does not exist and so has been treated as a topic
See 'C:/Users/biocbuild/bbs-3.9-bioc/meat/Pigengene.Rcheck/00install.out' for details.
* checking installed package size ... OK
* checking package directory ... OK
* checking 'build' directory ... OK
* checking DESCRIPTION meta-information ... OK
* checking top-level files ... OK
* checking for left-over files ... OK
* checking index information ... OK
* checking package subdirectories ... OK
* checking R files for non-ASCII characters ... OK
* checking R files for syntax errors ... OK
* loading checks for arch 'i386'
** checking whether the package can be loaded ... OK
** checking whether the package can be loaded with stated dependencies ... OK
** checking whether the package can be unloaded cleanly ... OK
** checking whether the namespace can be loaded with stated dependencies ... OK
** checking whether the namespace can be unloaded cleanly ... OK
* loading checks for arch 'x64'
** checking whether the package can be loaded ... OK
** checking whether the package can be loaded with stated dependencies ... OK
** checking whether the package can be unloaded cleanly ... OK
** checking whether the namespace can be loaded with stated dependencies ... OK
** checking whether the namespace can be unloaded cleanly ... OK
* checking dependencies in R code ... NOTE
'library' or 'require' calls in package code:
'AnnotationDbi' 'biomaRt' 'energy' 'org.Hs.eg.db' 'org.Mm.eg.db'
Please use :: or requireNamespace() instead.
See section 'Suggested packages' in the 'Writing R Extensions' manual.
* checking S3 generic/method consistency ... OK
* checking replacement functions ... OK
* checking foreign function calls ... OK
* checking R code for possible problems ... NOTE
Found the following possibly unsafe calls:
File 'Pigengene/R/bn.calculation.R':
assignInNamespace("supported.clusters", fixArgs, "bnlearn")
* checking Rd files ... OK
* checking Rd metadata ... OK
* checking Rd cross-references ... OK
* checking for missing documentation entries ... OK
* checking for code/documentation mismatches ... OK
* checking Rd \usage sections ... OK
* checking Rd contents ... OK
* checking for unstated dependencies in examples ... OK
* checking contents of 'data' directory ... NOTE
Output for data("pigengene", package = "Pigengene"):
* checking data for non-ASCII characters ... OK
* checking data for ASCII and uncompressed saves ... OK
* checking files in 'vignettes' ... OK
* checking examples ...
** running examples for arch 'i386' ... OK
Examples with CPU or elapsed time > 5s
user system elapsed
Pigengene-package 59.88 3.34 64.18
one.step.pigengene 56.97 3.13 60.95
module.heatmap 19.86 0.60 20.57
compact.tree 15.72 0.28 16.00
make.decision.tree 15.76 0.16 15.94
compute.pigengene 7.92 0.25 8.18
wgcna.one.step 7.07 0.03 8.44
pigengene 6.21 0.68 6.91
gene.mapping 6.34 0.45 50.42
learn.bn 6.02 0.09 7.00
plot.pigengene 5.72 0.28 6.00
project.eigen 5.35 0.28 5.62
** running examples for arch 'x64' ... OK
Examples with CPU or elapsed time > 5s
user system elapsed
Pigengene-package 60.28 2.92 68.78
one.step.pigengene 52.43 2.89 58.64
module.heatmap 19.71 0.59 20.34
compact.tree 16.44 0.07 16.50
make.decision.tree 15.00 0.13 15.36
wgcna.one.step 11.01 0.07 11.16
compute.pigengene 6.97 0.31 7.29
gene.mapping 6.20 0.35 46.83
pigengene 5.97 0.45 6.42
plot.pigengene 5.33 0.66 5.99
project.eigen 5.40 0.49 5.89
learn.bn 4.78 0.05 6.31
* checking for unstated dependencies in vignettes ... OK
* checking package vignettes in 'inst/doc' ... OK
* checking running R code from vignettes ... SKIPPED
* checking re-building of vignette outputs ... SKIPPED
* checking PDF version of manual ... OK
* DONE
Status: 1 WARNING, 3 NOTEs
See
'C:/Users/biocbuild/bbs-3.9-bioc/meat/Pigengene.Rcheck/00check.log'
for details.
Pigengene.Rcheck/00install.out
##############################################################################
##############################################################################
###
### Running command:
###
### C:\cygwin\bin\curl.exe -O https://malbec2.bioconductor.org/BBS/3.9/bioc/src/contrib/Pigengene_1.9.18.tar.gz && rm -rf Pigengene.buildbin-libdir && mkdir Pigengene.buildbin-libdir && C:\Users\biocbuild\bbs-3.9-bioc\R\bin\R.exe CMD INSTALL --merge-multiarch --build --library=Pigengene.buildbin-libdir Pigengene_1.9.18.tar.gz && C:\Users\biocbuild\bbs-3.9-bioc\R\bin\R.exe CMD INSTALL Pigengene_1.9.18.zip && rm Pigengene_1.9.18.tar.gz Pigengene_1.9.18.zip
###
##############################################################################
##############################################################################
% Total % Received % Xferd Average Speed Time Time Time Current
Dload Upload Total Spent Left Speed
0 0 0 0 0 0 0 0 --:--:-- --:--:-- --:--:-- 0
100 2454k 100 2454k 0 0 25.6M 0 --:--:-- --:--:-- --:--:-- 27.5M
install for i386
* installing *source* package 'Pigengene' ...
** R
** data
** inst
** byte-compile and prepare package for lazy loading
** help
*** installing help indices
converting help for package 'Pigengene'
finding HTML links ... done
Pigengene-package html
aml html
balance html
calculate.beta html
check.nas html
check.pigengene.input html
compact.tree html
compute.pigengene html
dcor.matrix html
draw.bn html
Rd warning: C:/Users/biocbuild/bbs-3.9-bioc/tmpdir/Rtmp4qsKWI/R.INSTALL1900187d13b7/Pigengene/man/draw.bn.Rd:18: file link 'bn-class' in package 'bnlearn' does not exist and so has been treated as a topic
Rd warning: C:/Users/biocbuild/bbs-3.9-bioc/tmpdir/Rtmp4qsKWI/R.INSTALL1900187d13b7/Pigengene/man/draw.bn.Rd:67: file link 'bn-class' in package 'bnlearn' does not exist and so has been treated as a topic
eigengenes33 html
gene.mapping html
Rd warning: C:/Users/biocbuild/bbs-3.9-bioc/tmpdir/Rtmp4qsKWI/R.INSTALL1900187d13b7/Pigengene/man/gene.mapping.Rd:61: file link 'org.Hs.eg.db' in package 'org.Hs.eg.db' does not exist and so has been treated as a topic
Rd warning: C:/Users/biocbuild/bbs-3.9-bioc/tmpdir/Rtmp4qsKWI/R.INSTALL1900187d13b7/Pigengene/man/gene.mapping.Rd:62: file link 'org.Mm.eg.db' in package 'org.Mm.eg.db' does not exist and so has been treated as a topic
get.fitted.leaf html
get.genes html
get.used.features html
learn.bn html
Rd warning: C:/Users/biocbuild/bbs-3.9-bioc/tmpdir/Rtmp4qsKWI/R.INSTALL1900187d13b7/Pigengene/man/learn.bn.Rd:99: file link 'discretize' in package 'bnlearn' does not exist and so has been treated as a topic
Rd warning: C:/Users/biocbuild/bbs-3.9-bioc/tmpdir/Rtmp4qsKWI/R.INSTALL1900187d13b7/Pigengene/man/learn.bn.Rd:104: file link 'bn-class' in package 'bnlearn' does not exist and so has been treated as a topic
Rd warning: C:/Users/biocbuild/bbs-3.9-bioc/tmpdir/Rtmp4qsKWI/R.INSTALL1900187d13b7/Pigengene/man/learn.bn.Rd:177: file link 'bn-class' in package 'bnlearn' does not exist and so has been treated as a topic
make.decision.tree html
mds html
module.heatmap html
one.step.pigengene html
pheatmap.type html
pigengene-class html
pigengene html
plot.pigengene html
preds.at html
project.eigen html
pvalues.manova html
wgcna.one.step html
** building package indices
** installing vignettes
** testing if installed package can be loaded from temporary location
** testing if installed package can be loaded from final location
** testing if installed package keeps a record of temporary installation path
install for x64
* installing *source* package 'Pigengene' ...
** testing if installed package can be loaded
* MD5 sums
packaged installation of 'Pigengene' as Pigengene_1.9.18.zip
* DONE (Pigengene)
* installing to library 'C:/Users/biocbuild/bbs-3.9-bioc/R/library'
package 'Pigengene' successfully unpacked and MD5 sums checked
|
Pigengene.Rcheck/examples_i386/Pigengene-Ex.timings
|
Pigengene.Rcheck/examples_x64/Pigengene-Ex.timings
|