| Back to Multiple platform build/check report for BioC 3.9 |
|
This page was generated on 2019-03-18 11:44:10 -0400 (Mon, 18 Mar 2019).
| Package 1033/1676 | Hostname | OS / Arch | INSTALL | BUILD | CHECK | ||||||
| Mulcom 1.33.0 Claudio Isella
| malbec2 | Linux (Ubuntu 18.04.2 LTS) / x86_64 | OK | OK | WARNINGS | ||||||
| tokay2 | Windows Server 2012 R2 Standard / x64 | ERROR | ERROR | skipped | |||||||
| merida2 | OS X 10.11.6 El Capitan / x86_64 | OK | OK | OK | |||||||
| celaya2 | OS X 10.11.6 El Capitan / x86_64 | OK | OK | [ WARNINGS ] |
| Package: Mulcom |
| Version: 1.33.0 |
| Command: /Library/Frameworks/R.framework/Versions/Current/Resources/bin/R CMD check --install=check:Mulcom.install-out.txt --library=/Library/Frameworks/R.framework/Versions/Current/Resources/library --no-vignettes --timings Mulcom_1.33.0.tar.gz |
| StartedAt: 2019-03-18 03:23:40 -0400 (Mon, 18 Mar 2019) |
| EndedAt: 2019-03-18 03:25:22 -0400 (Mon, 18 Mar 2019) |
| EllapsedTime: 101.4 seconds |
| RetCode: 0 |
| Status: WARNINGS |
| CheckDir: Mulcom.Rcheck |
| Warnings: 1 |
##############################################################################
##############################################################################
###
### Running command:
###
### /Library/Frameworks/R.framework/Versions/Current/Resources/bin/R CMD check --install=check:Mulcom.install-out.txt --library=/Library/Frameworks/R.framework/Versions/Current/Resources/library --no-vignettes --timings Mulcom_1.33.0.tar.gz
###
##############################################################################
##############################################################################
* using log directory ‘/Users/biocbuild/bbs-3.9-bioc/meat/Mulcom.Rcheck’
* using R Under development (unstable) (2019-01-22 r76000)
* using platform: x86_64-apple-darwin15.6.0 (64-bit)
* using session charset: UTF-8
* using option ‘--no-vignettes’
* checking for file ‘Mulcom/DESCRIPTION’ ... OK
* checking extension type ... Package
* this is package ‘Mulcom’ version ‘1.33.0’
* checking package namespace information ... OK
* checking package dependencies ... OK
* checking if this is a source package ... OK
* checking if there is a namespace ... OK
* checking for hidden files and directories ... OK
* checking for portable file names ... OK
* checking for sufficient/correct file permissions ... OK
* checking whether package ‘Mulcom’ can be installed ... WARNING
Found the following significant warnings:
The prototype for class “MULCOM” has undefined slot(s): 'MSE_Correceted'
See ‘/Users/biocbuild/bbs-3.9-bioc/meat/Mulcom.Rcheck/00install.out’ for details.
* checking installed package size ... OK
* checking package directory ... OK
* checking ‘build’ directory ... OK
* checking DESCRIPTION meta-information ... NOTE
Malformed Description field: should contain one or more complete sentences.
* checking top-level files ... OK
* checking for left-over files ... OK
* checking index information ... OK
* checking package subdirectories ... OK
* checking R files for non-ASCII characters ... OK
* checking R files for syntax errors ... OK
* checking whether the package can be loaded ... OK
* checking whether the package can be loaded with stated dependencies ... OK
* checking whether the package can be unloaded cleanly ... OK
* checking whether the namespace can be loaded with stated dependencies ... OK
* checking whether the namespace can be unloaded cleanly ... OK
* checking dependencies in R code ... NOTE
'library' or 'require' call to ‘fields’ which was already attached by Depends.
Please remove these calls from your code.
Package in Depends field not imported from: ‘fields’
These packages need to be imported from (in the NAMESPACE file)
for when this namespace is loaded but not attached.
* checking S3 generic/method consistency ... OK
* checking replacement functions ... OK
* checking foreign function calls ... OK
* checking R code for possible problems ... NOTE
NB: .First.lib is obsolete and will not be used in R >= 3.0.0
File ‘Mulcom/R/mulib.R’:
.First.lib calls:
cat("Mulcom loaded\n")
Package startup functions should use ‘packageStartupMessage’ to
generate messages.
See section ‘Good practice’ in '?.onAttach'.
mulOptPlot: no visible global function definition for ‘image’
mulOptPlot: no visible global function definition for ‘image.plot’
mulParOpt: no visible global function definition for ‘image.plot’
Undefined global functions or variables:
image image.plot
Consider adding
importFrom("graphics", "image")
to your NAMESPACE file.
* checking Rd files ... OK
* checking Rd metadata ... OK
* checking Rd cross-references ... OK
* checking for missing documentation entries ... OK
* checking for code/documentation mismatches ... OK
* checking Rd \usage sections ... OK
* checking Rd contents ... OK
* checking for unstated dependencies in examples ... OK
* checking contents of ‘data’ directory ... OK
* checking data for non-ASCII characters ... OK
* checking data for ASCII and uncompressed saves ... OK
* checking line endings in C/C++/Fortran sources/headers ... OK
* checking compiled code ... NOTE
Note: information on .o files is not available
* checking sizes of PDF files under ‘inst/doc’ ... OK
* checking files in ‘vignettes’ ... OK
* checking examples ... OK
Examples with CPU or elapsed time > 5s
user system elapsed
mulInt 8.085 2.993 12.288
mulOpt 6.537 2.198 8.982
* checking for unstated dependencies in vignettes ... OK
* checking package vignettes in ‘inst/doc’ ... OK
* checking running R code from vignettes ... SKIPPED
* checking re-building of vignette outputs ... SKIPPED
* checking PDF version of manual ... OK
* DONE
Status: 1 WARNING, 4 NOTEs
See
‘/Users/biocbuild/bbs-3.9-bioc/meat/Mulcom.Rcheck/00check.log’
for details.
Mulcom.Rcheck/00install.out
##############################################################################
##############################################################################
###
### Running command:
###
### /Library/Frameworks/R.framework/Versions/Current/Resources/bin/R CMD INSTALL Mulcom
###
##############################################################################
##############################################################################
* installing to library ‘/Library/Frameworks/R.framework/Versions/3.6/Resources/library’
* installing *source* package ‘Mulcom’ ...
** libs
clang++ -std=gnu++11 -I"/Library/Frameworks/R.framework/Resources/include" -DNDEBUG -I/usr/local/include -fPIC -Wall -g -O2 -c mulLibs.cc -o mulLibs.o
mulLibs.cc:708:17: warning: expression result unused [-Wunused-value]
current_cluster ;
^˜˜˜˜˜˜˜˜˜˜˜˜˜˜
1 warning generated.
clang++ -std=gnu++11 -dynamiclib -Wl,-headerpad_max_install_names -undefined dynamic_lookup -single_module -multiply_defined suppress -L/Library/Frameworks/R.framework/Resources/lib -L/usr/local/lib -o Mulcom.so mulLibs.o -F/Library/Frameworks/R.framework/.. -framework R -Wl,-framework -Wl,CoreFoundation
installing to /Library/Frameworks/R.framework/Versions/3.6/Resources/library/Mulcom/libs
** R
** data
** inst
** byte-compile and prepare package for lazy loading
Warning in reconcilePropertiesAndPrototype(name, slots, prototype, superClasses, :
The prototype for class “MULCOM” has undefined slot(s): 'MSE_Correceted'
** help
*** installing help indices
** building package indices
** installing vignettes
** testing if installed package can be loaded
* DONE (Mulcom)
Mulcom.Rcheck/Mulcom-Ex.timings
| name | user | system | elapsed | |
| MULCOM-class | 0.412 | 0.038 | 0.454 | |
| MULCOM_P | 0.351 | 0.025 | 0.376 | |
| mulCAND | 1.713 | 0.089 | 1.802 | |
| mulCalc | 0.406 | 0.035 | 0.441 | |
| mulDELTA | 0.279 | 0.015 | 0.295 | |
| mulDiff | 1.722 | 0.054 | 1.866 | |
| mulFSG | 1.792 | 0.076 | 2.042 | |
| mulIndex | 0.264 | 0.017 | 0.301 | |
| mulInt | 8.085 | 2.993 | 12.288 | |
| mulOpt | 6.537 | 2.198 | 8.982 | |
| mulOptPars | 1.548 | 0.082 | 1.745 | |
| mulOptPlot | 2.065 | 0.329 | 2.397 | |
| mulParOpt | 2.082 | 0.355 | 2.439 | |
| mulPerm | 1.186 | 0.060 | 1.247 | |
| mulPermC | 0.233 | 0.015 | 0.247 | |
| mulScores | 0.276 | 0.023 | 0.299 | |