| Back to Multiple platform build/check report for BioC 3.7 |
|
This page was generated on 2018-10-17 08:55:13 -0400 (Wed, 17 Oct 2018).
| Package 1467/1561 | Hostname | OS / Arch | INSTALL | BUILD | CHECK | BUILD BIN | ||||||
| TCGAbiolinks 2.8.4 Antonio Colaprico
| malbec2 | Linux (Ubuntu 16.04.1 LTS) / x86_64 | OK | OK | WARNINGS | |||||||
| tokay2 | Windows Server 2012 R2 Standard / x64 | OK | OK | WARNINGS | OK | |||||||
| merida2 | OS X 10.11.6 El Capitan / x86_64 | OK | OK | [ WARNINGS ] | OK |
| Package: TCGAbiolinks |
| Version: 2.8.4 |
| Command: /Library/Frameworks/R.framework/Versions/Current/Resources/bin/R CMD check --install=check:TCGAbiolinks.install-out.txt --library=/Library/Frameworks/R.framework/Versions/Current/Resources/library --no-vignettes --timings TCGAbiolinks_2.8.4.tar.gz |
| StartedAt: 2018-10-17 00:22:57 -0400 (Wed, 17 Oct 2018) |
| EndedAt: 2018-10-17 00:43:09 -0400 (Wed, 17 Oct 2018) |
| EllapsedTime: 1211.7 seconds |
| RetCode: 0 |
| Status: WARNINGS |
| CheckDir: TCGAbiolinks.Rcheck |
| Warnings: 1 |
##############################################################################
##############################################################################
###
### Running command:
###
### /Library/Frameworks/R.framework/Versions/Current/Resources/bin/R CMD check --install=check:TCGAbiolinks.install-out.txt --library=/Library/Frameworks/R.framework/Versions/Current/Resources/library --no-vignettes --timings TCGAbiolinks_2.8.4.tar.gz
###
##############################################################################
##############################################################################
* using log directory ‘/Users/biocbuild/bbs-3.7-bioc/meat/TCGAbiolinks.Rcheck’
* using R version 3.5.1 Patched (2018-07-12 r74967)
* using platform: x86_64-apple-darwin15.6.0 (64-bit)
* using session charset: UTF-8
* using option ‘--no-vignettes’
* checking for file ‘TCGAbiolinks/DESCRIPTION’ ... OK
* checking extension type ... Package
* this is package ‘TCGAbiolinks’ version ‘2.8.4’
* checking package namespace information ... OK
* checking package dependencies ... OK
* checking if this is a source package ... OK
* checking if there is a namespace ... OK
* checking for hidden files and directories ... OK
* checking for portable file names ... OK
* checking for sufficient/correct file permissions ... OK
* checking whether package ‘TCGAbiolinks’ can be installed ... OK
* checking installed package size ... NOTE
installed size is 5.2Mb
sub-directories of 1Mb or more:
R 1.5Mb
data 3.5Mb
* checking package directory ... OK
* checking ‘build’ directory ... OK
* checking DESCRIPTION meta-information ... OK
* checking top-level files ... OK
* checking for left-over files ... OK
* checking index information ... OK
* checking package subdirectories ... OK
* checking R files for non-ASCII characters ... OK
* checking R files for syntax errors ... OK
* checking whether the package can be loaded ... OK
* checking whether the package can be loaded with stated dependencies ... OK
* checking whether the package can be unloaded cleanly ... OK
* checking whether the namespace can be loaded with stated dependencies ... OK
* checking whether the namespace can be unloaded cleanly ... OK
* checking dependencies in R code ... WARNING
'::' or ':::' import not declared from: ‘tidyr’
* checking S3 generic/method consistency ... OK
* checking replacement functions ... OK
* checking foreign function calls ... OK
* checking R code for possible problems ... NOTE
GDCquery_clinic: no visible binding for global variable ‘portions’
TCGA_MolecularSubtype: no visible binding for global variable
‘TabSubtypesCol_merged’
TCGAanalyze_DEA: no visible binding for global variable ‘barcode’
TCGAanalyze_DEA: no visible binding for global variable ‘clinical’
TCGAanalyze_DEA_Affy: no visible global function definition for
‘limmamakeContrasts’
TCGAanalyze_DEA_Affy: no visible global function definition for
‘limmacontrasts.fit’
TCGAanalyze_analyseGRN: no visible global function definition for
‘knnmi.cross’
TCGAanalyze_networkInference: no visible global function definition for
‘c3net’
TCGAanalyze_networkInference: no visible global function definition for
‘minet’
TCGAquery_recount2: no visible binding for global variable ‘rse_gene’
TCGAtumor_purity: no visible binding for global variable ‘Tumor.purity’
TCGAvisualize_SurvivalCoxNET: no visible global function definition for
‘dNetInduce’
TCGAvisualize_SurvivalCoxNET: no visible global function definition for
‘dNetPipeline’
TCGAvisualize_SurvivalCoxNET: no visible global function definition for
‘dCommSignif’
TCGAvisualize_SurvivalCoxNET: no visible global function definition for
‘visNet’
TCGAvisualize_oncoprint: no visible binding for global variable ‘value’
readExonQuantification: no visible binding for global variable ‘exon’
readExonQuantification: no visible binding for global variable
‘coordinates’
Undefined global functions or variables:
TabSubtypesCol_merged Tumor.purity barcode c3net clinical coordinates
dCommSignif dNetInduce dNetPipeline exon knnmi.cross
limmacontrasts.fit limmamakeContrasts minet portions rse_gene value
visNet
* checking Rd files ... OK
* checking Rd metadata ... OK
* checking Rd cross-references ... OK
* checking for missing documentation entries ... OK
* checking for code/documentation mismatches ... OK
* checking Rd \usage sections ... OK
* checking Rd contents ... OK
* checking for unstated dependencies in examples ... OK
* checking contents of ‘data’ directory ... OK
* checking data for non-ASCII characters ... OK
* checking data for ASCII and uncompressed saves ... OK
* checking R/sysdata.rda ... OK
* checking files in ‘vignettes’ ... OK
* checking examples ... OK
Examples with CPU or elapsed time > 5s
user system elapsed
TCGAanalyze_DMR 24.685 0.224 29.884
TCGAanalyze_LevelTab 19.989 1.538 26.643
GDCprepare_clinic 15.960 0.144 65.244
TCGAanalyze_Filtering 12.169 0.295 17.866
TCGAanalyze_DEA 9.260 0.376 9.725
GDCdownload 6.633 0.161 44.707
TCGAvisualize_PCA 5.707 0.127 5.899
TCGAanalyze_Normalization 5.032 0.119 5.201
getManifest 4.444 0.012 9.477
GDCprepare 4.116 0.184 6.460
getResults 4.053 0.012 9.703
GDCquery 3.913 0.012 8.819
matchedMetExp 3.597 0.016 9.621
* checking for unstated dependencies in ‘tests’ ... OK
* checking tests ...
Running ‘testthat.R’
OK
* checking for unstated dependencies in vignettes ... OK
* checking package vignettes in ‘inst/doc’ ... OK
* checking running R code from vignettes ... SKIPPED
* checking re-building of vignette outputs ... SKIPPED
* checking PDF version of manual ... OK
* DONE
Status: 1 WARNING, 2 NOTEs
See
‘/Users/biocbuild/bbs-3.7-bioc/meat/TCGAbiolinks.Rcheck/00check.log’
for details.
TCGAbiolinks.Rcheck/00install.out
############################################################################## ############################################################################## ### ### Running command: ### ### /Library/Frameworks/R.framework/Versions/Current/Resources/bin/R CMD INSTALL TCGAbiolinks ### ############################################################################## ############################################################################## * installing to library ‘/Library/Frameworks/R.framework/Versions/3.5/Resources/library’ * installing *source* package ‘TCGAbiolinks’ ... ** R Warning in lazyLoadDBinsertVariable(vars[i], from, datafile, ascii, compress, : internal error 10 in R_compress3 ** data *** moving datasets to lazyload DB ** inst ** byte-compile and prepare package for lazy loading ** help *** installing help indices ** building package indices ** installing vignettes ** testing if installed package can be loaded * DONE (TCGAbiolinks)
TCGAbiolinks.Rcheck/tests/testthat.Rout
R version 3.5.1 Patched (2018-07-12 r74967) -- "Feather Spray"
Copyright (C) 2018 The R Foundation for Statistical Computing
Platform: x86_64-apple-darwin15.6.0 (64-bit)
R is free software and comes with ABSOLUTELY NO WARRANTY.
You are welcome to redistribute it under certain conditions.
Type 'license()' or 'licence()' for distribution details.
R is a collaborative project with many contributors.
Type 'contributors()' for more information and
'citation()' on how to cite R or R packages in publications.
Type 'demo()' for some demos, 'help()' for on-line help, or
'help.start()' for an HTML browser interface to help.
Type 'q()' to quit R.
> library(testthat)
> library(TCGAbiolinks)
>
> test_check("TCGAbiolinks")
|
| | 0%
|
|=================================== | 50%
|
|======================================================================| 100%
|
| | 0%
|
|=================================== | 50%
|
|======================================================================| 100%
|
| | 0%
|
|= | 2%
|
|== | 3%
|
|=== | 5%
|
|==== | 6%
|
|====== | 8%
|
|======= | 9%
|
|======== | 11%
|
|========= | 13%
|
|========== | 14%
|
|=========== | 16%
|
|============ | 17%
|
|============= | 19%
|
|============== | 21%
|
|================ | 22%
|
|================= | 24%
|
|================== | 25%
|
|=================== | 27%
|
|==================== | 29%
|
|===================== | 30%
|
|====================== | 32%
|
|======================= | 33%
|
|======================== | 35%
|
|=========================== | 38%
|
|============================= | 41%
|
|=============================== | 44%
|
|================================= | 48%
|
|=================================== | 51%
|
|====================================== | 54%
|
|======================================== | 57%
|
|========================================== | 60%
|
|============================================ | 63%
|
|=============================================== | 66%
|
|================================================= | 70%
|
|=================================================== | 73%
|
|===================================================== | 76%
|
|======================================================= | 79%
|
|========================================================== | 82%
|
|============================================================ | 85%
|
|============================================================== | 89%
|
|================================================================ | 92%
|
|================================================================== | 95%
|
|==================================================================== | 97%
|
|======================================================================| 100%
|
| | 0%
|
|======================================================================| 100%
|
| | 0%
|
|= | 2%
|
|== | 3%
|
|=== | 5%
|
|==== | 6%
|
|===== | 7%
|
|====== | 9%
|
|======= | 10%
|
|======== | 12%
|
|========= | 13%
|
|========== | 14%
|
|=========== | 16%
|
|============ | 18%
|
|============= | 19%
|
|============== | 21%
|
|=============== | 22%
|
|================ | 23%
|
|================= | 25%
|
|================== | 26%
|
|==================== | 28%
|
|===================== | 29%
|
|====================== | 31%
|
|======================= | 33%
|
|======================== | 34%
|
|========================= | 36%
|
|========================== | 38%
|
|============================= | 41%
|
|=============================== | 44%
|
|================================= | 47%
|
|=================================== | 50%
|
|===================================== | 53%
|
|======================================== | 56%
|
|========================================== | 60%
|
|============================================ | 63%
|
|============================================== | 66%
|
|================================================ | 69%
|
|=================================================== | 72%
|
|===================================================== | 75%
|
|======================================================= | 78%
|
|========================================================= | 82%
|
|=========================================================== | 85%
|
|============================================================= | 88%
|
|================================================================ | 91%
|
|================================================================== | 94%
|
|==================================================================== | 97%
|
|======================================================================| 100%
|
| | 0%
|
|= | 2%
|
|== | 3%
|
|=== | 5%
|
|==== | 6%
|
|===== | 7%
|
|====== | 9%
|
|======= | 11%
|
|========= | 12%
|
|========== | 14%
|
|========== | 15%
|
|=========== | 16%
|
|============= | 18%
|
|============== | 20%
|
|=============== | 21%
|
|=============== | 22%
|
|================= | 24%
|
|================== | 25%
|
|=================== | 27%
|
|==================== | 29%
|
|===================== | 29%
|
|====================== | 31%
|
|======================= | 33%
|
|======================== | 34%
|
|========================= | 36%
|
|========================== | 37%
|
|=========================== | 38%
|
|============================ | 40%
|
|============================= | 42%
|
|============================== | 43%
|
|=============================== | 44%
|
|================================ | 46%
|
|================================= | 47%
|
|================================== | 49%
|
|=================================== | 51%
|
|==================================== | 52%
|
|===================================== | 53%
|
|====================================== | 55%
|
|======================================== | 56%
|
|========================================= | 58%
|
|========================================= | 59%
|
|========================================== | 61%
|
|============================================ | 62%
|
|============================================= | 64%
|
|============================================== | 65%
|
|=============================================== | 67%
|
|================================================ | 69%
|
|================================================== | 72%
|
|===================================================== | 75%
|
|======================================================= | 78%
|
|========================================================= | 82%
|
|=========================================================== | 85%
|
|============================================================== | 88%
|
|================================================================ | 91%
|
|================================================================== | 94%
|
|==================================================================== | 98%
|
|======================================================================| 100%
|
| | 0%
|
|======================= | 33%
|
|=============================================== | 67%
|
|======================================================================| 100%
|
| | 0%
|
| | 1%
|
|= | 1%
|
|= | 2%
|
|== | 2%
|
|== | 3%
|
|=== | 4%
|
|=== | 5%
|
|==== | 5%
|
|==== | 6%
|
|===== | 7%
|
|===== | 8%
|
|====== | 8%
|
|====== | 9%
|
|======= | 10%
|
|======== | 11%
|
|======== | 12%
|
|========= | 12%
|
|========= | 13%
|
|========== | 14%
|
|=========== | 15%
|
|=========== | 16%
|
|============ | 17%
|
|============= | 18%
|
|============= | 19%
|
|============== | 20%
|
|============== | 21%
|
|=============== | 21%
|
|=============== | 22%
|
|================ | 23%
|
|================= | 24%
|
|================= | 25%
|
|================== | 25%
|
|================== | 26%
|
|=================== | 27%
|
|==================== | 28%
|
|==================== | 29%
|
|===================== | 29%
|
|===================== | 30%
|
|===================== | 31%
|
|====================== | 31%
|
|====================== | 32%
|
|======================= | 33%
|
|======================== | 34%
|
|======================== | 35%
|
|========================= | 35%
|
|========================= | 36%
|
|========================== | 37%
|
|=========================== | 38%
|
|=========================== | 39%
|
|============================ | 39%
|
|============================ | 40%
|
|============================= | 41%
|
|============================= | 42%
|
|============================== | 42%
|
|============================== | 43%
|
|============================== | 44%
|
|=============================== | 44%
|
|=============================== | 45%
|
|================================ | 46%
|
|================================= | 47%
|
|================================= | 48%
|
|================================== | 48%
|
|================================== | 49%
|
|=================================== | 50%
|
|==================================== | 51%
|
|==================================== | 52%
|
|===================================== | 52%
|
|===================================== | 53%
|
|====================================== | 54%
|
|====================================== | 55%
|
|======================================= | 55%
|
|======================================= | 56%
|
|======================================== | 57%
|
|========================================= | 58%
|
|========================================= | 59%
|
|========================================== | 59%
|
|========================================== | 60%
|
|=========================================== | 61%
|
|=========================================== | 62%
|
|============================================ | 62%
|
|============================================ | 63%
|
|============================================ | 64%
|
|============================================= | 64%
|
|============================================= | 65%
|
|============================================== | 66%
|
|=============================================== | 67%
|
|=============================================== | 68%
|
|================================================ | 68%
|
|================================================ | 69%
|
|================================================= | 70%
|
|================================================== | 71%
|
|================================================== | 72%
|
|=================================================== | 72%
|
|=================================================== | 73%
|
|==================================================== | 74%
|
|===================================================== | 75%
|
|===================================================== | 76%
|
|====================================================== | 77%
|
|====================================================== | 78%
|
|======================================================= | 78%
|
|======================================================= | 79%
|
|======================================================== | 79%
|
|======================================================== | 80%
|
|======================================================== | 81%
|
|========================================================= | 81%
|
|========================================================= | 82%
|
|========================================================== | 82%
|
|========================================================== | 83%
|
|=========================================================== | 84%
|
|============================================================ | 85%
|
|============================================================ | 86%
|
|============================================================= | 86%
|
|============================================================= | 87%
|
|============================================================= | 88%
|
|============================================================== | 88%
|
|============================================================== | 89%
|
|=============================================================== | 90%
|
|=============================================================== | 91%
|
|================================================================ | 91%
|
|================================================================ | 92%
|
|================================================================= | 93%
|
|================================================================== | 94%
|
|================================================================== | 95%
|
|=================================================================== | 95%
|
|=================================================================== | 96%
|
|==================================================================== | 97%
|
|==================================================================== | 98%
|
|===================================================================== | 98%
|
|===================================================================== | 99%
|
|======================================================================| 100%
|
| | 0%
|
| | 1%
|
|= | 1%
|
|= | 2%
|
|== | 2%
|
|== | 3%
|
|=== | 4%
|
|=== | 5%
|
|==== | 5%
|
|==== | 6%
|
|===== | 7%
|
|===== | 8%
|
|====== | 8%
|
|====== | 9%
|
|======= | 9%
|
|======= | 10%
|
|======= | 11%
|
|======== | 11%
|
|======== | 12%
|
|========= | 12%
|
|========= | 13%
|
|========== | 14%
|
|========== | 15%
|
|=========== | 15%
|
|=========== | 16%
|
|============ | 17%
|
|============ | 18%
|
|============= | 18%
|
|============= | 19%
|
|============== | 19%
|
|============== | 20%
|
|============== | 21%
|
|=============== | 21%
|
|=============== | 22%
|
|================ | 22%
|
|================ | 23%
|
|================= | 24%
|
|================= | 25%
|
|================== | 26%
|
|=================== | 27%
|
|=================== | 28%
|
|==================== | 28%
|
|==================== | 29%
|
|===================== | 30%
|
|====================== | 31%
|
|====================== | 32%
|
|======================= | 32%
|
|======================= | 33%
|
|======================== | 34%
|
|========================= | 35%
|
|========================= | 36%
|
|========================== | 36%
|
|========================== | 37%
|
|========================== | 38%
|
|=========================== | 38%
|
|=========================== | 39%
|
|============================ | 40%
|
|============================ | 41%
|
|============================= | 41%
|
|============================= | 42%
|
|============================== | 43%
|
|=============================== | 44%
|
|=============================== | 45%
|
|================================ | 45%
|
|================================ | 46%
|
|================================= | 47%
|
|================================= | 48%
|
|================================== | 48%
|
|================================== | 49%
|
|=================================== | 50%
|
|==================================== | 51%
|
|==================================== | 52%
|
|===================================== | 53%
|
|====================================== | 54%
|
|====================================== | 55%
|
|======================================= | 55%
|
|======================================= | 56%
|
|======================================== | 57%
|
|========================================= | 58%
|
|========================================= | 59%
|
|========================================== | 60%
|
|========================================== | 61%
|
|=========================================== | 61%
|
|=========================================== | 62%
|
|============================================ | 62%
|
|============================================ | 63%
|
|============================================= | 64%
|
|============================================= | 65%
|
|============================================== | 65%
|
|============================================== | 66%
|
|=============================================== | 67%
|
|================================================ | 68%
|
|================================================ | 69%
|
|================================================= | 70%
|
|================================================== | 71%
|
|================================================== | 72%
|
|=================================================== | 72%
|
|=================================================== | 73%
|
|=================================================== | 74%
|
|==================================================== | 74%
|
|==================================================== | 75%
|
|===================================================== | 76%
|
|====================================================== | 77%
|
|====================================================== | 78%
|
|======================================================= | 78%
|
|======================================================= | 79%
|
|======================================================== | 79%
|
|======================================================== | 80%
|
|========================================================= | 81%
|
|========================================================= | 82%
|
|========================================================== | 82%
|
|========================================================== | 83%
|
|=========================================================== | 84%
|
|=========================================================== | 85%
|
|============================================================ | 86%
|
|============================================================= | 87%
|
|============================================================= | 88%
|
|============================================================== | 88%
|
|============================================================== | 89%
|
|=============================================================== | 90%
|
|================================================================ | 91%
|
|================================================================ | 92%
|
|================================================================= | 92%
|
|================================================================= | 93%
|
|================================================================== | 94%
|
|================================================================== | 95%
|
|=================================================================== | 96%
|
|==================================================================== | 97%
|
|==================================================================== | 98%
|
|===================================================================== | 98%
|
|===================================================================== | 99%
|
|======================================================================| 100%
[1] "I need about 1 minute to finish complete Enrichment analysis GO[BP,MF,CC] and Pathways... "
[1] "GO Enrichment Analysis BP completed....done"
[1] "GO Enrichment Analysis MF completed....done"
[1] "GO Enrichment Analysis CC completed....done"
[1] "Pathway Enrichment Analysis completed....done"
groups Mean Median Max Min
1 TP 0.3590198 0.3601768 0.4099433 0.3240056
groups Mean Median Max Min
1 TP 0.3590198 0.3601768 0.4099433 0.3240056
groups Mean Median Max Min
1 LGm1 0.3789137 0.3789137 0.3789137 0.3789137
2 LGm2 0.4099433 0.4099433 0.4099433 0.4099433
3 LGm4 0.3454189 0.3454189 0.3668322 0.3240056
4 LGm5 0.3481159 0.3524203 0.3608853 0.3267376
LGm1 LGm2 LGm4 LGm5
LGm1 NA NA NA NA
LGm2 NA NA NA NA
LGm4 NA NA NA 0.9217168
LGm5 NA NA 0.9217168 NA
groups Mean Median Max Min
1 LGm1 0.3789137 0.3789137 0.3789137 0.3789137
2 LGm2 0.4099433 0.4099433 0.4099433 0.4099433
3 LGm4 0.3454189 0.3454189 0.3668322 0.3240056
4 LGm5 0.3481159 0.3524203 0.3608853 0.3267376
LGm1 LGm2 LGm4 LGm5
LGm1 NA NA NA NA
LGm2 NA NA NA NA
LGm4 NA NA NA 0.9217168
LGm5 NA NA 0.9217168 NA
groups Mean Median Max Min
1 LGm1 0.3789137 0.3789137 0.3789137 0.3789137
2 LGm2 0.4099433 0.4099433 0.4099433 0.4099433
3 LGm4 0.3454189 0.3454189 0.3668322 0.3240056
4 LGm5 0.3481159 0.3524203 0.3608853 0.3267376
LGm1 LGm2 LGm4 LGm5
LGm1 NA NA NA NA
LGm2 NA NA NA NA
LGm4 NA NA NA 0.9217168
LGm5 NA NA 0.9217168 NA
groups Mean Median Max Min
1 alive 0.3594683 0.3594683 0.3594683 0.3594683
2 dead 0.3589557 0.3608853 0.4099433 0.3240056
alive dead
alive NA NA
dead NA NA
══ testthat results ═══════════════════════════════════════════════════════════
OK: 67 SKIPPED: 0 FAILED: 0
>
> proc.time()
user system elapsed
253.904 3.954 604.825
TCGAbiolinks.Rcheck/TCGAbiolinks-Ex.timings
| name | user | system | elapsed | |
| GDCdownload | 6.633 | 0.161 | 44.707 | |
| GDCprepare | 4.116 | 0.184 | 6.460 | |
| GDCprepare_clinic | 15.960 | 0.144 | 65.244 | |
| GDCquery | 3.913 | 0.012 | 8.819 | |
| GDCquery_Maf | 0.001 | 0.000 | 0.001 | |
| GDCquery_clinic | 1.121 | 0.894 | 2.562 | |
| PanCancerAtlas_subtypes | 0.016 | 0.002 | 0.017 | |
| TCGAVisualize_volcano | 0.450 | 0.004 | 0.462 | |
| TCGA_MolecularSubtype | 0.011 | 0.001 | 0.011 | |
| TCGAanalyze_DEA | 9.260 | 0.376 | 9.725 | |
| TCGAanalyze_DEA_Affy | 0.001 | 0.000 | 0.002 | |
| TCGAanalyze_DMR | 24.685 | 0.224 | 29.884 | |
| TCGAanalyze_EA | 0.001 | 0.000 | 0.002 | |
| TCGAanalyze_EAcomplete | 4.027 | 0.107 | 4.169 | |
| TCGAanalyze_Filtering | 12.169 | 0.295 | 17.866 | |
| TCGAanalyze_LevelTab | 19.989 | 1.538 | 26.643 | |
| TCGAanalyze_Normalization | 5.032 | 0.119 | 5.201 | |
| TCGAanalyze_Pathview | 0.002 | 0.000 | 0.001 | |
| TCGAanalyze_SurvivalKM | 0.123 | 0.002 | 0.125 | |
| TCGAanalyze_survival | 3.296 | 0.020 | 3.353 | |
| TCGAprepare_Affy | 0.001 | 0.000 | 0.000 | |
| TCGAquery_MatchedCoupledSampleTypes | 0.005 | 0.001 | 0.006 | |
| TCGAquery_SampleTypes | 0.003 | 0.000 | 0.002 | |
| TCGAquery_recount2 | 0.001 | 0.000 | 0.001 | |
| TCGAquery_subtype | 0.009 | 0.000 | 0.009 | |
| TCGAtumor_purity | 0.119 | 0.000 | 0.120 | |
| TCGAvisualize_EAbarplot | 3.506 | 0.064 | 3.606 | |
| TCGAvisualize_Heatmap | 2.100 | 0.015 | 2.140 | |
| TCGAvisualize_PCA | 5.707 | 0.127 | 5.899 | |
| TCGAvisualize_meanMethylation | 4.627 | 0.021 | 4.714 | |
| TCGAvisualize_oncoprint | 0.003 | 0.001 | 0.003 | |
| TCGAvisualize_starburst | 0.005 | 0.000 | 0.005 | |
| UseRaw_afterFilter | 0.001 | 0.000 | 0.002 | |
| calculate.pvalues | 0.002 | 0.000 | 0.002 | |
| colDataPrepare | 0.002 | 0.000 | 0.002 | |
| diffmean | 0.083 | 0.001 | 0.086 | |
| gaiaCNVplot | 0.052 | 0.001 | 0.054 | |
| getAdjacencyBiogrid | 0.007 | 0.000 | 0.007 | |
| getDataCategorySummary | 2.170 | 0.027 | 4.780 | |
| getGDCInfo | 0.009 | 0.001 | 0.181 | |
| getGDCprojects | 0.022 | 0.002 | 0.200 | |
| getManifest | 4.444 | 0.012 | 9.477 | |
| getResults | 4.053 | 0.012 | 9.703 | |
| getTSS | 0.002 | 0.000 | 0.002 | |
| isServeOK | 0.011 | 0.001 | 0.177 | |
| matchedMetExp | 3.597 | 0.016 | 9.621 | |