| Back to Multiple platform build/check report for BioC 3.7 |
|
This page was generated on 2018-10-17 08:46:22 -0400 (Wed, 17 Oct 2018).
| Package 927/1561 | Hostname | OS / Arch | INSTALL | BUILD | CHECK | BUILD BIN | ||||||
| MLInterfaces 1.60.1 V. Carey
| malbec2 | Linux (Ubuntu 16.04.1 LTS) / x86_64 | OK | OK | WARNINGS | |||||||
| tokay2 | Windows Server 2012 R2 Standard / x64 | OK | OK | WARNINGS | OK | |||||||
| merida2 | OS X 10.11.6 El Capitan / x86_64 | OK | OK | [ WARNINGS ] | OK |
| Package: MLInterfaces |
| Version: 1.60.1 |
| Command: /Library/Frameworks/R.framework/Versions/Current/Resources/bin/R CMD check --install=check:MLInterfaces.install-out.txt --library=/Library/Frameworks/R.framework/Versions/Current/Resources/library --no-vignettes --timings MLInterfaces_1.60.1.tar.gz |
| StartedAt: 2018-10-16 22:43:01 -0400 (Tue, 16 Oct 2018) |
| EndedAt: 2018-10-16 22:46:15 -0400 (Tue, 16 Oct 2018) |
| EllapsedTime: 194.1 seconds |
| RetCode: 0 |
| Status: WARNINGS |
| CheckDir: MLInterfaces.Rcheck |
| Warnings: 1 |
##############################################################################
##############################################################################
###
### Running command:
###
### /Library/Frameworks/R.framework/Versions/Current/Resources/bin/R CMD check --install=check:MLInterfaces.install-out.txt --library=/Library/Frameworks/R.framework/Versions/Current/Resources/library --no-vignettes --timings MLInterfaces_1.60.1.tar.gz
###
##############################################################################
##############################################################################
* using log directory ‘/Users/biocbuild/bbs-3.7-bioc/meat/MLInterfaces.Rcheck’
* using R version 3.5.1 Patched (2018-07-12 r74967)
* using platform: x86_64-apple-darwin15.6.0 (64-bit)
* using session charset: UTF-8
* using option ‘--no-vignettes’
* checking for file ‘MLInterfaces/DESCRIPTION’ ... OK
* this is package ‘MLInterfaces’ version ‘1.60.1’
* checking package namespace information ... OK
* checking package dependencies ... OK
* checking if this is a source package ... OK
* checking if there is a namespace ... OK
* checking for hidden files and directories ... OK
* checking for portable file names ... OK
* checking for sufficient/correct file permissions ... OK
* checking whether package ‘MLInterfaces’ can be installed ... WARNING
Found the following significant warnings:
Warning: replacing previous import ‘BiocGenerics::var’ by ‘stats::var’ when loading ‘MLInterfaces’
See ‘/Users/biocbuild/bbs-3.7-bioc/meat/MLInterfaces.Rcheck/00install.out’ for details.
* checking installed package size ... OK
* checking package directory ... OK
* checking ‘build’ directory ... OK
* checking DESCRIPTION meta-information ... OK
* checking top-level files ... OK
* checking for left-over files ... OK
* checking index information ... OK
* checking package subdirectories ... OK
* checking R files for non-ASCII characters ... OK
* checking R files for syntax errors ... OK
* checking whether the package can be loaded ... OK
* checking whether the package can be loaded with stated dependencies ... OK
* checking whether the package can be unloaded cleanly ... OK
* checking whether the namespace can be loaded with stated dependencies ... OK
* checking whether the namespace can be unloaded cleanly ... OK
* checking dependencies in R code ... NOTE
Unexported objects imported by ':::' calls:
‘MASS:::predict.lda’ ‘ada:::predict.ada’ ‘e1071:::predict.svm’
‘rpart:::predict.rpart’ ‘stats:::plot.hclust’
See the note in ?`:::` about the use of this operator.
* checking S3 generic/method consistency ... OK
* checking replacement functions ... OK
* checking foreign function calls ... OK
* checking R code for possible problems ... NOTE
hclustWidget : <anonymous>: no visible global function definition for
‘:=’
hclustWidget : <anonymous>: no visible binding for global variable
‘key’
Undefined global functions or variables:
:= key
* checking Rd files ... NOTE
prepare_Rd: plspinHcube.Rd:17-19: Dropping empty section \details
* checking Rd metadata ... OK
* checking Rd cross-references ... OK
* checking for missing documentation entries ... OK
* checking for code/documentation mismatches ... OK
* checking Rd \usage sections ... OK
* checking Rd contents ... OK
* checking for unstated dependencies in examples ... OK
* checking sizes of PDF files under ‘inst/doc’ ... OK
* checking files in ‘vignettes’ ... OK
* checking examples ... OK
Examples with CPU or elapsed time > 5s
user system elapsed
MLearn-new 16.906 1.88 17.661
* checking for unstated dependencies in ‘tests’ ... OK
* checking tests ...
Running ‘runTests.R’
OK
* checking for unstated dependencies in vignettes ... OK
* checking package vignettes in ‘inst/doc’ ... OK
* checking running R code from vignettes ... SKIPPED
* checking re-building of vignette outputs ... SKIPPED
* checking PDF version of manual ... OK
* DONE
Status: 1 WARNING, 3 NOTEs
See
‘/Users/biocbuild/bbs-3.7-bioc/meat/MLInterfaces.Rcheck/00check.log’
for details.
MLInterfaces.Rcheck/00install.out
############################################################################## ############################################################################## ### ### Running command: ### ### /Library/Frameworks/R.framework/Versions/Current/Resources/bin/R CMD INSTALL MLInterfaces ### ############################################################################## ############################################################################## * installing to library ‘/Library/Frameworks/R.framework/Versions/3.5/Resources/library’ * installing *source* package ‘MLInterfaces’ ... ** R ** inst ** byte-compile and prepare package for lazy loading Warning: replacing previous import ‘BiocGenerics::var’ by ‘stats::var’ when loading ‘MLInterfaces’ ** help *** installing help indices ** building package indices ** installing vignettes ** testing if installed package can be loaded Warning: replacing previous import ‘BiocGenerics::var’ by ‘stats::var’ when loading ‘MLInterfaces’ * DONE (MLInterfaces)
MLInterfaces.Rcheck/tests/runTests.Rout
R version 3.5.1 Patched (2018-07-12 r74967) -- "Feather Spray"
Copyright (C) 2018 The R Foundation for Statistical Computing
Platform: x86_64-apple-darwin15.6.0 (64-bit)
R is free software and comes with ABSOLUTELY NO WARRANTY.
You are welcome to redistribute it under certain conditions.
Type 'license()' or 'licence()' for distribution details.
R is a collaborative project with many contributors.
Type 'contributors()' for more information and
'citation()' on how to cite R or R packages in publications.
Type 'demo()' for some demos, 'help()' for on-line help, or
'help.start()' for an HTML browser interface to help.
Type 'q()' to quit R.
> BiocGenerics:::testPackage("MLInterfaces")
Attaching package: 'BiocGenerics'
The following objects are masked from 'package:parallel':
clusterApply, clusterApplyLB, clusterCall, clusterEvalQ,
clusterExport, clusterMap, parApply, parCapply, parLapply,
parLapplyLB, parRapply, parSapply, parSapplyLB
The following objects are masked from 'package:stats':
IQR, mad, sd, var, xtabs
The following objects are masked from 'package:base':
Filter, Find, Map, Position, Reduce, anyDuplicated, append,
as.data.frame, basename, cbind, colMeans, colSums, colnames,
dirname, do.call, duplicated, eval, evalq, get, grep, grepl,
intersect, is.unsorted, lapply, lengths, mapply, match, mget,
order, paste, pmax, pmax.int, pmin, pmin.int, rank, rbind,
rowMeans, rowSums, rownames, sapply, setdiff, sort, table, tapply,
union, unique, unsplit, which, which.max, which.min
Welcome to Bioconductor
Vignettes contain introductory material; view with
'browseVignettes()'. To cite Bioconductor, see
'citation("Biobase")', and for packages 'citation("pkgname")'.
Attaching package: 'S4Vectors'
The following object is masked from 'package:base':
expand.grid
RUNIT TEST PROTOCOL -- Tue Oct 16 22:46:10 2018
***********************************************
Number of test functions: 0
Number of errors: 0
Number of failures: 0
1 Test Suite :
MLInterfaces RUnit Tests - 0 test functions, 0 errors, 0 failures
Number of test functions: 0
Number of errors: 0
Number of failures: 0
Warning message:
replacing previous import 'BiocGenerics::var' by 'stats::var' when loading 'MLInterfaces'
>
> proc.time()
user system elapsed
7.410 0.409 7.837
MLInterfaces.Rcheck/MLInterfaces-Ex.timings
| name | user | system | elapsed | |
| MLearn-new | 16.906 | 1.880 | 17.661 | |
| RAB | 0.128 | 0.005 | 0.133 | |
| balKfold.xvspec | 0.122 | 0.006 | 0.129 | |
| classifierOutput-class | 2.206 | 0.303 | 1.528 | |
| clusteringOutput-class | 0.002 | 0.001 | 0.003 | |
| confuMat-methods | 0.322 | 0.042 | 0.367 | |
| confuTab | 0.009 | 0.002 | 0.011 | |
| fs.absT | 0.047 | 0.010 | 0.056 | |
| fsHistory | 0.135 | 0.109 | 0.158 | |
| hclustWidget | 0.004 | 0.000 | 0.004 | |
| learnerSchema-class | 0.002 | 0.002 | 0.003 | |
| performance-analytics | 0.007 | 0.003 | 0.010 | |
| planarPlot-methods | 2.446 | 0.316 | 2.775 | |
| plspinHcube | 0.002 | 0.000 | 0.002 | |
| predict.classifierOutput | 3.007 | 0.063 | 3.091 | |
| projectLearnerToGrid | 0.633 | 0.063 | 0.711 | |
| projectedLearner-class | 0.002 | 0.000 | 0.003 | |
| raboostCont-class | 0.003 | 0.000 | 0.003 | |
| varImpStruct-class | 0.623 | 0.032 | 0.665 | |
| xvalLoop | 0.005 | 0.000 | 0.006 | |
| xvalSpec | 0.228 | 0.116 | 0.237 | |