| Back to Multiple platform build/check report for BioC 3.7 |
|
This page was generated on 2018-10-17 08:47:56 -0400 (Wed, 17 Oct 2018).
| Package 222/1561 | Hostname | OS / Arch | INSTALL | BUILD | CHECK | BUILD BIN | ||||||
| ChemmineR 3.32.1 Thomas Girke
| malbec2 | Linux (Ubuntu 16.04.1 LTS) / x86_64 | OK | OK | OK | |||||||
| tokay2 | Windows Server 2012 R2 Standard / x64 | OK | OK | OK | OK | |||||||
| merida2 | OS X 10.11.6 El Capitan / x86_64 | OK | OK | [ WARNINGS ] | OK |
| Package: ChemmineR |
| Version: 3.32.1 |
| Command: /Library/Frameworks/R.framework/Versions/Current/Resources/bin/R CMD check --install=check:ChemmineR.install-out.txt --library=/Library/Frameworks/R.framework/Versions/Current/Resources/library --no-vignettes --timings ChemmineR_3.32.1.tar.gz |
| StartedAt: 2018-10-16 20:22:31 -0400 (Tue, 16 Oct 2018) |
| EndedAt: 2018-10-16 20:25:17 -0400 (Tue, 16 Oct 2018) |
| EllapsedTime: 166.0 seconds |
| RetCode: 0 |
| Status: WARNINGS |
| CheckDir: ChemmineR.Rcheck |
| Warnings: 1 |
##############################################################################
##############################################################################
###
### Running command:
###
### /Library/Frameworks/R.framework/Versions/Current/Resources/bin/R CMD check --install=check:ChemmineR.install-out.txt --library=/Library/Frameworks/R.framework/Versions/Current/Resources/library --no-vignettes --timings ChemmineR_3.32.1.tar.gz
###
##############################################################################
##############################################################################
* using log directory ‘/Users/biocbuild/bbs-3.7-bioc/meat/ChemmineR.Rcheck’
* using R version 3.5.1 Patched (2018-07-12 r74967)
* using platform: x86_64-apple-darwin15.6.0 (64-bit)
* using session charset: UTF-8
* using option ‘--no-vignettes’
* checking for file ‘ChemmineR/DESCRIPTION’ ... OK
* checking extension type ... Package
* this is package ‘ChemmineR’ version ‘3.32.1’
* checking package namespace information ... OK
* checking package dependencies ... OK
* checking if this is a source package ... OK
* checking if there is a namespace ... OK
* checking for hidden files and directories ... OK
* checking for portable file names ... OK
* checking for sufficient/correct file permissions ... OK
* checking whether package ‘ChemmineR’ can be installed ... WARNING
Found the following significant warnings:
r_wrap.cc:1689:14: warning: explicitly assigning value of variable of type 'void *' to itself [-Wself-assign]
See ‘/Users/biocbuild/bbs-3.7-bioc/meat/ChemmineR.Rcheck/00install.out’ for details.
* checking installed package size ... OK
* checking package directory ... OK
* checking ‘build’ directory ... OK
* checking DESCRIPTION meta-information ... NOTE
Packages listed in more than one of Depends, Imports, Suggests, Enhances:
‘png’ ‘ChemmineOB’
A package should be listed in only one of these fields.
* checking top-level files ... OK
* checking for left-over files ... OK
* checking index information ... OK
* checking package subdirectories ... OK
* checking R files for non-ASCII characters ... OK
* checking R files for syntax errors ... OK
* checking whether the package can be loaded ... OK
* checking whether the package can be loaded with stated dependencies ... OK
* checking whether the package can be unloaded cleanly ... OK
* checking whether the namespace can be loaded with stated dependencies ... OK
* checking whether the namespace can be unloaded cleanly ... OK
* checking dependencies in R code ... NOTE
'library' or 'require' calls in package code:
‘ChemmineDrugs’ ‘ChemmineOB’ ‘RPostgreSQL’ ‘RSQLite’ ‘fmcsR’ ‘png’
‘snow’
Please use :: or requireNamespace() instead.
See section 'Suggested packages' in the 'Writing R Extensions' manual.
Namespace in Imports field not imported from: ‘BiocGenerics’
All declared Imports should be used.
* checking S3 generic/method consistency ... OK
* checking replacement functions ... OK
* checking foreign function calls ... OK
* checking R code for possible problems ... NOTE
Found the following possibly unsafe calls:
File ‘ChemmineR/R/sim.R’:
unlockBinding(".progress_bar_int_cnt", environment(.progress_bar))
.data.frame.to.str: no visible global function definition for
‘write.table’
.data.frame.to.str: no visible binding for global variable ‘string’
.parseV3000: no visible binding for global variable ‘AW’
.rings: no visible global function definition for ‘combn’
applyOptions: no visible global function definition for ‘convertFormat’
browseJob: no visible global function definition for ‘browseURL’
canonicalNumbering: no visible global function definition for
‘canonicalNumbering_OB’
canonicalNumberingOB: no visible global function definition for
‘canonicalNumbering_OB’
cluster.visualize: no visible global function definition for ‘rainbow’
cluster.visualize: no visible global function definition for ‘pdf’
cluster.visualize: no visible global function definition for
‘postscript’
cluster.visualize: no visible global function definition for ‘dev.off’
desc2fp: no visible global function definition for ‘data’
draw_sdf: no visible global function definition for ‘rgb’
draw_sdf: no visible global function definition for ‘fmcs’
exactMassOB: no visible global function definition for ‘exactMass_OB’
fingerprintOB: no visible global function definition for
‘fingerprint_OB’
getCompoundFeatures : <anonymous>: no visible global function
definition for ‘write.table’
getCompounds: no visible global function definition for ‘str’
getDbConn: no visible global function definition for ‘error’
handle_segs: no visible binding for global variable ‘C1’
handle_segs: no visible binding for global variable ‘C2’
handle_segs: no visible binding for global variable ‘C1.1’
handle_segs: no visible binding for global variable ‘C2.1’
handle_text: no visible binding for global variable ‘C1’
handle_text: no visible binding for global variable ‘C2’
listCMTools: no visible global function definition for ‘read.table’
parBatchByIndex: no visible global function definition for
‘clusterExport’
parBatchByIndex: no visible global function definition for
‘clusterApplyLB’
postgresqlWriteTable: no visible global function definition for
‘postgresqlTableRef’
postgresqlWriteTable: no visible global function definition for
‘postgresqlQuoteId’
postgresqlWriteTable: no visible global function definition for
‘postgresqlpqExec’
postgresqlWriteTable: no visible global function definition for
‘postgresqlCopyInDataframe’
postgresqlWriteTable: no visible global function definition for
‘postgresqlgetResult’
propOB: no visible global function definition for ‘prop_OB’
read.AP: no visible global function definition for ‘read.delim’
sdf2OBMol: no visible global function definition for ‘forEachMol’
sdf2image: no visible global function definition for ‘convertToImage’
sdf2smiles: no visible global function definition for ‘convertFormat’
sdf2smilesOB: no visible global function definition for ‘convertFormat’
sdfStream: no visible global function definition for ‘write.table’
searchSim: no visible binding for global variable ‘smiles’
setPriorities: no visible global function definition for
‘clusterExport’
smartsSearchOB: no visible global function definition for
‘smartsSearch_OB’
smile2sdfFile: no visible global function definition for
‘convertFormatFile’
smiles2sdf: no visible global function definition for ‘convertFormat’
smiles2sdfOB: no visible global function definition for ‘convertFormat’
write.SMI: no visible global function definition for ‘write.table’
Undefined global functions or variables:
AW C1 C1.1 C2 C2.1 browseURL canonicalNumbering_OB clusterApplyLB
clusterExport combn convertFormat convertFormatFile convertToImage
data dev.off error exactMass_OB fingerprint_OB fmcs forEachMol pdf
postgresqlCopyInDataframe postgresqlQuoteId postgresqlTableRef
postgresqlgetResult postgresqlpqExec postscript prop_OB rainbow
read.delim read.table rgb smartsSearch_OB smiles str string
write.table
Consider adding
importFrom("grDevices", "dev.off", "pdf", "postscript", "rainbow",
"rgb")
importFrom("utils", "browseURL", "combn", "data", "read.delim",
"read.table", "str", "write.table")
to your NAMESPACE file.
* checking Rd files ... OK
* checking Rd metadata ... OK
* checking Rd cross-references ... OK
* checking for missing documentation entries ... OK
* checking for code/documentation mismatches ... OK
* checking Rd \usage sections ... OK
* checking Rd contents ... OK
* checking for unstated dependencies in examples ... OK
* checking contents of ‘data’ directory ... OK
* checking data for non-ASCII characters ... OK
* checking data for ASCII and uncompressed saves ... OK
* checking line endings in C/C++/Fortran sources/headers ... OK
* checking line endings in Makefiles ... OK
* checking compilation flags in Makevars ... OK
* checking for GNU extensions in Makefiles ... OK
* checking for portable use of $(BLAS_LIBS) and $(LAPACK_LIBS) ... OK
* checking compiled code ... NOTE
Note: information on .o files is not available
File ‘/Library/Frameworks/R.framework/Versions/3.5/Resources/library/ChemmineR/libs/ChemmineR.so’:
Found ‘__ZNSt3__14cerrE’, possibly from ‘std::cerr’ (C++)
Found ‘__ZNSt3__14coutE’, possibly from ‘std::cout’ (C++)
Compiled code should not call entry points which might terminate R nor
write to stdout/stderr instead of to the console, nor use Fortran I/O
nor system RNGs. The detected symbols are linked into the code but
might come from libraries and not actually be called.
See ‘Writing portable packages’ in the ‘Writing R Extensions’ manual.
* checking files in ‘vignettes’ ... OK
* checking examples ... OK
* checking for unstated dependencies in ‘tests’ ... OK
* checking tests ...
Running ‘runTests.R’
OK
* checking for unstated dependencies in vignettes ... OK
* checking package vignettes in ‘inst/doc’ ... OK
* checking running R code from vignettes ... SKIPPED
* checking re-building of vignette outputs ... SKIPPED
* checking PDF version of manual ... OK
* DONE
Status: 1 WARNING, 4 NOTEs
See
‘/Users/biocbuild/bbs-3.7-bioc/meat/ChemmineR.Rcheck/00check.log’
for details.
ChemmineR.Rcheck/00install.out
##############################################################################
##############################################################################
###
### Running command:
###
### /Library/Frameworks/R.framework/Versions/Current/Resources/bin/R CMD INSTALL ChemmineR
###
##############################################################################
##############################################################################
* installing to library ‘/Library/Frameworks/R.framework/Versions/3.5/Resources/library’
* installing *source* package ‘ChemmineR’ ...
** libs
clang++ -I"/Library/Frameworks/R.framework/Resources/include" -DNDEBUG -I"/Library/Frameworks/R.framework/Versions/3.5/Resources/library/Rcpp/include" -I"/Library/Frameworks/R.framework/Versions/3.5/Resources/library/BH/include" -I/usr/local/include -DNO_MAIN -DNO_DEBUG -fPIC -Wall -g -O2 -c DisjointSets.cpp -o DisjointSets.o
clang++ -I"/Library/Frameworks/R.framework/Resources/include" -DNDEBUG -I"/Library/Frameworks/R.framework/Versions/3.5/Resources/library/Rcpp/include" -I"/Library/Frameworks/R.framework/Versions/3.5/Resources/library/BH/include" -I/usr/local/include -DNO_MAIN -DNO_DEBUG -fPIC -Wall -g -O2 -c cluster.cc -o cluster.o
cluster.cc:49:13: warning: unused function 'prepare_neighbors' [-Wunused-function]
void static prepare_neighbors(const char* nbr_file, int skip, int p)
^
1 warning generated.
clang++ -I"/Library/Frameworks/R.framework/Resources/include" -DNDEBUG -I"/Library/Frameworks/R.framework/Versions/3.5/Resources/library/Rcpp/include" -I"/Library/Frameworks/R.framework/Versions/3.5/Resources/library/BH/include" -I/usr/local/include -DNO_MAIN -DNO_DEBUG -fPIC -Wall -g -O2 -c cstrsplit.cc -o cstrsplit.o
clang++ -I"/Library/Frameworks/R.framework/Resources/include" -DNDEBUG -I"/Library/Frameworks/R.framework/Versions/3.5/Resources/library/Rcpp/include" -I"/Library/Frameworks/R.framework/Versions/3.5/Resources/library/BH/include" -I/usr/local/include -DNO_MAIN -DNO_DEBUG -fPIC -Wall -g -O2 -c desc.cc -o desc.o
clang++ -I"/Library/Frameworks/R.framework/Resources/include" -DNDEBUG -I"/Library/Frameworks/R.framework/Versions/3.5/Resources/library/Rcpp/include" -I"/Library/Frameworks/R.framework/Versions/3.5/Resources/library/BH/include" -I/usr/local/include -DNO_MAIN -DNO_DEBUG -fPIC -Wall -g -O2 -c fingerprints.cc -o fingerprints.o
clang++ -I"/Library/Frameworks/R.framework/Resources/include" -DNDEBUG -I"/Library/Frameworks/R.framework/Versions/3.5/Resources/library/Rcpp/include" -I"/Library/Frameworks/R.framework/Versions/3.5/Resources/library/BH/include" -I/usr/local/include -DNO_MAIN -DNO_DEBUG -fPIC -Wall -g -O2 -c formats.cc -o formats.o
clang++ -I"/Library/Frameworks/R.framework/Resources/include" -DNDEBUG -I"/Library/Frameworks/R.framework/Versions/3.5/Resources/library/Rcpp/include" -I"/Library/Frameworks/R.framework/Versions/3.5/Resources/library/BH/include" -I/usr/local/include -DNO_MAIN -DNO_DEBUG -fPIC -Wall -g -O2 -c molecule.cc -o molecule.o
clang++ -I"/Library/Frameworks/R.framework/Resources/include" -DNDEBUG -I"/Library/Frameworks/R.framework/Versions/3.5/Resources/library/Rcpp/include" -I"/Library/Frameworks/R.framework/Versions/3.5/Resources/library/BH/include" -I/usr/local/include -DNO_MAIN -DNO_DEBUG -fPIC -Wall -g -O2 -c r_wrap.cc -o r_wrap.o
r_wrap.cc:1689:14: warning: explicitly assigning value of variable of type 'void *' to itself [-Wself-assign]
clientdata = clientdata;
˜˜˜˜˜˜˜˜˜˜ ^ ˜˜˜˜˜˜˜˜˜˜
1 warning generated.
clang++ -I"/Library/Frameworks/R.framework/Resources/include" -DNDEBUG -I"/Library/Frameworks/R.framework/Versions/3.5/Resources/library/Rcpp/include" -I"/Library/Frameworks/R.framework/Versions/3.5/Resources/library/BH/include" -I/usr/local/include -DNO_MAIN -DNO_DEBUG -fPIC -Wall -g -O2 -c script.cc -o script.o
clang++ -I"/Library/Frameworks/R.framework/Resources/include" -DNDEBUG -I"/Library/Frameworks/R.framework/Versions/3.5/Resources/library/Rcpp/include" -I"/Library/Frameworks/R.framework/Versions/3.5/Resources/library/BH/include" -I/usr/local/include -DNO_MAIN -DNO_DEBUG -fPIC -Wall -g -O2 -c similarity.cc -o similarity.o
clang++ -dynamiclib -Wl,-headerpad_max_install_names -undefined dynamic_lookup -single_module -multiply_defined suppress -L/Library/Frameworks/R.framework/Resources/lib -L/usr/local/lib -o ChemmineR.so DisjointSets.o cluster.o cstrsplit.o desc.o fingerprints.o formats.o molecule.o r_wrap.o script.o similarity.o -F/Library/Frameworks/R.framework/.. -framework R -Wl,-framework -Wl,CoreFoundation
installing to /Library/Frameworks/R.framework/Versions/3.5/Resources/library/ChemmineR/libs
** R
** data
** inst
** byte-compile and prepare package for lazy loading
** help
*** installing help indices
** building package indices
** installing vignettes
** testing if installed package can be loaded
* DONE (ChemmineR)
ChemmineR.Rcheck/tests/runTests.Rout
R version 3.5.1 Patched (2018-07-12 r74967) -- "Feather Spray"
Copyright (C) 2018 The R Foundation for Statistical Computing
Platform: x86_64-apple-darwin15.6.0 (64-bit)
R is free software and comes with ABSOLUTELY NO WARRANTY.
You are welcome to redistribute it under certain conditions.
Type 'license()' or 'licence()' for distribution details.
R is a collaborative project with many contributors.
Type 'contributors()' for more information and
'citation()' on how to cite R or R packages in publications.
Type 'demo()' for some demos, 'help()' for on-line help, or
'help.start()' for an HTML browser interface to help.
Type 'q()' to quit R.
> BiocGenerics:::testPackage("ChemmineR")
Loading required package: RSQLite
[1] "createing db"
[1] "createing db"
[1] "loading first half, no features"
[1] "createing db"
[1] "loading first half,with features"
adding new features to existing compounds. This could take a while
[1] "loading incomplete features"
[1] "loading second half"
adding new features to existing compounds. This could take a while
[1] "done loading"
[1] "createing db"
adding new features to existing compounds. This could take a while
[1] "found 70 compounds"
[1] "found 20 compounds"
Timing stopped at: 0 0 0
Error in DEACTIVATED("local test") : local test
In addition: There were 14 warnings (use warnings() to see them)
Timing stopped at: 0 0 0
Error in DEACTIVATED("local test only") : local test only
found 100 ids
[1] 201 202 203 204 205 206 207 208 209 210 211 212 213 214 215 216 217 218
[19] 219 220 221 222 223 224 225 226 227 228 229 230 231 232 233 234 235 236
[37] 237 238 239 240 241 242 243 244 245 246 247 248 249 250 251 252 253 254
[55] 255 256 257 258 259 260 261 262 263 264 265 266 267 268 269 270 271 272
[73] 273 274 275 276 277 278 279 280 281 282 283 284 285 286 287 288 289 290
[91] 291 292 293 294 295 296 297 298 299 300
starting parBatchByIndex
Loading required package: snow
int [1:100] 201 202 203 204 205 206 207 208 209 210 ...
NULL
[1] "results: parBench-sub-1,parBench-sub-2,parBench-sub-3,parBench-sub-4,parBench-sub-5,parBench-sub-6,parBench-sub-7,parBench-sub-8,parBench-sub-9,parBench-sub-10"
[1] "loading duplications"
loading 1 new compounds, updating 1 compounds
fetching features:
Timing stopped at: 0 0 0
Error in DEACTIVATED("causing timeout on bioc, disabling for now") :
causing timeout on bioc, disabling for now
In addition: Warning messages:
1: In is.factor(x) : closing unused connection 6 (<-localhost:11574)
2: In is.factor(x) : closing unused connection 5 (<-localhost:11574)
3: In is.factor(x) : closing unused connection 4 (<-localhost:11574)
test.formatConversions
Timing stopped at: 0 0 0.001
Error in DEACTIVATED("removed old version of function") :
removed old version of function
Timing stopped at: 0 0 0
Error in DEACTIVATED("requires local files") : requires local files
Timing stopped at: 0 0 0
Error in DEACTIVATED("fails on ubuntu 16.04") : fails on ubuntu 16.04
cid to sdf, length: 2
smiles search, length: 11
url: https://pubchem.ncbi.nlm.nih.gov/rest/pug/compound/fastsimilarity_2d/sdf/SDF
sdf search, length: 92
url: https://pubchem.ncbi.nlm.nih.gov/rest/pug/compound/fastsimilarity_2d/sdf/PNG
[1] "rotable bonds: "
CMP1 CMP2 CMP3 CMP4 CMP5
24 20 14 30 10
[1] "650001" "650002" "650003" "650004" "650005"
RUNIT TEST PROTOCOL -- Tue Oct 16 20:25:08 2018
***********************************************
Number of test functions: 24
Number of deactivated test functions: 6
Number of errors: 0
Number of failures: 0
1 Test Suite :
ChemmineR RUnit Tests - 24 test functions, 0 errors, 0 failures
Number of test functions: 24
Number of deactivated test functions: 6
Number of errors: 0
Number of failures: 0
Warning messages:
1: In paste(extradata[(exindex[x, 1] + 1):(exindex[x, 2] - 1)], collapse = " __ ") :
closing unused connection 5 (https://pubchem.ncbi.nlm.nih.gov/rest/pug/compound/fastsimilarity_2d/smiles/C1CCCCCC1/SDF)
2: In paste(extradata[(exindex[x, 1] + 1):(exindex[x, 2] - 1)], collapse = " __ ") :
closing unused connection 4 (https://pubchem.ncbi.nlm.nih.gov/rest/pug/compound/cid/434,435/SDF)
>
> proc.time()
user system elapsed
20.847 1.261 45.016
ChemmineR.Rcheck/ChemmineR-Ex.timings
| name | user | system | elapsed | |
| AP-class | 0.405 | 0.095 | 0.504 | |
| APset-class | 0.448 | 0.107 | 0.561 | |
| ExtSDF-class | 0.002 | 0.000 | 0.002 | |
| FP-class | 0.081 | 0.005 | 0.088 | |
| FPset-class | 0.357 | 0.033 | 0.396 | |
| SDF-class | 0.091 | 0.010 | 0.101 | |
| SDF2apcmp | 0.022 | 0.001 | 0.023 | |
| SDFDataTable | 2.209 | 0.190 | 2.539 | |
| SDFset-class | 0.468 | 0.045 | 0.524 | |
| SDFset2SDF | 0.137 | 0.010 | 0.147 | |
| SDFset2list | 0.077 | 0.035 | 0.111 | |
| SDFstr-class | 0.297 | 0.007 | 0.308 | |
| SMI-class | 0.005 | 0.001 | 0.006 | |
| SMIset-class | 0.007 | 0.001 | 0.009 | |
| addDescriptorType | 0.001 | 0.000 | 0.001 | |
| addNewFeatures | 4.551 | 0.149 | 4.782 | |
| ap | 0.120 | 0.015 | 0.138 | |
| apfp | 0.003 | 0.001 | 0.004 | |
| apset | 0.005 | 0.001 | 0.005 | |
| apset2descdb | 0.384 | 0.108 | 0.496 | |
| atomblock | 0.094 | 0.016 | 0.112 | |
| atomcount | 0.220 | 0.005 | 0.234 | |
| atomprop | 0.006 | 0.001 | 0.007 | |
| atomsubset | 0.039 | 0.002 | 0.041 | |
| batchByIndex | 0.003 | 0.001 | 0.002 | |
| bondblock | 0.122 | 0.014 | 0.136 | |
| bonds | 0.044 | 0.003 | 0.047 | |
| browseJob | 0.003 | 0.001 | 0.003 | |
| bufferLines | 0.002 | 0.000 | 0.002 | |
| bufferResultSet | 0.003 | 0.000 | 0.004 | |
| byCluster | 0.785 | 0.066 | 0.855 | |
| canonicalNumbering | 0.048 | 0.002 | 0.050 | |
| canonicalize | 0.058 | 0.002 | 0.059 | |
| cid | 0.029 | 0.002 | 0.030 | |
| cluster.sizestat | 0.563 | 0.041 | 0.614 | |
| cluster.visualize | 0.689 | 0.035 | 0.732 | |
| cmp.cluster | 2.178 | 0.084 | 2.280 | |
| cmp.duplicated | 0.060 | 0.006 | 0.065 | |
| cmp.parse | 0.036 | 0.001 | 0.038 | |
| cmp.parse1 | 0.001 | 0.000 | 0.002 | |
| cmp.search | 0.653 | 0.027 | 0.688 | |
| cmp.similarity | 0.020 | 0.002 | 0.022 | |
| conMA | 0.085 | 0.019 | 0.105 | |
| connections | 0.221 | 0.003 | 0.227 | |
| datablock | 0.306 | 0.009 | 0.322 | |
| datablock2ma | 0.060 | 0.003 | 0.063 | |
| db.explain | 0.058 | 0.007 | 0.064 | |
| db.subset | 0.005 | 0.001 | 0.005 | |
| dbTransaction | 0.035 | 0.004 | 0.064 | |
| desc2fp | 0.087 | 0.004 | 0.092 | |
| draw_sdf | 0.582 | 0.038 | 0.637 | |
| exactMassOB | 0.664 | 0.003 | 0.672 | |
| findCompounds | 3.566 | 0.031 | 3.638 | |
| findCompoundsByName | 0.362 | 0.008 | 0.374 | |
| fingerprintOB | 0.001 | 0.000 | 0.001 | |
| fold | 0.002 | 0.000 | 0.002 | |
| foldCount | 0.003 | 0.000 | 0.003 | |
| fp2bit | 0.314 | 0.045 | 0.360 | |
| fpSim | 0.304 | 0.038 | 0.350 | |
| fptype | 0.002 | 0.000 | 0.003 | |
| fromNNMatrix | 0.743 | 0.040 | 0.799 | |
| genAPDescriptors | 0.020 | 0.001 | 0.021 | |
| genParameters | 0.553 | 0.009 | 0.565 | |
| generate3DCoords | 0.001 | 0.000 | 0.001 | |
| getAllCompoundIds | 0.391 | 0.009 | 0.403 | |
| getCompoundFeatures | 3.758 | 0.024 | 3.838 | |
| getCompoundNames | 0.443 | 0.009 | 0.459 | |
| getCompounds | 0.461 | 0.009 | 0.474 | |
| getIds | 0.001 | 0.000 | 0.002 | |
| grepSDFset | 0.041 | 0.002 | 0.043 | |
| groups | 0.204 | 0.006 | 0.212 | |
| header | 0.109 | 0.004 | 0.118 | |
| initDb | 0.022 | 0.004 | 0.026 | |
| jarvisPatrick | 1.844 | 0.062 | 1.934 | |
| jobToken-class | 0.002 | 0.000 | 0.003 | |
| launchCMTool | 0.003 | 0.001 | 0.003 | |
| listCMTools | 0.003 | 0.000 | 0.002 | |
| listFeatures | 0.427 | 0.009 | 0.438 | |
| loadSdf | 3.737 | 0.031 | 3.807 | |
| makeUnique | 0.025 | 0.001 | 0.027 | |
| maximallyDissimilar | 0.253 | 0.004 | 0.261 | |
| nearestNeighbors | 1.014 | 0.043 | 1.062 | |
| numBits | 0.002 | 0.000 | 0.002 | |
| obmol | 0.043 | 0.002 | 0.045 | |
| openBabelPlot | 0.002 | 0.000 | 0.001 | |
| parBatchByIndex | 0.002 | 0.000 | 0.003 | |
| plotStruc | 0.328 | 0.007 | 0.338 | |
| propOB | 0.001 | 0.000 | 0.001 | |
| pubchemCidToSDF | 0.001 | 0.000 | 0.002 | |
| pubchemFPencoding | 0.005 | 0.001 | 0.006 | |
| pubchemSDFSearch | 0.002 | 0.000 | 0.002 | |
| pubchemSmilesSearch | 0.001 | 0.000 | 0.002 | |
| read.AP | 0.027 | 0.001 | 0.029 | |
| read.SDFindex | 0.024 | 0.002 | 0.027 | |
| read.SDFset | 0.785 | 0.003 | 0.792 | |
| read.SDFstr | 1.157 | 0.004 | 1.172 | |
| read.SMIset | 0.004 | 0.001 | 0.005 | |
| regenerateCoords | 0.001 | 0.000 | 0.002 | |
| result | 0.002 | 0.000 | 0.001 | |
| rings | 0.834 | 0.009 | 0.853 | |
| sdf.subset | 0.001 | 0.000 | 0.001 | |
| sdf.visualize | 0.024 | 0.000 | 0.026 | |
| sdf2ap | 0.391 | 0.094 | 0.489 | |
| sdf2list | 0.058 | 0.015 | 0.100 | |
| sdf2smiles | 0.002 | 0.000 | 0.002 | |
| sdf2str | 0.061 | 0.012 | 0.094 | |
| sdfStream | 0.030 | 0.001 | 0.030 | |
| sdfid | 0.030 | 0.001 | 0.031 | |
| sdfsample | 0.071 | 0.005 | 0.075 | |
| sdfstr2list | 1.665 | 0.455 | 2.161 | |
| searchSim | 0.001 | 0.001 | 0.001 | |
| searchString | 0.001 | 0.000 | 0.001 | |
| selectInBatches | 0.002 | 0.000 | 0.002 | |
| setPriorities | 0.001 | 0.000 | 0.001 | |
| smartsSearchOB | 0.002 | 0.000 | 0.002 | |
| smiles2sdf | 0.001 | 0.000 | 0.002 | |
| smisample | 0.005 | 0.001 | 0.007 | |
| status | 0.002 | 0.001 | 0.003 | |
| toolDetails | 0.002 | 0.000 | 0.002 | |
| trimNeighbors | 1.264 | 0.044 | 1.322 | |
| validSDF | 0.030 | 0.001 | 0.032 | |
| view | 0.077 | 0.005 | 0.083 | |
| write.SDF | 0.231 | 0.005 | 0.239 | |
| write.SDFsplit | 0.026 | 0.002 | 0.027 | |
| write.SMI | 0.003 | 0.001 | 0.005 | |