| Back to Multiple platform build/check report for BioC 3.7 |
|
This page was generated on 2018-10-17 08:34:28 -0400 (Wed, 17 Oct 2018).
| Package 235/1561 | Hostname | OS / Arch | INSTALL | BUILD | CHECK | BUILD BIN | ||||||
| ChIPseqR 1.34.0 Peter Humburg
| malbec2 | Linux (Ubuntu 16.04.1 LTS) / x86_64 | OK | OK | WARNINGS | |||||||
| tokay2 | Windows Server 2012 R2 Standard / x64 | OK | OK | [ WARNINGS ] | OK | |||||||
| merida2 | OS X 10.11.6 El Capitan / x86_64 | OK | OK | WARNINGS | OK |
| Package: ChIPseqR |
| Version: 1.34.0 |
| Command: C:\Users\biocbuild\bbs-3.7-bioc\R\bin\R.exe CMD check --force-multiarch --install=check:ChIPseqR.install-out.txt --library=C:\Users\biocbuild\bbs-3.7-bioc\R\library --no-vignettes --timings ChIPseqR_1.34.0.tar.gz |
| StartedAt: 2018-10-17 01:05:07 -0400 (Wed, 17 Oct 2018) |
| EndedAt: 2018-10-17 01:12:11 -0400 (Wed, 17 Oct 2018) |
| EllapsedTime: 423.6 seconds |
| RetCode: 0 |
| Status: WARNINGS |
| CheckDir: ChIPseqR.Rcheck |
| Warnings: 1 |
##############################################################################
##############################################################################
###
### Running command:
###
### C:\Users\biocbuild\bbs-3.7-bioc\R\bin\R.exe CMD check --force-multiarch --install=check:ChIPseqR.install-out.txt --library=C:\Users\biocbuild\bbs-3.7-bioc\R\library --no-vignettes --timings ChIPseqR_1.34.0.tar.gz
###
##############################################################################
##############################################################################
* using log directory 'C:/Users/biocbuild/bbs-3.7-bioc/meat/ChIPseqR.Rcheck'
* using R version 3.5.1 Patched (2018-07-24 r75005)
* using platform: x86_64-w64-mingw32 (64-bit)
* using session charset: ISO8859-1
* using option '--no-vignettes'
* checking for file 'ChIPseqR/DESCRIPTION' ... OK
* checking extension type ... Package
* this is package 'ChIPseqR' version '1.34.0'
* checking package namespace information ... OK
* checking package dependencies ... OK
* checking if this is a source package ... OK
* checking if there is a namespace ... OK
* checking for hidden files and directories ... OK
* checking for portable file names ... OK
* checking whether package 'ChIPseqR' can be installed ... WARNING
Found the following significant warnings:
Rd warning: C:/Users/biocbuild/bbs-3.7-bioc/tmpdir/Rtmp6LDq8o/R.INSTALLfe414fae6a/ChIPseqR/man/strandPileup.Rd:29: file link 'coverage' in package 'IRanges' does not exist and so has been treated as a topic
Rd warning: C:/Users/biocbuild/bbs-3.7-bioc/tmpdir/Rtmp6LDq8o/R.INSTALLfe414fae6a/ChIPseqR/man/strandPileup.Rd:46: file link 'coverage' in package 'IRanges' does not exist and so has been treated as a topic
Warning: replacing previous import 'BiocGenerics::image' by 'graphics::image' when loading 'ChIPseqR'
Warning: replacing previous import 'S4Vectors::head' by 'utils::head' when loading 'ChIPseqR'
Warning: replacing previous import 'S4Vectors::tail' by 'utils::tail' when loading 'ChIPseqR'
See 'C:/Users/biocbuild/bbs-3.7-bioc/meat/ChIPseqR.Rcheck/00install.out' for details.
* checking installed package size ... OK
* checking package directory ... OK
* checking 'build' directory ... OK
* checking DESCRIPTION meta-information ... OK
* checking top-level files ... OK
* checking for left-over files ... OK
* checking index information ... OK
* checking package subdirectories ... OK
* checking R files for non-ASCII characters ... OK
* checking R files for syntax errors ... OK
* loading checks for arch 'i386'
** checking whether the package can be loaded ... OK
** checking whether the package can be loaded with stated dependencies ... OK
** checking whether the package can be unloaded cleanly ... OK
** checking whether the namespace can be loaded with stated dependencies ... OK
** checking whether the namespace can be unloaded cleanly ... OK
* loading checks for arch 'x64'
** checking whether the package can be loaded ... OK
** checking whether the package can be loaded with stated dependencies ... OK
** checking whether the package can be unloaded cleanly ... OK
** checking whether the namespace can be loaded with stated dependencies ... OK
** checking whether the namespace can be unloaded cleanly ... OK
* checking dependencies in R code ... OK
* checking S3 generic/method consistency ... OK
* checking replacement functions ... OK
* checking foreign function calls ... OK
* checking R code for possible problems ... OK
* checking Rd files ... OK
* checking Rd metadata ... OK
* checking Rd cross-references ... OK
* checking for missing documentation entries ... OK
* checking for code/documentation mismatches ... OK
* checking Rd \usage sections ... OK
* checking Rd contents ... OK
* checking for unstated dependencies in examples ... OK
* checking line endings in C/C++/Fortran sources/headers ... OK
* checking compiled code ... NOTE
Note: information on .o files for i386 is not available
Note: information on .o files for x64 is not available
File 'C:/Users/biocbuild/bbs-3.7-bioc/R/library/ChIPseqR/libs/i386/ChIPseqR.dll':
Found 'abort', possibly from 'abort' (C), 'runtime' (Fortran)
Compiled code should not call entry points which might terminate R nor
write to stdout/stderr instead of to the console, nor use Fortran I/O
nor system RNGs. The detected symbols are linked into the code but
might come from libraries and not actually be called.
See 'Writing portable packages' in the 'Writing R Extensions' manual.
* checking files in 'vignettes' ... OK
* checking examples ...
** running examples for arch 'i386' ... OK
Examples with CPU or elapsed time > 5s
user system elapsed
alignFeature 13.60 5.70 19.30
callBindingSites 15.47 0.33 15.80
BindScore 14.06 0.73 14.80
simpleNucCall 14.03 0.28 14.32
RLEBindScore-class 11.19 0.16 11.34
** running examples for arch 'x64' ... OK
Examples with CPU or elapsed time > 5s
user system elapsed
BindScore 15.44 0.52 15.96
alignFeature 10.50 5.14 15.64
RLEBindScore-class 13.64 0.33 13.97
callBindingSites 10.96 0.17 11.14
simpleNucCall 10.28 0.25 10.53
* checking for unstated dependencies in vignettes ... OK
* checking package vignettes in 'inst/doc' ... OK
* checking running R code from vignettes ... SKIPPED
* checking re-building of vignette outputs ... SKIPPED
* checking PDF version of manual ... OK
* DONE
Status: 1 WARNING, 1 NOTE
See
'C:/Users/biocbuild/bbs-3.7-bioc/meat/ChIPseqR.Rcheck/00check.log'
for details.
ChIPseqR.Rcheck/00install.out
##############################################################################
##############################################################################
###
### Running command:
###
### C:\cygwin\bin\curl.exe -O https://malbec2.bioconductor.org/BBS/3.7/bioc/src/contrib/ChIPseqR_1.34.0.tar.gz && rm -rf ChIPseqR.buildbin-libdir && mkdir ChIPseqR.buildbin-libdir && C:\Users\biocbuild\bbs-3.7-bioc\R\bin\R.exe CMD INSTALL --merge-multiarch --build --library=ChIPseqR.buildbin-libdir ChIPseqR_1.34.0.tar.gz && C:\Users\biocbuild\bbs-3.7-bioc\R\bin\R.exe CMD INSTALL ChIPseqR_1.34.0.zip && rm ChIPseqR_1.34.0.tar.gz ChIPseqR_1.34.0.zip
###
##############################################################################
##############################################################################
% Total % Received % Xferd Average Speed Time Time Time Current
Dload Upload Total Spent Left Speed
0 0 0 0 0 0 0 0 --:--:-- --:--:-- --:--:-- 0
100 42420 100 42420 0 0 697k 0 --:--:-- --:--:-- --:--:-- 781k
install for i386
* installing *source* package 'ChIPseqR' ...
** libs
C:/Rtools/mingw_32/bin/gcc -I"C:/Users/BIOCBU˜1/BBS-3˜1.7-B/R/include" -DNDEBUG -I"C:/extsoft/include" -O3 -Wall -std=gnu99 -mtune=generic -c startScore.c -o startScore.o
startScore.c: In function '_ratioStat_pois':
startScore.c:66:15: warning: unused variable 'tmp_stat' [-Wunused-variable]
double stat, tmp_stat;
^
C:/Rtools/mingw_32/bin/gcc -shared -s -static-libgcc -o ChIPseqR.dll tmp.def startScore.o -LC:/extsoft/lib/i386 -LC:/extsoft/lib -LC:/Users/BIOCBU˜1/BBS-3˜1.7-B/R/bin/i386 -lR
installing to C:/Users/biocbuild/bbs-3.7-bioc/meat/ChIPseqR.buildbin-libdir/ChIPseqR/libs/i386
** R
** inst
** byte-compile and prepare package for lazy loading
Warning: replacing previous import 'BiocGenerics::image' by 'graphics::image' when loading 'ChIPseqR'
Warning: replacing previous import 'S4Vectors::head' by 'utils::head' when loading 'ChIPseqR'
Warning: replacing previous import 'S4Vectors::tail' by 'utils::tail' when loading 'ChIPseqR'
** help
*** installing help indices
converting help for package 'ChIPseqR'
finding HTML links ... done
BindScore html
ChIPseqR-package html
RLEBindScore-class html
finding level-2 HTML links ... done
RLEReadCounts-class html
ReadCounts html
accessors html
alignFeature html
callBindingSites html
compress-BindScore html
compress-ReadCounts html
compress-methods html
decompress-methods html
decompress html
exportBindSequence html
getBindCor html
getBindLen html
getCutoff html
internal html
pickPeak html
plot-BindScore html
plot-ReadCounts html
plotReads html
plotWindow html
pos2gff html
simpleNucCall html
startScore html
strandPileup html
Rd warning: C:/Users/biocbuild/bbs-3.7-bioc/tmpdir/Rtmp6LDq8o/R.INSTALLfe414fae6a/ChIPseqR/man/strandPileup.Rd:29: file link 'coverage' in package 'IRanges' does not exist and so has been treated as a topic
Rd warning: C:/Users/biocbuild/bbs-3.7-bioc/tmpdir/Rtmp6LDq8o/R.INSTALLfe414fae6a/ChIPseqR/man/strandPileup.Rd:46: file link 'coverage' in package 'IRanges' does not exist and so has been treated as a topic
windowCounts html
** building package indices
** installing vignettes
** testing if installed package can be loaded
Warning: replacing previous import 'BiocGenerics::image' by 'graphics::image' when loading 'ChIPseqR'
Warning: replacing previous import 'S4Vectors::head' by 'utils::head' when loading 'ChIPseqR'
Warning: replacing previous import 'S4Vectors::tail' by 'utils::tail' when loading 'ChIPseqR'
In R CMD INSTALL
install for x64
* installing *source* package 'ChIPseqR' ...
** libs
C:/Rtools/mingw_64/bin/gcc -I"C:/Users/BIOCBU˜1/BBS-3˜1.7-B/R/include" -DNDEBUG -I"C:/extsoft/include" -O2 -Wall -std=gnu99 -mtune=generic -c startScore.c -o startScore.o
startScore.c: In function '_ratioStat_pois':
startScore.c:66:15: warning: unused variable 'tmp_stat' [-Wunused-variable]
double stat, tmp_stat;
^
C:/Rtools/mingw_64/bin/gcc -shared -s -static-libgcc -o ChIPseqR.dll tmp.def startScore.o -LC:/extsoft/lib/x64 -LC:/extsoft/lib -LC:/Users/BIOCBU˜1/BBS-3˜1.7-B/R/bin/x64 -lR
installing to C:/Users/biocbuild/bbs-3.7-bioc/meat/ChIPseqR.buildbin-libdir/ChIPseqR/libs/x64
** testing if installed package can be loaded
Warning: replacing previous import 'BiocGenerics::image' by 'graphics::image' when loading 'ChIPseqR'
Warning: replacing previous import 'S4Vectors::head' by 'utils::head' when loading 'ChIPseqR'
Warning: replacing previous import 'S4Vectors::tail' by 'utils::tail' when loading 'ChIPseqR'
* MD5 sums
packaged installation of 'ChIPseqR' as ChIPseqR_1.34.0.zip
* DONE (ChIPseqR)
In R CMD INSTALL
In R CMD INSTALL
* installing to library 'C:/Users/biocbuild/bbs-3.7-bioc/R/library'
package 'ChIPseqR' successfully unpacked and MD5 sums checked
In R CMD INSTALL
|
ChIPseqR.Rcheck/examples_i386/ChIPseqR-Ex.timings
|
ChIPseqR.Rcheck/examples_x64/ChIPseqR-Ex.timings
|