| Back to Multiple platform build/check report for BioC 3.6 |
|
This page was generated on 2018-04-12 13:31:03 -0400 (Thu, 12 Apr 2018).
| Package 16/1472 | Hostname | OS / Arch | INSTALL | BUILD | CHECK | BUILD BIN | ||||||
| affy 1.56.0 Rafael A. Irizarry
| malbec1 | Linux (Ubuntu 16.04.1 LTS) / x86_64 | OK | OK | WARNINGS | |||||||
| tokay1 | Windows Server 2012 R2 Standard / x64 | OK | OK | WARNINGS | OK | |||||||
| veracruz1 | OS X 10.11.6 El Capitan / x86_64 | OK | OK | [ WARNINGS ] | OK |
| Package: affy |
| Version: 1.56.0 |
| Command: /Library/Frameworks/R.framework/Versions/Current/Resources/bin/R CMD check --no-vignettes --timings affy_1.56.0.tar.gz |
| StartedAt: 2018-04-12 00:09:58 -0400 (Thu, 12 Apr 2018) |
| EndedAt: 2018-04-12 00:12:48 -0400 (Thu, 12 Apr 2018) |
| EllapsedTime: 169.8 seconds |
| RetCode: 0 |
| Status: WARNINGS |
| CheckDir: affy.Rcheck |
| Warnings: 1 |
##############################################################################
##############################################################################
###
### Running command:
###
### /Library/Frameworks/R.framework/Versions/Current/Resources/bin/R CMD check --no-vignettes --timings affy_1.56.0.tar.gz
###
##############################################################################
##############################################################################
* using log directory ‘/Users/biocbuild/bbs-3.6-bioc/meat/affy.Rcheck’
* using R version 3.4.4 (2018-03-15)
* using platform: x86_64-apple-darwin15.6.0 (64-bit)
* using session charset: UTF-8
* using option ‘--no-vignettes’
* checking for file ‘affy/DESCRIPTION’ ... OK
* this is package ‘affy’ version ‘1.56.0’
* checking package namespace information ... OK
* checking package dependencies ... OK
* checking if this is a source package ... OK
* checking if there is a namespace ... OK
* checking for hidden files and directories ... OK
* checking for portable file names ... OK
* checking for sufficient/correct file permissions ... OK
* checking whether package ‘affy’ can be installed ... OK
* checking installed package size ... OK
* checking package directory ... OK
* checking ‘build’ directory ... OK
* checking DESCRIPTION meta-information ... OK
* checking top-level files ... OK
* checking for left-over files ... OK
* checking index information ... OK
* checking package subdirectories ... OK
* checking R files for non-ASCII characters ... OK
* checking R files for syntax errors ... OK
* checking whether the package can be loaded ... OK
* checking whether the package can be loaded with stated dependencies ... OK
* checking whether the package can be unloaded cleanly ... OK
* checking whether the namespace can be loaded with stated dependencies ... OK
* checking whether the namespace can be unloaded cleanly ... OK
* checking dependencies in R code ... NOTE
'library' or 'require' call to ‘tkWidgets’ in package code.
Please use :: or requireNamespace() instead.
See section 'Suggested packages' in the 'Writing R Extensions' manual.
Unexported objects imported by ':::' calls:
‘stats:::C_loess_raw’ ‘stats:::C_lowesp’ ‘stats:::C_lowesw’
See the note in ?`:::` about the use of this operator.
There are ::: calls to the package's namespace in its code. A package
almost never needs to use ::: for its own objects:
‘bg.correct’
* checking S3 generic/method consistency ... OK
* checking replacement functions ... OK
* checking foreign function calls ... WARNING
Foreign function calls to a base package:
.C(stats:::C_loess_raw, ...)
.Fortran(stats:::C_lowesp, ...)
.Fortran(stats:::C_lowesw, ...)
Packages should not make .C/.Call/.External/.Fortran calls to a base
package. They are not part of the API, for use only by R itself and
subject to change without notice.
* checking R code for possible problems ... NOTE
AllButCelsForReadAffy: no visible global function definition for
‘fileBrowser’
AllButCelsForReadAffy: no visible global function definition for
‘hasSuffix’
expressoWidget: no visible global function definition for ‘tclVar’
expressoWidget : quit: no visible global function definition for
‘tkdestroy’
expressoWidget : end: no visible global function definition for
‘tclvalue’
expressoWidget: no visible global function definition for ‘tktoplevel’
expressoWidget: no visible global function definition for ‘tkdestroy’
expressoWidget: no visible global function definition for ‘tktitle<-’
expressoWidget: no visible global function definition for ‘tkpack’
expressoWidget: no visible global function definition for ‘tklabel’
expressoWidget: no visible global function definition for ‘tkframe’
expressoWidget: no visible global function definition for
‘dropdownList’
expressoWidget: no visible global function definition for ‘tclvalue’
expressoWidget: no visible global function definition for ‘tkgrid’
expressoWidget: no visible global function definition for
‘tkgrid.configure’
expressoWidget: no visible global function definition for ‘tkbutton’
expressoWidget: no visible global function definition for
‘tkwait.window’
Undefined global functions or variables:
dropdownList fileBrowser hasSuffix tclVar tclvalue tkbutton tkdestroy
tkframe tkgrid tkgrid.configure tklabel tkpack tktitle<- tktoplevel
tkwait.window
* checking Rd files ... OK
* checking Rd metadata ... OK
* checking Rd cross-references ... OK
* checking for missing documentation entries ... OK
* checking for code/documentation mismatches ... OK
* checking Rd \usage sections ... OK
* checking Rd contents ... OK
* checking for unstated dependencies in examples ... OK
* checking contents of ‘data’ directory ... OK
* checking data for non-ASCII characters ... OK
* checking data for ASCII and uncompressed saves ... OK
* checking line endings in shell scripts ... OK
* checking line endings in C/C++/Fortran sources/headers ... OK
* checking line endings in Makefiles ... OK
* checking compilation flags in Makevars ... OK
* checking for GNU extensions in Makefiles ... OK
* checking for portable use of $(BLAS_LIBS) and $(LAPACK_LIBS) ... OK
* checking compiled code ... OK
* checking sizes of PDF files under ‘inst/doc’ ... OK
* checking installed files from ‘inst/doc’ ... OK
* checking files in ‘vignettes’ ... OK
* checking examples ... OK
Examples with CPU or elapsed time > 5s
user system elapsed
mas5 30.313 0.222 39.784
expresso 12.144 0.105 13.284
MAplot 10.288 0.425 10.873
ProgressBarText-class 0.604 0.038 16.260
* checking for unstated dependencies in vignettes ... OK
* checking package vignettes in ‘inst/doc’ ... OK
* checking running R code from vignettes ... SKIPPED
* checking re-building of vignette outputs ... SKIPPED
* checking PDF version of manual ... OK
* DONE
Status: 1 WARNING, 2 NOTEs
See
‘/Users/biocbuild/bbs-3.6-bioc/meat/affy.Rcheck/00check.log’
for details.
affy.Rcheck/00install.out
* installing *source* package ‘affy’ ... creating cache ./config.cache checking how to run the C preprocessor... cc -E checking for main in -lz... yes checking for zlib.h... yes checking if zlib version >= 1.1.3... yes updating cache ./config.cache creating ./config.status creating src/Makevars ** libs clang -I/Library/Frameworks/R.framework/Resources/include -DNDEBUG -DHAVE_ZLIB=1 -I"/Library/Frameworks/R.framework/Versions/3.4/Resources/library/preprocessCore/include" -I/usr/local/include -fPIC -Wall -g -O2 -c chipbackground.c -o chipbackground.o clang -I/Library/Frameworks/R.framework/Resources/include -DNDEBUG -DHAVE_ZLIB=1 -I"/Library/Frameworks/R.framework/Versions/3.4/Resources/library/preprocessCore/include" -I/usr/local/include -fPIC -Wall -g -O2 -c getall_locations.c -o getall_locations.o clang -I/Library/Frameworks/R.framework/Resources/include -DNDEBUG -DHAVE_ZLIB=1 -I"/Library/Frameworks/R.framework/Versions/3.4/Resources/library/preprocessCore/include" -I/usr/local/include -fPIC -Wall -g -O2 -c mas5calls.c -o mas5calls.o clang -I/Library/Frameworks/R.framework/Resources/include -DNDEBUG -DHAVE_ZLIB=1 -I"/Library/Frameworks/R.framework/Versions/3.4/Resources/library/preprocessCore/include" -I/usr/local/include -fPIC -Wall -g -O2 -c rma2.c -o rma2.o clang -I/Library/Frameworks/R.framework/Resources/include -DNDEBUG -DHAVE_ZLIB=1 -I"/Library/Frameworks/R.framework/Versions/3.4/Resources/library/preprocessCore/include" -I/usr/local/include -fPIC -Wall -g -O2 -c rma_common.c -o rma_common.o clang++ -dynamiclib -Wl,-headerpad_max_install_names -undefined dynamic_lookup -single_module -multiply_defined suppress -L/Library/Frameworks/R.framework/Resources/lib -L/usr/local/lib -o affy.so chipbackground.o getall_locations.o mas5calls.o rma2.o rma_common.o -lz -F/Library/Frameworks/R.framework/.. -framework R -Wl,-framework -Wl,CoreFoundation installing to /Users/biocbuild/bbs-3.6-bioc/meat/affy.Rcheck/affy/libs ** R ** data ** demo ** inst ** preparing package for lazy loading ** help *** installing help indices ** building package indices ** installing vignettes ** testing if installed package can be loaded * DONE (affy)
affy.Rcheck/affy-Ex.timings
| name | user | system | elapsed | |
| AffyBatch-class | 2.816 | 0.094 | 2.942 | |
| AffyRNAdeg | 1.471 | 0.052 | 1.528 | |
| MAplot | 10.288 | 0.425 | 10.873 | |
| ProbeSet-class | 0.279 | 0.013 | 0.295 | |
| ProgressBarText-class | 0.604 | 0.038 | 16.260 | |
| affy-options | 0.001 | 0.000 | 0.001 | |
| barplot.ProbeSet | 0.405 | 0.023 | 0.435 | |
| bgc | 1.620 | 0.080 | 1.733 | |
| cleancdfname | 0.007 | 0.001 | 0.008 | |
| expresso | 12.144 | 0.105 | 13.284 | |
| expressoWidget | 0.001 | 0.000 | 0.001 | |
| fit.li.wong | 0.218 | 0.014 | 0.238 | |
| generateExprSet-methods | 0.536 | 0.006 | 0.571 | |
| generateExprVal-methods | 0.652 | 0.009 | 0.671 | |
| generateExprVal.method.avgdiff | 0.253 | 0.017 | 0.292 | |
| list.celfiles | 0.001 | 0.000 | 0.001 | |
| maffy.subset | 0.017 | 0.001 | 0.037 | |
| mas5 | 30.313 | 0.222 | 39.784 | |
| mas5calls | 1.229 | 0.064 | 1.315 | |
| mva.pairs | 0.082 | 0.003 | 0.090 | |
| normalize-methods | 0.278 | 0.014 | 0.300 | |
| normalize.loess | 0.015 | 0.001 | 0.015 | |
| plot.ProbeSet | 0.012 | 0.001 | 0.014 | |
| plot.density | 0.696 | 0.057 | 0.764 | |
| plotLocation | 1.180 | 0.062 | 1.254 | |
| pmcorrect | 0.311 | 0.013 | 0.331 | |
| ppsetApply | 0.002 | 0.000 | 0.003 | |
| read.affybatch | 1.892 | 0.076 | 2.003 | |
| rma | 1.338 | 0.024 | 1.384 | |
| setAffyOptions | 0.021 | 0.000 | 0.021 | |
| xy2indices | 1.733 | 0.117 | 1.892 | |