| Back to Multiple platform build/check report for BioC 3.6 |
|
This page was generated on 2018-04-12 13:19:53 -0400 (Thu, 12 Apr 2018).
| Package 530/1472 | Hostname | OS / Arch | INSTALL | BUILD | CHECK | BUILD BIN | ||||||
| GeneAnswers 2.20.0 Lei Huang
| malbec1 | Linux (Ubuntu 16.04.1 LTS) / x86_64 | OK | OK | WARNINGS | |||||||
| tokay1 | Windows Server 2012 R2 Standard / x64 | OK | OK | [ WARNINGS ] | OK | |||||||
| veracruz1 | OS X 10.11.6 El Capitan / x86_64 | OK | OK | WARNINGS | OK |
| Package: GeneAnswers |
| Version: 2.20.0 |
| Command: rm -rf GeneAnswers.buildbin-libdir GeneAnswers.Rcheck && mkdir GeneAnswers.buildbin-libdir GeneAnswers.Rcheck && C:\Users\biocbuild\bbs-3.6-bioc\R\bin\R.exe CMD INSTALL --build --merge-multiarch --library=GeneAnswers.buildbin-libdir GeneAnswers_2.20.0.tar.gz >GeneAnswers.Rcheck\00install.out 2>&1 && cp GeneAnswers.Rcheck\00install.out GeneAnswers-install.out && C:\Users\biocbuild\bbs-3.6-bioc\R\bin\R.exe CMD check --library=GeneAnswers.buildbin-libdir --install="check:GeneAnswers-install.out" --force-multiarch --no-vignettes --timings GeneAnswers_2.20.0.tar.gz |
| StartedAt: 2018-04-12 00:11:12 -0400 (Thu, 12 Apr 2018) |
| EndedAt: 2018-04-12 00:28:45 -0400 (Thu, 12 Apr 2018) |
| EllapsedTime: 1053.1 seconds |
| RetCode: 0 |
| Status: WARNINGS |
| CheckDir: GeneAnswers.Rcheck |
| Warnings: 1 |
##############################################################################
##############################################################################
###
### Running command:
###
### rm -rf GeneAnswers.buildbin-libdir GeneAnswers.Rcheck && mkdir GeneAnswers.buildbin-libdir GeneAnswers.Rcheck && C:\Users\biocbuild\bbs-3.6-bioc\R\bin\R.exe CMD INSTALL --build --merge-multiarch --library=GeneAnswers.buildbin-libdir GeneAnswers_2.20.0.tar.gz >GeneAnswers.Rcheck\00install.out 2>&1 && cp GeneAnswers.Rcheck\00install.out GeneAnswers-install.out && C:\Users\biocbuild\bbs-3.6-bioc\R\bin\R.exe CMD check --library=GeneAnswers.buildbin-libdir --install="check:GeneAnswers-install.out" --force-multiarch --no-vignettes --timings GeneAnswers_2.20.0.tar.gz
###
##############################################################################
##############################################################################
* using log directory 'C:/Users/biocbuild/bbs-3.6-bioc/meat/GeneAnswers.Rcheck'
* using R version 3.4.4 (2018-03-15)
* using platform: x86_64-w64-mingw32 (64-bit)
* using session charset: ISO8859-1
* using option '--no-vignettes'
* checking for file 'GeneAnswers/DESCRIPTION' ... OK
* checking extension type ... Package
* this is package 'GeneAnswers' version '2.20.0'
* checking package namespace information ... OK
* checking package dependencies ... NOTE
Depends: includes the non-default packages:
'igraph' 'RCurl' 'annotate' 'Biobase' 'XML' 'RSQLite' 'MASS'
'Heatplus' 'RColorBrewer'
Adding so many packages to the search path is excessive and importing
selectively is preferable.
* checking if this is a source package ... OK
* checking if there is a namespace ... OK
* checking for hidden files and directories ... OK
* checking for portable file names ... OK
* checking whether package 'GeneAnswers' can be installed ... WARNING
Found the following significant warnings:
Warning: replacing previous import 'stats::spectrum' by 'igraph::spectrum' when loading 'GeneAnswers'
Warning: replacing previous import 'stats::decompose' by 'igraph::decompose' when loading 'GeneAnswers'
See 'C:/Users/biocbuild/bbs-3.6-bioc/meat/GeneAnswers.Rcheck/00install.out' for details.
* checking installed package size ... NOTE
installed size is 35.8Mb
sub-directories of 1Mb or more:
External 32.4Mb
data 1.0Mb
doc 1.6Mb
* checking package directory ... OK
* checking 'build' directory ... OK
* checking DESCRIPTION meta-information ... NOTE
Package listed in more than one of Depends, Imports, Suggests, Enhances:
'annotate'
A package should be listed in only one of these fields.
* checking top-level files ... OK
* checking for left-over files ... OK
* checking index information ... OK
* checking package subdirectories ... OK
* checking R files for non-ASCII characters ... OK
* checking R files for syntax errors ... OK
* loading checks for arch 'i386'
** checking whether the package can be loaded ... OK
** checking whether the package can be loaded with stated dependencies ... OK
** checking whether the package can be unloaded cleanly ... OK
** checking whether the namespace can be loaded with stated dependencies ... OK
** checking whether the namespace can be unloaded cleanly ... OK
* loading checks for arch 'x64'
** checking whether the package can be loaded ... OK
** checking whether the package can be loaded with stated dependencies ... OK
** checking whether the package can be unloaded cleanly ... OK
** checking whether the namespace can be loaded with stated dependencies ... OK
** checking whether the namespace can be unloaded cleanly ... OK
* checking dependencies in R code ... NOTE
'library' or 'require' calls to packages already attached by Depends:
'Biobase' 'Heatplus' 'MASS' 'RColorBrewer' 'XML' 'igraph'
Please remove these calls from your code.
'library' or 'require' calls in package code:
'GO.db' 'KEGG.db' 'biomaRt' 'reactome.db'
Please use :: or requireNamespace() instead.
See section 'Suggested packages' in the 'Writing R Extensions' manual.
* checking S3 generic/method consistency ... OK
* checking replacement functions ... OK
* checking foreign function calls ... OK
* checking R code for possible problems ... NOTE
File 'GeneAnswers/R/zzz.R':
.onLoad calls:
require(Biobase)
Package startup functions should not change the search path.
See section 'Good practice' in '?.onAttach'.
.defaultHeatmapColors: no visible global function definition for 'rgb'
.drawHTMLtable: no visible global function definition for
'colorRampPalette'
.heatmap.mds: no visible global function definition for
'colorRampPalette'
buildNet: no visible global function definition for 'colorRampPalette'
chartPlots: no visible global function definition for 'x11'
chartPlots: no visible global function definition for 'rainbow'
drawTable: no visible global function definition for 'colorRampPalette'
drawTable: no visible global function definition for 'x11'
drawTable: no visible global function definition for 'dev.set'
drawTable: no visible global function definition for 'dev.prev'
geneAnnotationHeatmap: no visible global function definition for
'colorRampPalette'
geneConceptNet: no visible global function definition for
'colorRampPalette'
getHomoGeneIDs: no visible global function definition for 'useMart'
getHomoGeneIDs: no visible global function definition for 'getLDS'
getTotalGeneNumber: no visible global function definition for
'count.mappedkeys'
getTotalGeneNumber: no visible global function definition for 'toTable'
getTotalGeneNumber: no visible binding for global variable
'reactomePATHNAME2ID'
groupReport: no visible global function definition for 'png'
groupReport: no visible global function definition for 'dev.off'
groupReport: no visible global function definition for 'rgb'
groupReport: no visible global function definition for 'col2rgb'
Undefined global functions or variables:
col2rgb colorRampPalette count.mappedkeys dev.off dev.prev dev.set
getLDS png rainbow reactomePATHNAME2ID rgb toTable useMart x11
Consider adding
importFrom("grDevices", "col2rgb", "colorRampPalette", "dev.off",
"dev.prev", "dev.set", "png", "rainbow", "rgb", "x11")
to your NAMESPACE file.
* checking Rd files ... OK
* checking Rd metadata ... OK
* checking Rd cross-references ... OK
* checking for missing documentation entries ... OK
* checking for code/documentation mismatches ... OK
* checking Rd \usage sections ... OK
* checking Rd contents ... OK
* checking for unstated dependencies in examples ... OK
* checking contents of 'data' directory ... OK
* checking data for non-ASCII characters ... OK
* checking data for ASCII and uncompressed saves ... OK
* checking installed files from 'inst/doc' ... OK
* checking files in 'vignettes' ... OK
* checking examples ...
** running examples for arch 'i386' ... OK
Examples with CPU or elapsed time > 5s
user system elapsed
geneAnswersReadable 45.53 0.45 45.99
getMultiLayerGraphIDs 31.02 0.28 31.30
GeneAnswers-class 27.73 1.22 38.78
geneAnswersHeatmap 25.52 0.20 25.72
getConnectedGraph 25.49 0.23 25.72
GeneAnswers-package 25.31 0.39 25.70
geneAnswersSort 24.52 0.19 24.70
geneAnswersChartPlots 24.42 0.13 24.54
geneAnswersBuilder 23.83 0.12 23.96
geneAnswersConceptNet 23.63 0.10 23.74
buildNet 23.58 0.14 23.72
geneAnswersHomoMapping 23.12 0.14 23.26
geneAnswersConcepts 21.26 0.14 21.40
geneAnswersConceptRelation 20.05 0.15 20.24
getGOList 15.23 0.56 77.49
** running examples for arch 'x64' ... OK
Examples with CPU or elapsed time > 5s
user system elapsed
geneAnswersReadable 63.75 0.79 64.55
geneAnswersConceptNet 33.02 0.47 33.66
geneAnswersConceptRelation 32.61 0.39 33.00
geneAnswersBuilder 29.84 0.48 30.42
GeneAnswers-class 28.98 1.02 30.00
getMultiLayerGraphIDs 29.08 0.60 29.68
geneAnswersChartPlots 29.20 0.39 29.89
geneAnswersHeatmap 25.33 0.28 25.61
geneAnswersSort 23.70 0.49 24.18
geneAnswersHomoMapping 23.16 0.24 23.39
buildNet 23.07 0.25 23.33
GeneAnswers-package 22.49 0.47 22.95
geneAnswersConcepts 22.56 0.19 22.75
getConnectedGraph 21.00 0.47 21.47
getGOList 12.10 0.34 12.45
* checking for unstated dependencies in vignettes ... OK
* checking package vignettes in 'inst/doc' ... OK
* checking running R code from vignettes ... SKIPPED
* checking re-building of vignette outputs ... SKIPPED
* checking PDF version of manual ... OK
* DONE
Status: 1 WARNING, 5 NOTEs
See
'C:/Users/biocbuild/bbs-3.6-bioc/meat/GeneAnswers.Rcheck/00check.log'
for details.
GeneAnswers.Rcheck/00install.out
install for i386
* installing *source* package 'GeneAnswers' ...
** R
** data
** inst
** preparing package for lazy loading
Warning: replacing previous import 'stats::spectrum' by 'igraph::spectrum' when loading 'GeneAnswers'
Warning: replacing previous import 'stats::decompose' by 'igraph::decompose' when loading 'GeneAnswers'
** help
*** installing help indices
converting help for package 'GeneAnswers'
finding HTML links ... done
DO html
DOLite html
DOLiteTerm html
DmIALite html
GeneAnswers-class html
GeneAnswers-package html
HsIALite html
MmIALite html
RnIALite html
buildNet html
caBIO.PATHGenes html
caBIO2entrez html
categoryNet html
chartPlots html
drawTable html
entrez2caBIO html
geneAnnotationHeatmap html
geneAnswersBuilder html
geneAnswersChartPlots html
geneAnswersConceptNet html
geneAnswersConceptRelation html
geneAnswersConcepts html
geneAnswersHeatmap html
geneAnswersHomoMapping html
geneAnswersReadable html
geneAnswersSort html
geneConceptNet html
getCategoryList html
getCategoryTerms html
getConceptTable html
getConnectedGraph html
getDOLiteTerms html
getGOList html
getHomoGeneIDs html
getListGIF html
getMultiLayerGraphIDs html
getNextGOIDs html
getPATHList html
getPATHTerms html
getREACTOMEPATHList html
getREACTOMEPATHTerms html
getSingleLayerGraphIDs html
getSymbols html
getTotalGeneNumber html
getcaBIOPATHList html
getcaBIOPATHTerms html
groupReport html
humanExpr html
humanGeneInput html
mouseExpr html
mouseGeneInput html
sampleGroupsData html
searchEntrez html
topCategory html
topCategoryGenes html
topDOLITE html
topDOLITEGenes html
topGO html
topGOGenes html
topPATH html
topPATHGenes html
topREACTOME.PATH html
topREACTOME.PATHGenes html
topcaBIO.PATH html
** building package indices
** installing vignettes
** testing if installed package can be loaded
Warning: replacing previous import 'stats::spectrum' by 'igraph::spectrum' when loading 'GeneAnswers'
Warning: replacing previous import 'stats::decompose' by 'igraph::decompose' when loading 'GeneAnswers'
In R CMD INSTALL
install for x64
* installing *source* package 'GeneAnswers' ...
** testing if installed package can be loaded
Warning: replacing previous import 'stats::decompose' by 'igraph::decompose' when loading 'GeneAnswers'
Warning: replacing previous import 'stats::spectrum' by 'igraph::spectrum' when loading 'GeneAnswers'
* MD5 sums
packaged installation of 'GeneAnswers' as GeneAnswers_2.20.0.zip
* DONE (GeneAnswers)
In R CMD INSTALL
In R CMD INSTALL
|
GeneAnswers.Rcheck/examples_i386/GeneAnswers-Ex.timings
|
GeneAnswers.Rcheck/examples_x64/GeneAnswers-Ex.timings
|