Back to Multiple platform build/check report for BioC 3.22:   simplified   long
ABCDEFGHIJKLMNOPQRSTUVWXY[Z]

This page was generated on 2025-10-20 12:07 -0400 (Mon, 20 Oct 2025).

HostnameOSArch (*)R versionInstalled pkgs
nebbiolo2Linux (Ubuntu 24.04.3 LTS)x86_644.5.1 Patched (2025-08-23 r88802) -- "Great Square Root" 4887
lconwaymacOS 12.7.6 Montereyx86_644.5.1 Patched (2025-09-10 r88807) -- "Great Square Root" 4677
kjohnson3macOS 13.7.7 Venturaarm644.5.1 Patched (2025-09-10 r88807) -- "Great Square Root" 4622
taishanLinux (openEuler 24.03 LTS)aarch644.5.0 (2025-04-11) -- "How About a Twenty-Six" 4632
Click on any hostname to see more info about the system (e.g. compilers)      (*) as reported by 'uname -p', except on Windows and Mac OS X

Package 2352/2353HostnameOS / ArchINSTALLBUILDCHECKBUILD BIN
zitools 1.3.0  (landing page)
Carlotta Meyring
Snapshot Date: 2025-10-19 13:45 -0400 (Sun, 19 Oct 2025)
git_url: https://git.bioconductor.org/packages/zitools
git_branch: devel
git_last_commit: 9d83d53
git_last_commit_date: 2025-04-15 13:36:49 -0400 (Tue, 15 Apr 2025)
nebbiolo2Linux (Ubuntu 24.04.3 LTS) / x86_64  OK    OK    WARNINGS  UNNEEDED, same version is already published
lconwaymacOS 12.7.6 Monterey / x86_64  OK    OK    WARNINGS    OK  UNNEEDED, same version is already published
kjohnson3macOS 13.7.7 Ventura / arm64  OK    OK    WARNINGS    OK  UNNEEDED, same version is already published
taishanLinux (openEuler 24.03 LTS) / aarch64  OK    OK    WARNINGS  


CHECK results for zitools on kjohnson3

To the developers/maintainers of the zitools package:
- Allow up to 24 hours (and sometimes 48 hours) for your latest push to git@git.bioconductor.org:packages/zitools.git to reflect on this report. See Troubleshooting Build Report for more information.
- Use the following Renviron settings to reproduce errors and warnings.
- If 'R CMD check' started to fail recently on the Linux builder(s) over a missing dependency, add the missing dependency to 'Suggests:' in your DESCRIPTION file. See Renviron.bioc for more information.

raw results


Summary

Package: zitools
Version: 1.3.0
Command: /Library/Frameworks/R.framework/Resources/bin/R CMD check --install=check:zitools.install-out.txt --library=/Library/Frameworks/R.framework/Resources/library --no-vignettes --timings zitools_1.3.0.tar.gz
StartedAt: 2025-10-19 22:43:34 -0400 (Sun, 19 Oct 2025)
EndedAt: 2025-10-19 22:45:51 -0400 (Sun, 19 Oct 2025)
EllapsedTime: 136.8 seconds
RetCode: 0
Status:   WARNINGS  
CheckDir: zitools.Rcheck
Warnings: 1

Command output

##############################################################################
##############################################################################
###
### Running command:
###
###   /Library/Frameworks/R.framework/Resources/bin/R CMD check --install=check:zitools.install-out.txt --library=/Library/Frameworks/R.framework/Resources/library --no-vignettes --timings zitools_1.3.0.tar.gz
###
##############################################################################
##############################################################################


* using log directory ‘/Users/biocbuild/bbs-3.22-bioc/meat/zitools.Rcheck’
* using R version 4.5.1 Patched (2025-09-10 r88807)
* using platform: aarch64-apple-darwin20
* R was compiled by
    Apple clang version 16.0.0 (clang-1600.0.26.6)
    GNU Fortran (GCC) 14.2.0
* running under: macOS Ventura 13.7.7
* using session charset: UTF-8
* using option ‘--no-vignettes’
* checking for file ‘zitools/DESCRIPTION’ ... OK
* this is package ‘zitools’ version ‘1.3.0’
* package encoding: UTF-8
* checking package namespace information ... OK
* checking package dependencies ... OK
* checking if this is a source package ... OK
* checking if there is a namespace ... OK
* checking for hidden files and directories ... OK
* checking for portable file names ... OK
* checking for sufficient/correct file permissions ... OK
* checking whether package ‘zitools’ can be installed ... OK
* checking installed package size ... OK
* checking package directory ... OK
* checking ‘build’ directory ... OK
* checking DESCRIPTION meta-information ... NOTE
License stub is invalid DCF.
* checking top-level files ... OK
* checking for left-over files ... OK
* checking index information ... OK
* checking package subdirectories ... OK
* checking code files for non-ASCII characters ... OK
* checking R files for syntax errors ... OK
* checking whether the package can be loaded ... OK
* checking whether the package can be loaded with stated dependencies ... OK
* checking whether the package can be unloaded cleanly ... OK
* checking whether the namespace can be loaded with stated dependencies ... OK
* checking whether the namespace can be unloaded cleanly ... OK
* checking dependencies in R code ... OK
* checking S3 generic/method consistency ... OK
* checking replacement functions ... OK
* checking foreign function calls ... OK
* checking R code for possible problems ... NOTE
calcWeights: no visible global function definition for ‘predict’
omit_str_zero: no visible global function definition for ‘predict’
Undefined global functions or variables:
  predict
Consider adding
  importFrom("stats", "predict")
to your NAMESPACE file.
* checking Rd files ... OK
* checking Rd metadata ... OK
* checking Rd cross-references ... OK
* checking for missing documentation entries ... OK
* checking for code/documentation mismatches ... WARNING
Codoc mismatches from Rd file 'rowQuantiles.Rd':
\S4method{rowQuantiles}{Zi}
  Code: function(x, rows = NULL, cols = NULL, probs = seq(from = 0, to
                 = 1, by = 0.25), na.rm = FALSE, type = 7L, digits =
                 7L, ..., useNames = TRUE, drop = TRUE)
  Docs: function(x, rows = NULL, cols = NULL, probs = seq(from = 0, to
                 = 1, by = 0.25), na.rm = TRUE, type = 7L, ...,
                 useNames = TRUE, drop = TRUE)
  Argument names in code not in docs:
    digits
  Mismatches in argument names:
    Position: 7 Code: digits Docs: ...
    Position: 8 Code: ... Docs: useNames
    Position: 9 Code: useNames Docs: drop
  Mismatches in argument default values:
    Name: 'na.rm' Code: FALSE Docs: TRUE
\S4method{colQuantiles}{Zi}
  Code: function(x, rows = NULL, cols = NULL, probs = seq(from = 0, to
                 = 1, by = 0.25), na.rm = FALSE, type = 7L, digits =
                 7L, ..., useNames = TRUE, drop = TRUE)
  Docs: function(x, rows = NULL, cols = NULL, probs = seq(from = 0, to
                 = 1, by = 0.25), na.rm = TRUE, type = 7L, ...,
                 useNames = TRUE, drop = TRUE)
  Argument names in code not in docs:
    digits
  Mismatches in argument names:
    Position: 7 Code: digits Docs: ...
    Position: 8 Code: ... Docs: useNames
    Position: 9 Code: useNames Docs: drop
  Mismatches in argument default values:
    Name: 'na.rm' Code: FALSE Docs: TRUE

* checking Rd \usage sections ... OK
* checking Rd contents ... OK
* checking for unstated dependencies in examples ... OK
* checking contents of ‘data’ directory ... OK
* checking data for non-ASCII characters ... OK
* checking data for ASCII and uncompressed saves ... OK
* checking sizes of PDF files under ‘inst/doc’ ... OK
* checking files in ‘vignettes’ ... OK
* checking examples ... OK
* checking for unstated dependencies in ‘tests’ ... OK
* checking tests ...
  Running ‘testthat.R’
 OK
* checking for unstated dependencies in vignettes ... OK
* checking package vignettes ... OK
* checking running R code from vignettes ... SKIPPED
* checking re-building of vignette outputs ... SKIPPED
* checking PDF version of manual ... OK
* DONE

Status: 1 WARNING, 2 NOTEs
See
  ‘/Users/biocbuild/bbs-3.22-bioc/meat/zitools.Rcheck/00check.log’
for details.


Installation output

zitools.Rcheck/00install.out

##############################################################################
##############################################################################
###
### Running command:
###
###   /Library/Frameworks/R.framework/Resources/bin/R CMD INSTALL zitools
###
##############################################################################
##############################################################################


* installing to library ‘/Library/Frameworks/R.framework/Versions/4.5-arm64/Resources/library’
* installing *source* package ‘zitools’ ...
** this is package ‘zitools’ version ‘1.3.0’
** using staged installation
** R
** data
** byte-compile and prepare package for lazy loading
Creating a new generic function for ‘weights’ in package ‘zitools’
Creating a new generic function for ‘weightedSd’ in package ‘zitools’
Creating a generic function for ‘cov’ from package ‘stats’ in package ‘zitools’
** help
*** installing help indices
** building package indices
** installing vignettes
** testing if installed package can be loaded from temporary location
** testing if installed package can be loaded from final location
** testing if installed package keeps a record of temporary installation path
* DONE (zitools)

Tests output

zitools.Rcheck/tests/testthat.Rout


R version 4.5.1 Patched (2025-09-10 r88807) -- "Great Square Root"
Copyright (C) 2025 The R Foundation for Statistical Computing
Platform: aarch64-apple-darwin20

R is free software and comes with ABSOLUTELY NO WARRANTY.
You are welcome to redistribute it under certain conditions.
Type 'license()' or 'licence()' for distribution details.

R is a collaborative project with many contributors.
Type 'contributors()' for more information and
'citation()' on how to cite R or R packages in publications.

Type 'demo()' for some demos, 'help()' for on-line help, or
'help.start()' for an HTML browser interface to help.
Type 'q()' to quit R.

> library(testthat)
> library(zitools)

Attaching package: 'zitools'

The following objects are masked from 'package:stats':

    heatmap, weights

> 
> test_check("zitools")
[ FAIL 0 | WARN 0 | SKIP 0 | PASS 9 ]
> 
> 
> proc.time()
   user  system elapsed 
 10.624   1.359  11.985 

Example timings

zitools.Rcheck/zitools-Ex.timings

nameusersystemelapsed
MissingValueHeatmap0.0000.0000.001
assays1.4630.1691.632
boxplot0.8290.2851.120
colData0.8090.2411.052
colMeans20.8130.1881.005
colMedians1.1110.1891.301
cor0.8020.2111.020
cov0.7810.1750.958
deinflatedcounts1.0450.1601.206
heatmap0.7540.1250.879
inputcounts0.7460.1130.858
inputdata0.7420.0800.822
log1p1.0390.1531.191
log2p0.7280.1520.882
mean0.7100.1170.827
median0.7350.1920.927
model1.0160.1561.173
otu_table0.7940.2211.021
plot0.7350.1270.862
plus1.9030.3782.290
quantile0.8090.1400.950
resample_deinflatedcounts0.7710.1210.892
rowData0.9740.1151.090
rowQuantiles0.7410.1010.841
rowSds0.7170.1050.822
rowVars0.9930.0871.080
rowWeightedMeans0.7150.0970.812
rowWeightedSds0.7030.1090.813
sample_data0.7910.1250.916
sd1.0620.1391.201
show0.7980.1060.905
slash0.7330.1570.890
subset_feature0.7110.0660.777
subset_sample0.9700.0991.069
t0.6870.0580.745
tax_table0.6920.0480.739
times0.9510.0501.001
var0.6820.0530.735
weighted.mean0.6880.0550.744
weightedVar0.6850.0400.724
weights0.9730.0571.029
zi2deseq20.7520.0600.812
zi2phyloseq0.7000.0520.751
ziMain0.7030.0950.799