| Back to Multiple platform build/check report for BioC 3.22: simplified long |
|
This page was generated on 2025-10-20 12:05 -0400 (Mon, 20 Oct 2025).
| Hostname | OS | Arch (*) | R version | Installed pkgs |
|---|---|---|---|---|
| nebbiolo2 | Linux (Ubuntu 24.04.3 LTS) | x86_64 | 4.5.1 Patched (2025-08-23 r88802) -- "Great Square Root" | 4887 |
| lconway | macOS 12.7.6 Monterey | x86_64 | 4.5.1 Patched (2025-09-10 r88807) -- "Great Square Root" | 4677 |
| kjohnson3 | macOS 13.7.7 Ventura | arm64 | 4.5.1 Patched (2025-09-10 r88807) -- "Great Square Root" | 4622 |
| taishan | Linux (openEuler 24.03 LTS) | aarch64 | 4.5.0 (2025-04-11) -- "How About a Twenty-Six" | 4632 |
| Click on any hostname to see more info about the system (e.g. compilers) (*) as reported by 'uname -p', except on Windows and Mac OS X | ||||
| Package 2291/2353 | Hostname | OS / Arch | INSTALL | BUILD | CHECK | BUILD BIN | ||||||||
| uSORT 1.35.0 (landing page) Hao Chen
| nebbiolo2 | Linux (Ubuntu 24.04.3 LTS) / x86_64 | OK | OK | WARNINGS | |||||||||
| lconway | macOS 12.7.6 Monterey / x86_64 | OK | OK | WARNINGS | OK | |||||||||
| kjohnson3 | macOS 13.7.7 Ventura / arm64 | OK | OK | WARNINGS | OK | |||||||||
| taishan | Linux (openEuler 24.03 LTS) / aarch64 | OK | OK | WARNINGS | ||||||||||
|
To the developers/maintainers of the uSORT package: - Allow up to 24 hours (and sometimes 48 hours) for your latest push to git@git.bioconductor.org:packages/uSORT.git to reflect on this report. See Troubleshooting Build Report for more information. - Use the following Renviron settings to reproduce errors and warnings. - If 'R CMD check' started to fail recently on the Linux builder(s) over a missing dependency, add the missing dependency to 'Suggests:' in your DESCRIPTION file. See Renviron.bioc for more information. |
| Package: uSORT |
| Version: 1.35.0 |
| Command: /Library/Frameworks/R.framework/Resources/bin/R CMD check --install=check:uSORT.install-out.txt --library=/Library/Frameworks/R.framework/Resources/library --no-vignettes --timings uSORT_1.35.0.tar.gz |
| StartedAt: 2025-10-20 02:30:17 -0400 (Mon, 20 Oct 2025) |
| EndedAt: 2025-10-20 02:34:40 -0400 (Mon, 20 Oct 2025) |
| EllapsedTime: 263.5 seconds |
| RetCode: 0 |
| Status: WARNINGS |
| CheckDir: uSORT.Rcheck |
| Warnings: 1 |
##############################################################################
##############################################################################
###
### Running command:
###
### /Library/Frameworks/R.framework/Resources/bin/R CMD check --install=check:uSORT.install-out.txt --library=/Library/Frameworks/R.framework/Resources/library --no-vignettes --timings uSORT_1.35.0.tar.gz
###
##############################################################################
##############################################################################
* using log directory ‘/Users/biocbuild/bbs-3.22-bioc/meat/uSORT.Rcheck’
* using R version 4.5.1 Patched (2025-09-10 r88807)
* using platform: x86_64-apple-darwin20
* R was compiled by
Apple clang version 14.0.0 (clang-1400.0.29.202)
GNU Fortran (GCC) 14.2.0
* running under: macOS Monterey 12.7.6
* using session charset: UTF-8
* using option ‘--no-vignettes’
* checking for file ‘uSORT/DESCRIPTION’ ... OK
* this is package ‘uSORT’ version ‘1.35.0’
* package encoding: UTF-8
* checking package namespace information ... OK
* checking package dependencies ... OK
* checking if this is a source package ... OK
* checking if there is a namespace ... OK
* checking for hidden files and directories ... OK
* checking for portable file names ... OK
* checking for sufficient/correct file permissions ... OK
* checking whether package ‘uSORT’ can be installed ... WARNING
Found the following significant warnings:
Note: break used in wrong context: no loop is visible
See ‘/Users/biocbuild/bbs-3.22-bioc/meat/uSORT.Rcheck/00install.out’ for details.
Information on the location(s) of code generating the ‘Note’s can be
obtained by re-running with environment variable R_KEEP_PKG_SOURCE set
to ‘yes’.
* checking installed package size ... OK
* checking package directory ... OK
* checking ‘build’ directory ... OK
* checking DESCRIPTION meta-information ... OK
* checking top-level files ... OK
* checking for left-over files ... OK
* checking index information ... OK
* checking package subdirectories ... OK
* checking code files for non-ASCII characters ... OK
* checking R files for syntax errors ... OK
* checking whether the package can be loaded ... OK
* checking whether the package can be loaded with stated dependencies ... OK
* checking whether the package can be unloaded cleanly ... OK
* checking whether the namespace can be loaded with stated dependencies ... OK
* checking whether the namespace can be unloaded cleanly ... OK
* checking dependencies in R code ... OK
* checking S3 generic/method consistency ... OK
* checking replacement functions ... OK
* checking foreign function calls ... OK
* checking R code for possible problems ... NOTE
mcesApply1: no visible global function definition for ‘clusterEvalQ’
mcesApply1: no visible global function definition for ‘parRapply’
mcesApply1: no visible global function definition for ‘parCapply’
Undefined global functions or variables:
clusterEvalQ parCapply parRapply
* checking Rd files ... OK
* checking Rd metadata ... OK
* checking Rd cross-references ... OK
* checking for missing documentation entries ... OK
* checking for code/documentation mismatches ... OK
* checking Rd \usage sections ... OK
* checking Rd contents ... OK
* checking for unstated dependencies in examples ... OK
* checking files in ‘vignettes’ ... OK
* checking examples ... OK
Examples with CPU (user + system) or elapsed time > 5s
user system elapsed
sWanderlust 28.271 4.785 33.141
autoSPIN 15.025 1.285 16.378
* checking for unstated dependencies in ‘tests’ ... OK
* checking tests ...
Running ‘runTests.R’
OK
* checking for unstated dependencies in vignettes ... OK
* checking package vignettes ... OK
* checking running R code from vignettes ... SKIPPED
* checking re-building of vignette outputs ... SKIPPED
* checking PDF version of manual ... OK
* DONE
Status: 1 WARNING, 1 NOTE
See
‘/Users/biocbuild/bbs-3.22-bioc/meat/uSORT.Rcheck/00check.log’
for details.
uSORT.Rcheck/00install.out
############################################################################## ############################################################################## ### ### Running command: ### ### /Library/Frameworks/R.framework/Resources/bin/R CMD INSTALL uSORT ### ############################################################################## ############################################################################## * installing to library ‘/Library/Frameworks/R.framework/Versions/4.5-x86_64/Resources/library’ * installing *source* package ‘uSORT’ ... ** this is package ‘uSORT’ version ‘1.35.0’ ** using staged installation ** R ** inst ** byte-compile and prepare package for lazy loading No methods found in package ‘BiocGenerics’ for request: ‘clusterEvalQ’ when loading ‘uSORT’ No methods found in package ‘BiocGenerics’ for request: ‘parCapply’ when loading ‘uSORT’ No methods found in package ‘BiocGenerics’ for request: ‘parRapply’ when loading ‘uSORT’ Note: break used in wrong context: no loop is visible ** help *** installing help indices ** building package indices ** installing vignettes ** testing if installed package can be loaded from temporary location No methods found in package ‘BiocGenerics’ for request: ‘clusterEvalQ’ when loading ‘uSORT’ No methods found in package ‘BiocGenerics’ for request: ‘parCapply’ when loading ‘uSORT’ No methods found in package ‘BiocGenerics’ for request: ‘parRapply’ when loading ‘uSORT’ ** testing if installed package can be loaded from final location No methods found in package ‘BiocGenerics’ for request: ‘clusterEvalQ’ when loading ‘uSORT’ No methods found in package ‘BiocGenerics’ for request: ‘parCapply’ when loading ‘uSORT’ No methods found in package ‘BiocGenerics’ for request: ‘parRapply’ when loading ‘uSORT’ ** testing if installed package keeps a record of temporary installation path * DONE (uSORT)
uSORT.Rcheck/tests/runTests.Rout
R version 4.5.1 Patched (2025-09-10 r88807) -- "Great Square Root"
Copyright (C) 2025 The R Foundation for Statistical Computing
Platform: x86_64-apple-darwin20
R is free software and comes with ABSOLUTELY NO WARRANTY.
You are welcome to redistribute it under certain conditions.
Type 'license()' or 'licence()' for distribution details.
R is a collaborative project with many contributors.
Type 'contributors()' for more information and
'citation()' on how to cite R or R packages in publications.
Type 'demo()' for some demos, 'help()' for on-line help, or
'help.start()' for an HTML browser interface to help.
Type 'q()' to quit R.
> BiocGenerics:::testPackage("uSORT")
No methods found in package 'BiocGenerics' for request: 'clusterEvalQ' when loading 'uSORT'
No methods found in package 'BiocGenerics' for request: 'parCapply' when loading 'uSORT'
No methods found in package 'BiocGenerics' for request: 'parRapply' when loading 'uSORT'
No starting point specified, the first row will be used!
Building lNN graph...
lNN computed in: 0 seconds
Randomly Select waypoints...
Flock waypoints...
Iteratively realign trajectory:
Running iterations... 1
Correlation with previous iteration: 0.985372
Running iterations... 2
Correlation with previous iteration: 0.99972
Running iterations... 3
Correlation with previous iteration: 0.999971
Wanderlust Sorting Done!
RUNIT TEST PROTOCOL -- Mon Oct 20 02:34:31 2025
***********************************************
Number of test functions: 1
Number of errors: 0
Number of failures: 0
1 Test Suite :
uSORT RUnit Tests - 1 test function, 0 errors, 0 failures
Number of test functions: 1
Number of errors: 0
Number of failures: 0
>
> proc.time()
user system elapsed
7.780 2.405 10.186
uSORT.Rcheck/uSORT-Ex.timings
| name | user | system | elapsed | |
| Rwanderlust | 1.007 | 0.079 | 1.087 | |
| SPIN | 0.066 | 0.004 | 0.071 | |
| STS_sortingcost | 0.014 | 0.002 | 0.016 | |
| autoSPIN | 15.025 | 1.285 | 16.378 | |
| driving_force_gene_selection | 0.001 | 0.000 | 0.002 | |
| elbow_detection | 0.002 | 0.001 | 0.003 | |
| monocle_wrapper | 0.000 | 0.000 | 0.001 | |
| neighborhood_sortingcost | 0.044 | 0.003 | 0.047 | |
| pca_gene_selection | 2.732 | 0.170 | 2.918 | |
| sWanderlust | 28.271 | 4.785 | 33.141 | |
| uSORT | 0.001 | 0.000 | 0.002 | |
| uSORT_GUI | 0 | 0 | 0 | |
| uSORT_preProcess | 1.447 | 0.146 | 1.624 | |
| uSORT_sorting_wrapper | 1.984 | 0.125 | 2.125 | |
| uSORT_write_results | 0.002 | 0.001 | 0.003 | |