| Back to Multiple platform build/check report for BioC 3.22: simplified long |
|
This page was generated on 2025-08-15 12:07 -0400 (Fri, 15 Aug 2025).
| Hostname | OS | Arch (*) | R version | Installed pkgs |
|---|---|---|---|---|
| nebbiolo2 | Linux (Ubuntu 24.04.3 LTS) | x86_64 | 4.5.1 (2025-06-13) -- "Great Square Root" | 4818 |
| palomino8 | Windows Server 2022 Datacenter | x64 | 4.5.1 (2025-06-13 ucrt) -- "Great Square Root" | 4554 |
| lconway | macOS 12.7.1 Monterey | x86_64 | 4.5.1 (2025-06-13) -- "Great Square Root" | 4595 |
| kjohnson3 | macOS 13.7.7 Ventura | arm64 | 4.5.1 Patched (2025-06-14 r88325) -- "Great Square Root" | 4537 |
| taishan | Linux (openEuler 24.03 LTS) | aarch64 | 4.5.0 (2025-04-11) -- "How About a Twenty-Six" | 4535 |
| Click on any hostname to see more info about the system (e.g. compilers) (*) as reported by 'uname -p', except on Windows and Mac OS X | ||||
| Package 1940/2317 | Hostname | OS / Arch | INSTALL | BUILD | CHECK | BUILD BIN | ||||||||
| seq2pathway 1.41.0 (landing page) Arjun Kinstlick
| nebbiolo2 | Linux (Ubuntu 24.04.3 LTS) / x86_64 | OK | OK | WARNINGS | |||||||||
| palomino8 | Windows Server 2022 Datacenter / x64 | OK | OK | WARNINGS | OK | |||||||||
| lconway | macOS 12.7.1 Monterey / x86_64 | OK | OK | WARNINGS | OK | |||||||||
| kjohnson3 | macOS 13.7.7 Ventura / arm64 | OK | OK | WARNINGS | OK | |||||||||
| taishan | Linux (openEuler 24.03 LTS) / aarch64 | OK | OK | WARNINGS | ||||||||||
|
To the developers/maintainers of the seq2pathway package: - Allow up to 24 hours (and sometimes 48 hours) for your latest push to git@git.bioconductor.org:packages/seq2pathway.git to reflect on this report. See Troubleshooting Build Report for more information. - Use the following Renviron settings to reproduce errors and warnings. - If 'R CMD check' started to fail recently on the Linux builder(s) over a missing dependency, add the missing dependency to 'Suggests:' in your DESCRIPTION file. See Renviron.bioc for more information. |
| Package: seq2pathway |
| Version: 1.41.0 |
| Command: F:\biocbuild\bbs-3.22-bioc\R\bin\R.exe CMD check --no-multiarch --install=check:seq2pathway.install-out.txt --library=F:\biocbuild\bbs-3.22-bioc\R\library --no-vignettes --timings seq2pathway_1.41.0.tar.gz |
| StartedAt: 2025-08-15 07:47:10 -0400 (Fri, 15 Aug 2025) |
| EndedAt: 2025-08-15 07:51:42 -0400 (Fri, 15 Aug 2025) |
| EllapsedTime: 271.5 seconds |
| RetCode: 0 |
| Status: WARNINGS |
| CheckDir: seq2pathway.Rcheck |
| Warnings: 2 |
##############################################################################
##############################################################################
###
### Running command:
###
### F:\biocbuild\bbs-3.22-bioc\R\bin\R.exe CMD check --no-multiarch --install=check:seq2pathway.install-out.txt --library=F:\biocbuild\bbs-3.22-bioc\R\library --no-vignettes --timings seq2pathway_1.41.0.tar.gz
###
##############################################################################
##############################################################################
* using log directory 'F:/biocbuild/bbs-3.22-bioc/meat/seq2pathway.Rcheck'
* using R version 4.5.1 (2025-06-13 ucrt)
* using platform: x86_64-w64-mingw32
* R was compiled by
gcc.exe (GCC) 14.2.0
GNU Fortran (GCC) 14.2.0
* running under: Windows Server 2022 x64 (build 20348)
* using session charset: UTF-8
* using option '--no-vignettes'
* checking for file 'seq2pathway/DESCRIPTION' ... OK
* checking extension type ... Package
* this is package 'seq2pathway' version '1.41.0'
* checking package namespace information ... OK
* checking package dependencies ... OK
* checking if this is a source package ... OK
* checking if there is a namespace ... OK
* checking for hidden files and directories ... NOTE
Found the following hidden files and directories:
vignettes/.RData
These were most likely included in error. See section 'Package
structure' in the 'Writing R Extensions' manual.
* checking for portable file names ... OK
* checking whether package 'seq2pathway' can be installed ... WARNING
Found the following significant warnings:
Warning: replacing previous import 'WGCNA::cor' by 'stats::cor' when loading 'seq2pathway'
See 'F:/biocbuild/bbs-3.22-bioc/meat/seq2pathway.Rcheck/00install.out' for details.
* checking installed package size ... OK
* checking package directory ... OK
* checking 'build' directory ... OK
* checking DESCRIPTION meta-information ... OK
* checking top-level files ... OK
* checking for left-over files ... OK
* checking index information ... OK
* checking package subdirectories ... NOTE
Found the following CITATION file in a non-standard place:
CITATION
Most likely 'inst/CITATION' should be used instead.
* checking code files for non-ASCII characters ... OK
* checking R files for syntax errors ... OK
* checking whether the package can be loaded ... OK
* checking whether the package can be loaded with stated dependencies ... OK
* checking whether the package can be unloaded cleanly ... OK
* checking whether the namespace can be loaded with stated dependencies ... OK
* checking whether the namespace can be unloaded cleanly ... OK
* checking dependencies in R code ... WARNING
'library' or 'require' call not declared from: 'biomaRt'
'library' or 'require' call to 'biomaRt' in package code.
Please use :: or requireNamespace() instead.
See section 'Suggested packages' in the 'Writing R Extensions' manual.
* checking S3 generic/method consistency ... OK
* checking replacement functions ... OK
* checking foreign function calls ... OK
* checking R code for possible problems ... NOTE
FAIME_EmpiricalP: no visible global function definition for 'data'
FAIME_EmpiricalP: no visible binding for global variable
'gencode_coding'
FisherTest_GO_BP_MF_CC: no visible global function definition for
'data'
FisherTest_GO_BP_MF_CC: no visible binding for global variable
'GO_BP_list'
FisherTest_GO_BP_MF_CC: no visible binding for global variable
'GO_MF_list'
FisherTest_GO_BP_MF_CC: no visible binding for global variable
'GO_CC_list'
FisherTest_GO_BP_MF_CC: no visible binding for global variable
'Des_BP_list'
FisherTest_GO_BP_MF_CC: no visible binding for global variable
'Des_MF_list'
FisherTest_GO_BP_MF_CC: no visible binding for global variable
'Des_CC_list'
FisherTest_GO_BP_MF_CC: no visible binding for global variable
'GO_GENCODE_df_hg_v36'
FisherTest_GO_BP_MF_CC: no visible binding for global variable
'GO_GENCODE_df_hg_v19'
FisherTest_GO_BP_MF_CC: no visible binding for global variable
'GO_GENCODE_df_mm_vM25'
FisherTest_GO_BP_MF_CC: no visible binding for global variable
'GO_GENCODE_df_mm_vM1'
FisherTest_MsigDB: no visible global function definition for 'data'
FisherTest_MsigDB: no visible binding for global variable
'Msig_GENCODE_df_hg_v36'
FisherTest_MsigDB: no visible binding for global variable
'Msig_GENCODE_df_hg_v19'
FisherTest_MsigDB: no visible binding for global variable
'Msig_GENCODE_df_mm_vM25'
FisherTest_MsigDB: no visible binding for global variable
'Msig_GENCODE_df_mm_vM1'
KSrank_EmpiricalP: no visible global function definition for 'data'
KSrank_EmpiricalP: no visible binding for global variable
'gencode_coding'
Normalize_F: no visible global function definition for 'head'
cumulativerank_EmpiricalP: no visible global function definition for
'data'
cumulativerank_EmpiricalP: no visible binding for global variable
'gencode_coding'
gene2pathway_test: no visible global function definition for 'data'
gene2pathway_test: no visible binding for global variable 'GO_BP_list'
gene2pathway_test: no visible binding for global variable 'GO_MF_list'
gene2pathway_test: no visible binding for global variable 'GO_CC_list'
gene2pathway_test: no visible binding for global variable 'Des_BP_list'
gene2pathway_test: no visible binding for global variable 'Des_CC_list'
gene2pathway_test: no visible binding for global variable 'Des_MF_list'
plotTop10: no visible binding for global variable 'Fisher_odds'
plotTop10: no visible binding for global variable 'FDR'
plotTop10: no visible global function definition for 'barplot'
plotTop10: no visible global function definition for 'lines'
plotTop10: no visible global function definition for 'text'
plotTop10: no visible global function definition for 'abline'
rungene2pathway_EmpiricalP: no visible global function definition for
'txtProgressBar'
rungene2pathway_EmpiricalP: no visible global function definition for
'setTxtProgressBar'
runseq2gene: no visible global function definition for 'write.table'
runseq2gene: no visible global function definition for 'read.table'
runseq2pathway: no visible global function definition for 'data'
runseq2pathway: no visible binding for global variable 'GO_BP_list'
runseq2pathway: no visible binding for global variable 'GO_MF_list'
runseq2pathway: no visible binding for global variable 'GO_CC_list'
runseq2pathway: no visible binding for global variable 'Des_BP_list'
runseq2pathway: no visible binding for global variable 'Des_CC_list'
runseq2pathway: no visible binding for global variable 'Des_MF_list'
runseq2pathway: no visible global function definition for 'write.table'
runseq2pathway: no visible global function definition for 'read.table'
Undefined global functions or variables:
Des_BP_list Des_CC_list Des_MF_list FDR Fisher_odds GO_BP_list
GO_CC_list GO_GENCODE_df_hg_v19 GO_GENCODE_df_hg_v36
GO_GENCODE_df_mm_vM1 GO_GENCODE_df_mm_vM25 GO_MF_list
Msig_GENCODE_df_hg_v19 Msig_GENCODE_df_hg_v36 Msig_GENCODE_df_mm_vM1
Msig_GENCODE_df_mm_vM25 abline barplot data gencode_coding head lines
read.table setTxtProgressBar text txtProgressBar write.table
Consider adding
importFrom("graphics", "abline", "barplot", "lines", "text")
importFrom("utils", "data", "head", "read.table", "setTxtProgressBar",
"txtProgressBar", "write.table")
to your NAMESPACE file.
* checking Rd files ... NOTE
checkRd: (-1) runseq2gene.Rd:22-24: Lost braces in \enumerate; meant \describe ?
checkRd: (-1) runseq2gene.Rd:25-27: Lost braces in \enumerate; meant \describe ?
checkRd: (-1) runseq2gene.Rd:28-30: Lost braces in \enumerate; meant \describe ?
checkRd: (-1) runseq2gene.Rd:31-34: Lost braces in \enumerate; meant \describe ?
checkRd: (-1) runseq2gene.Rd:35-37: Lost braces in \enumerate; meant \describe ?
checkRd: (-1) runseq2gene.Rd:41-43: Lost braces in \enumerate; meant \describe ?
checkRd: (-1) runseq2gene.Rd:44-46: Lost braces in \enumerate; meant \describe ?
checkRd: (-1) runseq2gene.Rd:47-49: Lost braces in \enumerate; meant \describe ?
checkRd: (-1) runseq2gene.Rd:50-52: Lost braces in \enumerate; meant \describe ?
checkRd: (-1) runseq2gene.Rd:112-114: Lost braces in \enumerate; \value handles \item{}{} directly
checkRd: (-1) runseq2gene.Rd:115-117: Lost braces in \enumerate; \value handles \item{}{} directly
checkRd: (-1) runseq2gene.Rd:118-120: Lost braces in \enumerate; \value handles \item{}{} directly
checkRd: (-1) runseq2gene.Rd:121-123: Lost braces in \enumerate; \value handles \item{}{} directly
checkRd: (-1) runseq2gene.Rd:124-127: Lost braces in \enumerate; \value handles \item{}{} directly
checkRd: (-1) runseq2gene.Rd:128-131: Lost braces in \enumerate; \value handles \item{}{} directly
checkRd: (-1) runseq2gene.Rd:132-134: Lost braces in \enumerate; \value handles \item{}{} directly
checkRd: (-1) runseq2gene.Rd:135-137: Lost braces in \enumerate; \value handles \item{}{} directly
checkRd: (-1) runseq2gene.Rd:138-140: Lost braces in \enumerate; \value handles \item{}{} directly
checkRd: (-1) runseq2pathway.Rd:26-28: Lost braces in \enumerate; meant \describe ?
checkRd: (-1) runseq2pathway.Rd:29-31: Lost braces in \enumerate; meant \describe ?
checkRd: (-1) runseq2pathway.Rd:32-34: Lost braces in \enumerate; meant \describe ?
checkRd: (-1) runseq2pathway.Rd:35-37: Lost braces in \enumerate; meant \describe ?
checkRd: (-1) runseq2pathway.Rd:38-40: Lost braces in \enumerate; meant \describe ?
checkRd: (-1) runseq2pathway.Rd:44-46: Lost braces in \enumerate; meant \describe ?
checkRd: (-1) runseq2pathway.Rd:47-49: Lost braces in \enumerate; meant \describe ?
checkRd: (-1) runseq2pathway.Rd:50-52: Lost braces in \enumerate; meant \describe ?
checkRd: (-1) runseq2pathway.Rd:53-55: Lost braces in \enumerate; meant \describe ?
* checking Rd metadata ... OK
* checking Rd cross-references ... OK
* checking for missing documentation entries ... OK
* checking for code/documentation mismatches ... OK
* checking Rd \usage sections ... OK
* checking Rd contents ... OK
* checking for unstated dependencies in examples ... OK
* checking contents of 'data' directory ... OK
* checking data for non-ASCII characters ... OK
* checking data for ASCII and uncompressed saves ... OK
* checking sizes of PDF files under 'inst/doc' ... OK
* checking files in 'vignettes' ... OK
* checking examples ... OK
Examples with CPU (user + system) or elapsed time > 5s
user system elapsed
FisherTest_GO_BP_MF_CC 6.03 0.00 6.08
plotTop10 5.92 0.05 5.97
runseq2pathway 1.02 0.06 33.27
runseq2gene 0.01 0.02 34.03
* checking for unstated dependencies in vignettes ... OK
* checking package vignettes ... OK
* checking running R code from vignettes ... SKIPPED
* checking re-building of vignette outputs ... SKIPPED
* checking PDF version of manual ... OK
* DONE
Status: 2 WARNINGs, 4 NOTEs
See
'F:/biocbuild/bbs-3.22-bioc/meat/seq2pathway.Rcheck/00check.log'
for details.
seq2pathway.Rcheck/00install.out
############################################################################## ############################################################################## ### ### Running command: ### ### F:\biocbuild\bbs-3.22-bioc\R\bin\R.exe CMD INSTALL seq2pathway ### ############################################################################## ############################################################################## * installing to library 'F:/biocbuild/bbs-3.22-bioc/R/library' * installing *source* package 'seq2pathway' ... ** this is package 'seq2pathway' version '1.41.0' ** using staged installation ** R ** data ** inst ** byte-compile and prepare package for lazy loading Warning: replacing previous import 'WGCNA::cor' by 'stats::cor' when loading 'seq2pathway' ** help *** installing help indices ** building package indices ** installing vignettes ** testing if installed package can be loaded from temporary location Warning: replacing previous import 'WGCNA::cor' by 'stats::cor' when loading 'seq2pathway' ** testing if installed package can be loaded from final location Warning: replacing previous import 'WGCNA::cor' by 'stats::cor' when loading 'seq2pathway' ** testing if installed package keeps a record of temporary installation path * DONE (seq2pathway)
seq2pathway.Rcheck/seq2pathway-Ex.timings
| name | user | system | elapsed | |
| Chipseq_Peak_demo | 0.02 | 0.00 | 0.02 | |
| FisherTest_GO_BP_MF_CC | 6.03 | 0.00 | 6.08 | |
| FisherTest_MsigDB | 3.99 | 0.03 | 4.06 | |
| GRanges_demo | 0.00 | 0.01 | 0.02 | |
| addDescription | 0.55 | 0.02 | 1.77 | |
| dat_RNA | 0.00 | 0.01 | 0.01 | |
| dat_chip | 0 | 0 | 0 | |
| gene2pathway_test | 0.67 | 0.00 | 1.03 | |
| plotTop10 | 5.92 | 0.05 | 5.97 | |
| runseq2gene | 0.01 | 0.02 | 34.03 | |
| runseq2pathway | 1.02 | 0.06 | 33.27 | |