| Back to Multiple platform build/check report for BioC 3.22: simplified long |
|
This page was generated on 2025-08-15 12:07 -0400 (Fri, 15 Aug 2025).
| Hostname | OS | Arch (*) | R version | Installed pkgs |
|---|---|---|---|---|
| nebbiolo2 | Linux (Ubuntu 24.04.3 LTS) | x86_64 | 4.5.1 (2025-06-13) -- "Great Square Root" | 4818 |
| palomino8 | Windows Server 2022 Datacenter | x64 | 4.5.1 (2025-06-13 ucrt) -- "Great Square Root" | 4554 |
| lconway | macOS 12.7.1 Monterey | x86_64 | 4.5.1 (2025-06-13) -- "Great Square Root" | 4595 |
| kjohnson3 | macOS 13.7.7 Ventura | arm64 | 4.5.1 Patched (2025-06-14 r88325) -- "Great Square Root" | 4537 |
| taishan | Linux (openEuler 24.03 LTS) | aarch64 | 4.5.0 (2025-04-11) -- "How About a Twenty-Six" | 4535 |
| Click on any hostname to see more info about the system (e.g. compilers) (*) as reported by 'uname -p', except on Windows and Mac OS X | ||||
| Package 1426/2317 | Hostname | OS / Arch | INSTALL | BUILD | CHECK | BUILD BIN | ||||||||
| nethet 1.41.0 (landing page) Nicolas Staedler
| nebbiolo2 | Linux (Ubuntu 24.04.3 LTS) / x86_64 | OK | OK | WARNINGS | |||||||||
| palomino8 | Windows Server 2022 Datacenter / x64 | OK | OK | WARNINGS | OK | |||||||||
| lconway | macOS 12.7.1 Monterey / x86_64 | OK | OK | WARNINGS | OK | |||||||||
| kjohnson3 | macOS 13.7.7 Ventura / arm64 | OK | OK | WARNINGS | OK | |||||||||
| taishan | Linux (openEuler 24.03 LTS) / aarch64 | OK | OK | WARNINGS | ||||||||||
|
To the developers/maintainers of the nethet package: - Allow up to 24 hours (and sometimes 48 hours) for your latest push to git@git.bioconductor.org:packages/nethet.git to reflect on this report. See Troubleshooting Build Report for more information. - Use the following Renviron settings to reproduce errors and warnings. - If 'R CMD check' started to fail recently on the Linux builder(s) over a missing dependency, add the missing dependency to 'Suggests:' in your DESCRIPTION file. See Renviron.bioc for more information. |
| Package: nethet |
| Version: 1.41.0 |
| Command: F:\biocbuild\bbs-3.22-bioc\R\bin\R.exe CMD check --no-multiarch --install=check:nethet.install-out.txt --library=F:\biocbuild\bbs-3.22-bioc\R\library --no-vignettes --timings nethet_1.41.0.tar.gz |
| StartedAt: 2025-08-15 05:51:40 -0400 (Fri, 15 Aug 2025) |
| EndedAt: 2025-08-15 05:55:43 -0400 (Fri, 15 Aug 2025) |
| EllapsedTime: 243.0 seconds |
| RetCode: 0 |
| Status: WARNINGS |
| CheckDir: nethet.Rcheck |
| Warnings: 1 |
##############################################################################
##############################################################################
###
### Running command:
###
### F:\biocbuild\bbs-3.22-bioc\R\bin\R.exe CMD check --no-multiarch --install=check:nethet.install-out.txt --library=F:\biocbuild\bbs-3.22-bioc\R\library --no-vignettes --timings nethet_1.41.0.tar.gz
###
##############################################################################
##############################################################################
* using log directory 'F:/biocbuild/bbs-3.22-bioc/meat/nethet.Rcheck'
* using R version 4.5.1 (2025-06-13 ucrt)
* using platform: x86_64-w64-mingw32
* R was compiled by
gcc.exe (GCC) 14.2.0
GNU Fortran (GCC) 14.2.0
* running under: Windows Server 2022 x64 (build 20348)
* using session charset: UTF-8
* using option '--no-vignettes'
* checking for file 'nethet/DESCRIPTION' ... OK
* checking extension type ... Package
* this is package 'nethet' version '1.41.0'
* checking package namespace information ... OK
* checking package dependencies ... OK
* checking if this is a source package ... OK
* checking if there is a namespace ... OK
* checking for hidden files and directories ... OK
* checking for portable file names ... OK
* checking whether package 'nethet' can be installed ... WARNING
Found the following significant warnings:
Warning: replacing previous import 'limma::logsumexp' by 'mclust::logsumexp' when loading 'nethet'
Warning: replacing previous import 'mclust::dmvnorm' by 'mvtnorm::dmvnorm' when loading 'nethet'
Warning: replacing previous import 'multtest::update' by 'stats::update' when loading 'nethet'
See 'F:/biocbuild/bbs-3.22-bioc/meat/nethet.Rcheck/00install.out' for details.
* used C compiler: 'gcc.exe (GCC) 14.2.0'
* checking installed package size ... OK
* checking package directory ... OK
* checking 'build' directory ... OK
* checking DESCRIPTION meta-information ... OK
* checking top-level files ... OK
* checking for left-over files ... OK
* checking index information ... OK
* checking package subdirectories ... OK
* checking code files for non-ASCII characters ... OK
* checking R files for syntax errors ... OK
* checking whether the package can be loaded ... OK
* checking whether the package can be loaded with stated dependencies ... OK
* checking whether the package can be unloaded cleanly ... OK
* checking whether the namespace can be loaded with stated dependencies ... OK
* checking whether the namespace can be unloaded cleanly ... OK
* checking dependencies in R code ... OK
* checking S3 generic/method consistency ... OK
* checking replacement functions ... OK
* checking foreign function calls ... OK
* checking R code for possible problems ... NOTE
screen_shrink: no visible global function definition for
'performance.pcor'
Undefined global functions or variables:
performance.pcor
* checking Rd files ... NOTE
checkRd: (-1) NetHet-package.Rd:19: Lost braces
19 | St{\"a}dler, N. and Mukherjee, S. (2013). Two-Sample Testing in High-Dimensional Models.
| ^
checkRd: (-1) bwprun_mixglasso.Rd:32: Lost braces; missing escapes or markup?
32 | init={'cl.init','r.means','random','kmeans','kmeans.hc','hc'}. Default='kmeans.hc'}
| ^
checkRd: (-1) func.uinit.Rd:16: Lost braces; missing escapes or markup?
16 | init={'cl.init','r.means','random','kmeans','kmeans.hc','hc'}}
| ^
checkRd: (-1) mixglasso.Rd:31: Lost braces; missing escapes or markup?
31 | init={'cl.init','r.means','random','kmeans','kmeans.hc','hc'}. Default='kmeans'}
| ^
checkRd: (-1) mixglasso_ncomp_fixed.Rd:22: Lost braces; missing escapes or markup?
22 | init={'cl.init','r.means','random','kmeans','kmeans.hc','hc'}. Default='kmeans'}
| ^
* checking Rd metadata ... NOTE
Invalid package aliases in Rd file 'NetHet-package.Rd':
'NetHet-package'
* checking Rd cross-references ... OK
* checking for missing documentation entries ... OK
* checking for code/documentation mismatches ... OK
* checking Rd \usage sections ... OK
* checking Rd contents ... OK
* checking for unstated dependencies in examples ... OK
* checking line endings in C/C++/Fortran sources/headers ... OK
* checking compiled code ... NOTE
Note: information on .o files for x64 is not available
File 'F:/biocbuild/bbs-3.22-bioc/R/library/nethet/libs/x64/nethet.dll':
Found '_exit', possibly from '_exit' (C)
Found 'abort', possibly from 'abort' (C), 'runtime' (Fortran)
Compiled code should not call entry points which might terminate R nor
write to stdout/stderr instead of to the console, nor use Fortran I/O
nor system RNGs nor [v]sprintf. The detected symbols are linked into
the code but might come from libraries and not actually be called.
See 'Writing portable packages' in the 'Writing R Extensions' manual.
* checking sizes of PDF files under 'inst/doc' ... OK
* checking files in 'vignettes' ... OK
* checking examples ... OK
Examples with CPU (user + system) or elapsed time > 5s
user system elapsed
het_cv_glasso 37.08 0.01 37.13
ggmgsa_multisplit 22.32 0.02 22.35
mixglasso 20.25 0.53 20.78
diffregr_multisplit 8.65 0.37 9.03
diffnet_multisplit 6.78 0.00 6.78
* checking for unstated dependencies in 'tests' ... OK
* checking tests ...
Running 'testthat.R'
OK
* checking for unstated dependencies in vignettes ... OK
* checking package vignettes ... OK
* checking running R code from vignettes ... SKIPPED
* checking re-building of vignette outputs ... SKIPPED
* checking PDF version of manual ... OK
* DONE
Status: 1 WARNING, 4 NOTEs
See
'F:/biocbuild/bbs-3.22-bioc/meat/nethet.Rcheck/00check.log'
for details.
nethet.Rcheck/00install.out
############################################################################## ############################################################################## ### ### Running command: ### ### F:\biocbuild\bbs-3.22-bioc\R\bin\R.exe CMD INSTALL nethet ### ############################################################################## ############################################################################## * installing to library 'F:/biocbuild/bbs-3.22-bioc/R/library' * installing *source* package 'nethet' ... ** this is package 'nethet' version '1.41.0' ** using staged installation ** libs using C compiler: 'gcc.exe (GCC) 14.2.0' gcc -I"F:/biocbuild/bbs-3.22-bioc/R/include" -DNDEBUG -I"C:/rtools45/x86_64-w64-mingw32.static.posix/include" -O2 -Wall -std=gnu2x -mfpmath=sse -msse2 -mstackrealign -c betamat_diffnet.c -o betamat_diffnet.o gcc -shared -s -static-libgcc -o nethet.dll tmp.def betamat_diffnet.o -LC:/rtools45/x86_64-w64-mingw32.static.posix/lib/x64 -LC:/rtools45/x86_64-w64-mingw32.static.posix/lib -LF:/biocbuild/bbs-3.22-bioc/R/bin/x64 -lR installing to F:/biocbuild/bbs-3.22-bioc/R/library/00LOCK-nethet/00new/nethet/libs/x64 ** R ** inst ** byte-compile and prepare package for lazy loading Warning: replacing previous import 'limma::logsumexp' by 'mclust::logsumexp' when loading 'nethet' Warning: replacing previous import 'mclust::dmvnorm' by 'mvtnorm::dmvnorm' when loading 'nethet' Warning: replacing previous import 'multtest::update' by 'stats::update' when loading 'nethet' ** help *** installing help indices ** building package indices ** installing vignettes ** testing if installed package can be loaded from temporary location Warning: replacing previous import 'limma::logsumexp' by 'mclust::logsumexp' when loading 'nethet' Warning: replacing previous import 'mclust::dmvnorm' by 'mvtnorm::dmvnorm' when loading 'nethet' Warning: replacing previous import 'multtest::update' by 'stats::update' when loading 'nethet' ** testing if installed package can be loaded from final location Warning: replacing previous import 'limma::logsumexp' by 'mclust::logsumexp' when loading 'nethet' Warning: replacing previous import 'mclust::dmvnorm' by 'mvtnorm::dmvnorm' when loading 'nethet' Warning: replacing previous import 'multtest::update' by 'stats::update' when loading 'nethet' ** testing if installed package keeps a record of temporary installation path * DONE (nethet)
nethet.Rcheck/tests/testthat.Rout
R version 4.5.1 (2025-06-13 ucrt) -- "Great Square Root"
Copyright (C) 2025 The R Foundation for Statistical Computing
Platform: x86_64-w64-mingw32/x64
R is free software and comes with ABSOLUTELY NO WARRANTY.
You are welcome to redistribute it under certain conditions.
Type 'license()' or 'licence()' for distribution details.
R is a collaborative project with many contributors.
Type 'contributors()' for more information and
'citation()' on how to cite R or R packages in publications.
Type 'demo()' for some demos, 'help()' for on-line help, or
'help.start()' for an HTML browser interface to help.
Type 'q()' to quit R.
> library(testthat)
> library(nethet)
Warning messages:
1: replacing previous import 'limma::logsumexp' by 'mclust::logsumexp' when loading 'nethet'
2: replacing previous import 'mclust::dmvnorm' by 'mvtnorm::dmvnorm' when loading 'nethet'
3: replacing previous import 'multtest::update' by 'stats::update' when loading 'nethet'
>
> test_check("nethet")
-mixglasso: comp too small; min(n_k)= 3.824575
-mixglasso: comp too small; min(n_k)= 4.225087
[ FAIL 0 | WARN 0 | SKIP 0 | PASS 18 ]
>
> proc.time()
user system elapsed
8.06 0.45 8.50
nethet.Rcheck/nethet-Ex.timings
| name | user | system | elapsed | |
| aggpval | 0 | 0 | 0 | |
| bwprun_mixglasso | 2.75 | 0.21 | 2.96 | |
| diffnet_multisplit | 6.78 | 0.00 | 6.78 | |
| diffnet_singlesplit | 3.41 | 0.00 | 3.41 | |
| diffregr_multisplit | 8.65 | 0.37 | 9.03 | |
| diffregr_singlesplit | 0.55 | 0.04 | 0.58 | |
| dot_plot | 1.42 | 0.01 | 1.44 | |
| export_network | 0.23 | 0.00 | 0.23 | |
| generate_2networks | 0.05 | 0.00 | 0.05 | |
| generate_inv_cov | 0.10 | 0.13 | 0.22 | |
| ggmgsa_multisplit | 22.32 | 0.02 | 22.35 | |
| gsea.iriz | 0.02 | 0.00 | 0.01 | |
| het_cv_glasso | 37.08 | 0.01 | 37.13 | |
| invcov2parcor | 0 | 0 | 0 | |
| invcov2parcor_array | 0 | 0 | 0 | |
| logratio | 0 | 0 | 0 | |
| mixglasso | 20.25 | 0.53 | 20.78 | |
| plot_2networks | 0.02 | 0.02 | 0.03 | |
| scatter_plot | 1.72 | 0.02 | 1.80 | |
| screen_aic.glasso | 1.22 | 0.00 | 1.22 | |
| screen_bic.glasso | 1.31 | 0.00 | 1.31 | |
| screen_cv.glasso | 2.49 | 0.00 | 2.48 | |
| screen_cv1se.lasso | 0.08 | 0.01 | 0.10 | |
| screen_cvfix.lasso | 0.11 | 0.00 | 0.11 | |
| screen_cvmin.lasso | 0.12 | 0.00 | 0.12 | |
| screen_cvsqrt.lasso | 0.09 | 0.00 | 0.10 | |
| screen_cvtrunc.lasso | 0.13 | 0.00 | 0.12 | |
| sim_mix | 0 | 0 | 0 | |
| sim_mix_networks | 0.02 | 0.00 | 0.02 | |