| Back to Multiple platform build/check report for BioC 3.22: simplified long |
|
This page was generated on 2025-08-15 12:06 -0400 (Fri, 15 Aug 2025).
| Hostname | OS | Arch (*) | R version | Installed pkgs |
|---|---|---|---|---|
| nebbiolo2 | Linux (Ubuntu 24.04.3 LTS) | x86_64 | 4.5.1 (2025-06-13) -- "Great Square Root" | 4818 |
| palomino8 | Windows Server 2022 Datacenter | x64 | 4.5.1 (2025-06-13 ucrt) -- "Great Square Root" | 4554 |
| lconway | macOS 12.7.1 Monterey | x86_64 | 4.5.1 (2025-06-13) -- "Great Square Root" | 4595 |
| kjohnson3 | macOS 13.7.7 Ventura | arm64 | 4.5.1 Patched (2025-06-14 r88325) -- "Great Square Root" | 4537 |
| taishan | Linux (openEuler 24.03 LTS) | aarch64 | 4.5.0 (2025-04-11) -- "How About a Twenty-Six" | 4535 |
| Click on any hostname to see more info about the system (e.g. compilers) (*) as reported by 'uname -p', except on Windows and Mac OS X | ||||
| Package 803/2317 | Hostname | OS / Arch | INSTALL | BUILD | CHECK | BUILD BIN | ||||||||
| genefu 2.41.0 (landing page) Benjamin Haibe-Kains
| nebbiolo2 | Linux (Ubuntu 24.04.3 LTS) / x86_64 | OK | OK | WARNINGS | |||||||||
| palomino8 | Windows Server 2022 Datacenter / x64 | OK | OK | WARNINGS | OK | |||||||||
| lconway | macOS 12.7.1 Monterey / x86_64 | OK | OK | WARNINGS | OK | |||||||||
| kjohnson3 | macOS 13.7.7 Ventura / arm64 | OK | OK | WARNINGS | OK | |||||||||
| taishan | Linux (openEuler 24.03 LTS) / aarch64 | OK | OK | WARNINGS | ||||||||||
|
To the developers/maintainers of the genefu package: - Allow up to 24 hours (and sometimes 48 hours) for your latest push to git@git.bioconductor.org:packages/genefu.git to reflect on this report. See Troubleshooting Build Report for more information. - Use the following Renviron settings to reproduce errors and warnings. - If 'R CMD check' started to fail recently on the Linux builder(s) over a missing dependency, add the missing dependency to 'Suggests:' in your DESCRIPTION file. See Renviron.bioc for more information. |
| Package: genefu |
| Version: 2.41.0 |
| Command: F:\biocbuild\bbs-3.22-bioc\R\bin\R.exe CMD check --no-multiarch --install=check:genefu.install-out.txt --library=F:\biocbuild\bbs-3.22-bioc\R\library --no-vignettes --timings genefu_2.41.0.tar.gz |
| StartedAt: 2025-08-15 03:30:04 -0400 (Fri, 15 Aug 2025) |
| EndedAt: 2025-08-15 03:33:08 -0400 (Fri, 15 Aug 2025) |
| EllapsedTime: 184.4 seconds |
| RetCode: 0 |
| Status: WARNINGS |
| CheckDir: genefu.Rcheck |
| Warnings: 1 |
##############################################################################
##############################################################################
###
### Running command:
###
### F:\biocbuild\bbs-3.22-bioc\R\bin\R.exe CMD check --no-multiarch --install=check:genefu.install-out.txt --library=F:\biocbuild\bbs-3.22-bioc\R\library --no-vignettes --timings genefu_2.41.0.tar.gz
###
##############################################################################
##############################################################################
* using log directory 'F:/biocbuild/bbs-3.22-bioc/meat/genefu.Rcheck'
* using R version 4.5.1 (2025-06-13 ucrt)
* using platform: x86_64-w64-mingw32
* R was compiled by
gcc.exe (GCC) 14.2.0
GNU Fortran (GCC) 14.2.0
* running under: Windows Server 2022 x64 (build 20348)
* using session charset: UTF-8
* using option '--no-vignettes'
* checking for file 'genefu/DESCRIPTION' ... OK
* checking extension type ... Package
* this is package 'genefu' version '2.41.0'
* package encoding: UTF-8
* checking package namespace information ... OK
* checking package dependencies ... OK
* checking if this is a source package ... OK
* checking if there is a namespace ... OK
* checking for hidden files and directories ... OK
* checking for portable file names ... OK
* checking whether package 'genefu' can be installed ... WARNING
Found the following significant warnings:
Warning: replacing previous import 'limma::logsumexp' by 'mclust::logsumexp' when loading 'genefu'
See 'F:/biocbuild/bbs-3.22-bioc/meat/genefu.Rcheck/00install.out' for details.
* checking installed package size ... INFO
installed size is 5.2Mb
sub-directories of 1Mb or more:
data 4.0Mb
* checking package directory ... OK
* checking 'build' directory ... OK
* checking DESCRIPTION meta-information ... OK
* checking top-level files ... OK
* checking for left-over files ... OK
* checking index information ... OK
* checking package subdirectories ... OK
* checking code files for non-ASCII characters ... OK
* checking R files for syntax errors ... OK
* checking whether the package can be loaded ... OK
* checking whether the package can be loaded with stated dependencies ... OK
* checking whether the package can be unloaded cleanly ... OK
* checking whether the namespace can be loaded with stated dependencies ... OK
* checking whether the namespace can be unloaded cleanly ... OK
* checking dependencies in R code ... NOTE
Packages in Depends field not imported from:
'AIMS' 'biomaRt' 'iC10'
These packages need to be imported from (in the NAMESPACE file)
for when this namespace is loaded but not attached.
Unexported objects imported by ':::' calls:
'mclust:::grid1' 'mclust:::grid2'
See the note in ?`:::` about the use of this operator.
* checking S3 generic/method consistency ... OK
* checking replacement functions ... OK
* checking foreign function calls ... OK
* checking R code for possible problems ... OK
* checking Rd files ... NOTE
checkRd: (-1) fuzzy.ttest.Rd:41: Lost braces; missing escapes or markup?
41 | in w1 and w2 should lay in [0,1] and \verb{0 <= (w1[i] + w2[i]) <= 1} for i in {0,1,...,n} where
| ^
* checking Rd metadata ... OK
* checking Rd cross-references ... OK
* checking for missing documentation entries ... OK
* checking for code/documentation mismatches ... OK
* checking Rd \usage sections ... OK
* checking Rd contents ... OK
* checking for unstated dependencies in examples ... OK
* checking contents of 'data' directory ... OK
* checking data for non-ASCII characters ... OK
* checking data for ASCII and uncompressed saves ... OK
* checking files in 'vignettes' ... OK
* checking examples ... OK
* checking for unstated dependencies in vignettes ... OK
* checking package vignettes ... OK
* checking running R code from vignettes ... SKIPPED
* checking re-building of vignette outputs ... SKIPPED
* checking PDF version of manual ... OK
* DONE
Status: 1 WARNING, 2 NOTEs
See
'F:/biocbuild/bbs-3.22-bioc/meat/genefu.Rcheck/00check.log'
for details.
genefu.Rcheck/00install.out
############################################################################## ############################################################################## ### ### Running command: ### ### F:\biocbuild\bbs-3.22-bioc\R\bin\R.exe CMD INSTALL genefu ### ############################################################################## ############################################################################## * installing to library 'F:/biocbuild/bbs-3.22-bioc/R/library' * installing *source* package 'genefu' ... ** this is package 'genefu' version '2.41.0' ** using staged installation ** R ** data ** inst ** byte-compile and prepare package for lazy loading Warning: replacing previous import 'limma::logsumexp' by 'mclust::logsumexp' when loading 'genefu' ** help *** installing help indices ** building package indices ** installing vignettes ** testing if installed package can be loaded from temporary location Warning: replacing previous import 'limma::logsumexp' by 'mclust::logsumexp' when loading 'genefu' ** testing if installed package can be loaded from final location Warning: replacing previous import 'limma::logsumexp' by 'mclust::logsumexp' when loading 'genefu' ** testing if installed package keeps a record of temporary installation path * DONE (genefu)
genefu.Rcheck/genefu-Ex.timings
| name | user | system | elapsed | |
| bimod | 0.30 | 0.03 | 0.33 | |
| boxplotplus2 | 0.01 | 0.00 | 0.01 | |
| claudinLow | 0.97 | 0.01 | 0.98 | |
| compareProtoCor | 1.52 | 0.05 | 1.57 | |
| compute.pairw.cor.meta | 1.80 | 0.01 | 1.83 | |
| compute.proto.cor.meta | 1.29 | 0.05 | 1.34 | |
| cordiff.dep | 0.14 | 0.00 | 0.14 | |
| endoPredict | 0.14 | 0.00 | 0.14 | |
| fuzzy.ttest | 0.14 | 0.02 | 0.16 | |
| gene70 | 0.22 | 0.03 | 0.25 | |
| gene76 | 0.10 | 0.02 | 0.11 | |
| geneid.map | 0.11 | 0.01 | 0.13 | |
| genius | 0.23 | 0.07 | 0.29 | |
| ggi | 0.14 | 0.00 | 0.16 | |
| ihc4 | 0.11 | 0.00 | 0.10 | |
| intrinsic.cluster | 0.45 | 0.02 | 0.50 | |
| intrinsic.cluster.predict | 0.20 | 0.01 | 0.22 | |
| map.datasets | 1.36 | 0.04 | 1.39 | |
| molecular.subtyping | 3.16 | 0.35 | 3.77 | |
| npi | 0.11 | 0.04 | 0.14 | |
| oncotypedx | 0.14 | 0.03 | 0.17 | |
| ovcAngiogenic | 0.14 | 0.03 | 0.17 | |
| ovcCrijns | 0.14 | 0.01 | 0.16 | |
| ovcTCGA | 0.28 | 0.02 | 0.29 | |
| ovcYoshihara | 0.16 | 0.03 | 0.19 | |
| pik3cags | 0.09 | 0.02 | 0.11 | |
| power.cor | 0 | 0 | 0 | |
| ps.cluster | 0.50 | 0.04 | 0.55 | |
| read.m.file | 0.03 | 0.00 | 0.06 | |
| rename.duplicate | 0 | 0 | 0 | |
| rescale | 0.27 | 0.02 | 0.28 | |
| rorS | 0.20 | 0.03 | 0.23 | |
| setcolclass.df | 0 | 0 | 0 | |
| sig.score | 0.16 | 0.02 | 0.18 | |
| spearmanCI | 0 | 0 | 0 | |
| st.gallen | 0.11 | 0.03 | 0.14 | |
| stab.fs | 0.28 | 0.08 | 0.36 | |
| stab.fs.ranking | 1.84 | 0.15 | 2.00 | |
| strescR | 0 | 0 | 0 | |
| subtype.cluster | 0.70 | 0.08 | 0.78 | |
| subtype.cluster.predict | 0.27 | 0.02 | 0.28 | |
| tamr13 | 0.13 | 0.04 | 0.17 | |
| tbrm | 0 | 0 | 0 | |
| weighted.meanvar | 0 | 0 | 0 | |
| write.m.file | 0.01 | 0.00 | 0.02 | |