| Back to Multiple platform build/check report for BioC 3.22: simplified long |
|
This page was generated on 2025-11-20 12:04 -0500 (Thu, 20 Nov 2025).
| Hostname | OS | Arch (*) | R version | Installed pkgs |
|---|---|---|---|---|
| nebbiolo2 | Linux (Ubuntu 24.04.3 LTS) | x86_64 | 4.5.2 (2025-10-31) -- "[Not] Part in a Rumble" | 4615 |
| merida1 | macOS 12.7.6 Monterey | x86_64 | 4.5.2 Patched (2025-11-05 r88990) -- "[Not] Part in a Rumble" | 4610 |
| kjohnson1 | macOS 13.7.5 Ventura | arm64 | 4.5.2 Patched (2025-11-04 r88984) -- "[Not] Part in a Rumble" | 4598 |
| taishan | Linux (openEuler 24.03 LTS) | aarch64 | 4.5.0 (2025-04-11) -- "How About a Twenty-Six" | 4668 |
| Click on any hostname to see more info about the system (e.g. compilers) (*) as reported by 'uname -p', except on Windows and Mac OS X | ||||
| Package 819/2361 | Hostname | OS / Arch | INSTALL | BUILD | CHECK | BUILD BIN | ||||||||
| genefu 2.42.0 (landing page) Benjamin Haibe-Kains
| nebbiolo2 | Linux (Ubuntu 24.04.3 LTS) / x86_64 | OK | OK | WARNINGS | |||||||||
| merida1 | macOS 12.7.6 Monterey / x86_64 | OK | OK | WARNINGS | OK | |||||||||
| kjohnson1 | macOS 13.7.5 Ventura / arm64 | OK | OK | WARNINGS | OK | |||||||||
| taishan | Linux (openEuler 24.03 LTS) / aarch64 | OK | OK | WARNINGS | ||||||||||
|
To the developers/maintainers of the genefu package: - Allow up to 24 hours (and sometimes 48 hours) for your latest push to git@git.bioconductor.org:packages/genefu.git to reflect on this report. See Troubleshooting Build Report for more information. - Use the following Renviron settings to reproduce errors and warnings. - If 'R CMD check' started to fail recently on the Linux builder(s) over a missing dependency, add the missing dependency to 'Suggests:' in your DESCRIPTION file. See Renviron.bioc for more information. |
| Package: genefu |
| Version: 2.42.0 |
| Command: /Library/Frameworks/R.framework/Resources/bin/R CMD check --install=check:genefu.install-out.txt --library=/Library/Frameworks/R.framework/Resources/library --no-vignettes --timings genefu_2.42.0.tar.gz |
| StartedAt: 2025-11-18 07:55:59 -0500 (Tue, 18 Nov 2025) |
| EndedAt: 2025-11-18 08:00:45 -0500 (Tue, 18 Nov 2025) |
| EllapsedTime: 285.5 seconds |
| RetCode: 0 |
| Status: WARNINGS |
| CheckDir: genefu.Rcheck |
| Warnings: 1 |
##############################################################################
##############################################################################
###
### Running command:
###
### /Library/Frameworks/R.framework/Resources/bin/R CMD check --install=check:genefu.install-out.txt --library=/Library/Frameworks/R.framework/Resources/library --no-vignettes --timings genefu_2.42.0.tar.gz
###
##############################################################################
##############################################################################
* using log directory ‘/Users/biocbuild/bbs-3.22-bioc/meat/genefu.Rcheck’
* using R version 4.5.2 Patched (2025-11-05 r88990)
* using platform: x86_64-apple-darwin20
* R was compiled by
Apple clang version 14.0.0 (clang-1400.0.29.202)
GNU Fortran (GCC) 14.2.0
* running under: macOS Monterey 12.7.6
* using session charset: UTF-8
* using option ‘--no-vignettes’
* checking for file ‘genefu/DESCRIPTION’ ... OK
* checking extension type ... Package
* this is package ‘genefu’ version ‘2.42.0’
* package encoding: UTF-8
* checking package namespace information ... OK
* checking package dependencies ... OK
* checking if this is a source package ... OK
* checking if there is a namespace ... OK
* checking for hidden files and directories ... OK
* checking for portable file names ... OK
* checking for sufficient/correct file permissions ... OK
* checking whether package ‘genefu’ can be installed ... WARNING
Found the following significant warnings:
Warning: replacing previous import ‘limma::logsumexp’ by ‘mclust::logsumexp’ when loading ‘genefu’
See ‘/Users/biocbuild/bbs-3.22-bioc/meat/genefu.Rcheck/00install.out’ for details.
* checking installed package size ... INFO
installed size is 5.2Mb
sub-directories of 1Mb or more:
data 4.0Mb
* checking package directory ... OK
* checking ‘build’ directory ... OK
* checking DESCRIPTION meta-information ... OK
* checking top-level files ... OK
* checking for left-over files ... OK
* checking index information ... OK
* checking package subdirectories ... OK
* checking code files for non-ASCII characters ... OK
* checking R files for syntax errors ... OK
* checking whether the package can be loaded ... OK
* checking whether the package can be loaded with stated dependencies ... OK
* checking whether the package can be unloaded cleanly ... OK
* checking whether the namespace can be loaded with stated dependencies ... OK
* checking whether the namespace can be unloaded cleanly ... OK
* checking dependencies in R code ... NOTE
Packages in Depends field not imported from:
‘AIMS’ ‘biomaRt’ ‘iC10’
These packages need to be imported from (in the NAMESPACE file)
for when this namespace is loaded but not attached.
Unexported objects imported by ':::' calls:
‘mclust:::grid1’ ‘mclust:::grid2’
See the note in ?`:::` about the use of this operator.
* checking S3 generic/method consistency ... OK
* checking replacement functions ... OK
* checking foreign function calls ... OK
* checking R code for possible problems ... OK
* checking Rd files ... NOTE
checkRd: (-1) fuzzy.ttest.Rd:41: Lost braces; missing escapes or markup?
41 | in w1 and w2 should lay in [0,1] and \verb{0 <= (w1[i] + w2[i]) <= 1} for i in {0,1,...,n} where
| ^
* checking Rd metadata ... OK
* checking Rd cross-references ... OK
* checking for missing documentation entries ... OK
* checking for code/documentation mismatches ... OK
* checking Rd \usage sections ... OK
* checking Rd contents ... OK
* checking for unstated dependencies in examples ... OK
* checking contents of ‘data’ directory ... OK
* checking data for non-ASCII characters ... OK
* checking data for ASCII and uncompressed saves ... OK
* checking files in ‘vignettes’ ... OK
* checking examples ... OK
Examples with CPU (user + system) or elapsed time > 5s
user system elapsed
molecular.subtyping 4.532 0.195 5.341
* checking for unstated dependencies in vignettes ... OK
* checking package vignettes ... OK
* checking running R code from vignettes ... SKIPPED
* checking re-building of vignette outputs ... SKIPPED
* checking PDF version of manual ... OK
* DONE
Status: 1 WARNING, 2 NOTEs
See
‘/Users/biocbuild/bbs-3.22-bioc/meat/genefu.Rcheck/00check.log’
for details.
genefu.Rcheck/00install.out
############################################################################## ############################################################################## ### ### Running command: ### ### /Library/Frameworks/R.framework/Resources/bin/R CMD INSTALL genefu ### ############################################################################## ############################################################################## * installing to library ‘/Library/Frameworks/R.framework/Versions/4.5-x86_64/Resources/library’ * installing *source* package ‘genefu’ ... ** this is package ‘genefu’ version ‘2.42.0’ ** using staged installation ** R ** data ** inst ** byte-compile and prepare package for lazy loading Warning: replacing previous import ‘limma::logsumexp’ by ‘mclust::logsumexp’ when loading ‘genefu’ ** help *** installing help indices ** building package indices ** installing vignettes ** testing if installed package can be loaded from temporary location Warning: replacing previous import ‘limma::logsumexp’ by ‘mclust::logsumexp’ when loading ‘genefu’ ** testing if installed package can be loaded from final location Warning: replacing previous import ‘limma::logsumexp’ by ‘mclust::logsumexp’ when loading ‘genefu’ ** testing if installed package keeps a record of temporary installation path * DONE (genefu)
genefu.Rcheck/genefu-Ex.timings
| name | user | system | elapsed | |
| bimod | 0.361 | 0.028 | 0.405 | |
| boxplotplus2 | 0.012 | 0.002 | 0.015 | |
| claudinLow | 1.579 | 0.033 | 1.668 | |
| compareProtoCor | 1.977 | 0.047 | 2.110 | |
| compute.pairw.cor.meta | 2.272 | 0.080 | 2.495 | |
| compute.proto.cor.meta | 1.447 | 0.034 | 1.640 | |
| cordiff.dep | 0.176 | 0.013 | 0.203 | |
| endoPredict | 0.184 | 0.014 | 0.209 | |
| fuzzy.ttest | 0.330 | 0.037 | 0.392 | |
| gene70 | 0.462 | 0.029 | 0.501 | |
| gene76 | 0.211 | 0.015 | 0.239 | |
| geneid.map | 0.203 | 0.018 | 0.234 | |
| genius | 0.410 | 0.041 | 0.472 | |
| ggi | 0.198 | 0.015 | 0.224 | |
| ihc4 | 0.178 | 0.020 | 0.208 | |
| intrinsic.cluster | 0.734 | 0.038 | 0.789 | |
| intrinsic.cluster.predict | 0.359 | 0.024 | 0.451 | |
| map.datasets | 1.403 | 0.038 | 1.620 | |
| molecular.subtyping | 4.532 | 0.195 | 5.341 | |
| npi | 0.172 | 0.020 | 0.215 | |
| oncotypedx | 0.199 | 0.016 | 0.246 | |
| ovcAngiogenic | 0.235 | 0.026 | 0.327 | |
| ovcCrijns | 0.198 | 0.014 | 0.243 | |
| ovcTCGA | 0.476 | 0.024 | 0.540 | |
| ovcYoshihara | 0.195 | 0.014 | 0.236 | |
| pik3cags | 0.190 | 0.015 | 0.218 | |
| power.cor | 0.001 | 0.001 | 0.001 | |
| ps.cluster | 0.814 | 0.044 | 0.905 | |
| read.m.file | 0.041 | 0.005 | 0.053 | |
| rename.duplicate | 0.003 | 0.002 | 0.007 | |
| rescale | 0.389 | 0.023 | 0.462 | |
| rorS | 0.348 | 0.020 | 0.490 | |
| setcolclass.df | 0.003 | 0.001 | 0.003 | |
| sig.score | 0.207 | 0.016 | 0.272 | |
| spearmanCI | 0.001 | 0.001 | 0.003 | |
| st.gallen | 0.167 | 0.016 | 0.210 | |
| stab.fs | 0.619 | 0.022 | 0.732 | |
| stab.fs.ranking | 3.750 | 0.134 | 4.370 | |
| strescR | 0.001 | 0.000 | 0.002 | |
| subtype.cluster | 1.009 | 0.102 | 1.178 | |
| subtype.cluster.predict | 0.452 | 0.039 | 0.515 | |
| tamr13 | 0.257 | 0.021 | 0.296 | |
| tbrm | 0.001 | 0.001 | 0.001 | |
| weighted.meanvar | 0.000 | 0.000 | 0.001 | |
| write.m.file | 0.005 | 0.009 | 0.016 | |