| Back to Multiple platform build/check report for BioC 3.22: simplified long |
|
This page was generated on 2025-08-15 12:07 -0400 (Fri, 15 Aug 2025).
| Hostname | OS | Arch (*) | R version | Installed pkgs |
|---|---|---|---|---|
| nebbiolo2 | Linux (Ubuntu 24.04.3 LTS) | x86_64 | 4.5.1 (2025-06-13) -- "Great Square Root" | 4818 |
| palomino8 | Windows Server 2022 Datacenter | x64 | 4.5.1 (2025-06-13 ucrt) -- "Great Square Root" | 4554 |
| lconway | macOS 12.7.1 Monterey | x86_64 | 4.5.1 (2025-06-13) -- "Great Square Root" | 4595 |
| kjohnson3 | macOS 13.7.7 Ventura | arm64 | 4.5.1 Patched (2025-06-14 r88325) -- "Great Square Root" | 4537 |
| taishan | Linux (openEuler 24.03 LTS) | aarch64 | 4.5.0 (2025-04-11) -- "How About a Twenty-Six" | 4535 |
| Click on any hostname to see more info about the system (e.g. compilers) (*) as reported by 'uname -p', except on Windows and Mac OS X | ||||
| Package 1442/2317 | Hostname | OS / Arch | INSTALL | BUILD | CHECK | BUILD BIN | ||||||||
| NormalyzerDE 1.27.0 (landing page) Jakob Willforss
| nebbiolo2 | Linux (Ubuntu 24.04.3 LTS) / x86_64 | OK | OK | WARNINGS | |||||||||
| palomino8 | Windows Server 2022 Datacenter / x64 | OK | OK | WARNINGS | OK | |||||||||
| lconway | macOS 12.7.1 Monterey / x86_64 | OK | OK | WARNINGS | OK | |||||||||
| kjohnson3 | macOS 13.7.7 Ventura / arm64 | OK | OK | WARNINGS | OK | |||||||||
| taishan | Linux (openEuler 24.03 LTS) / aarch64 | OK | OK | WARNINGS | ||||||||||
|
To the developers/maintainers of the NormalyzerDE package: - Allow up to 24 hours (and sometimes 48 hours) for your latest push to git@git.bioconductor.org:packages/NormalyzerDE.git to reflect on this report. See Troubleshooting Build Report for more information. - Use the following Renviron settings to reproduce errors and warnings. - If 'R CMD check' started to fail recently on the Linux builder(s) over a missing dependency, add the missing dependency to 'Suggests:' in your DESCRIPTION file. See Renviron.bioc for more information. |
| Package: NormalyzerDE |
| Version: 1.27.0 |
| Command: F:\biocbuild\bbs-3.22-bioc\R\bin\R.exe CMD check --no-multiarch --install=check:NormalyzerDE.install-out.txt --library=F:\biocbuild\bbs-3.22-bioc\R\library --no-vignettes --timings NormalyzerDE_1.27.0.tar.gz |
| StartedAt: 2025-08-15 05:55:45 -0400 (Fri, 15 Aug 2025) |
| EndedAt: 2025-08-15 06:00:18 -0400 (Fri, 15 Aug 2025) |
| EllapsedTime: 272.7 seconds |
| RetCode: 0 |
| Status: WARNINGS |
| CheckDir: NormalyzerDE.Rcheck |
| Warnings: 1 |
##############################################################################
##############################################################################
###
### Running command:
###
### F:\biocbuild\bbs-3.22-bioc\R\bin\R.exe CMD check --no-multiarch --install=check:NormalyzerDE.install-out.txt --library=F:\biocbuild\bbs-3.22-bioc\R\library --no-vignettes --timings NormalyzerDE_1.27.0.tar.gz
###
##############################################################################
##############################################################################
* using log directory 'F:/biocbuild/bbs-3.22-bioc/meat/NormalyzerDE.Rcheck'
* using R version 4.5.1 (2025-06-13 ucrt)
* using platform: x86_64-w64-mingw32
* R was compiled by
gcc.exe (GCC) 14.2.0
GNU Fortran (GCC) 14.2.0
* running under: Windows Server 2022 x64 (build 20348)
* using session charset: UTF-8
* using option '--no-vignettes'
* checking for file 'NormalyzerDE/DESCRIPTION' ... OK
* this is package 'NormalyzerDE' version '1.27.0'
* package encoding: UTF-8
* checking package namespace information ... OK
* checking package dependencies ... OK
* checking if this is a source package ... OK
* checking if there is a namespace ... OK
* checking for hidden files and directories ... NOTE
Found the following hidden files and directories:
.travis.yml
These were most likely included in error. See section 'Package
structure' in the 'Writing R Extensions' manual.
* checking for portable file names ... OK
* checking whether package 'NormalyzerDE' can be installed ... OK
* checking installed package size ... OK
* checking package directory ... OK
* checking 'build' directory ... OK
* checking DESCRIPTION meta-information ... OK
* checking top-level files ... OK
* checking for left-over files ... OK
* checking index information ... OK
* checking package subdirectories ... OK
* checking code files for non-ASCII characters ... OK
* checking R files for syntax errors ... OK
* checking whether the package can be loaded ... OK
* checking whether the package can be loaded with stated dependencies ... OK
* checking whether the package can be unloaded cleanly ... OK
* checking whether the namespace can be loaded with stated dependencies ... OK
* checking whether the namespace can be unloaded cleanly ... OK
* checking dependencies in R code ... OK
* checking S3 generic/method consistency ... OK
* checking replacement functions ... OK
* checking foreign function calls ... OK
* checking R code for possible problems ... OK
* checking Rd files ... OK
* checking Rd metadata ... OK
* checking Rd cross-references ... OK
* checking for missing documentation entries ... OK
* checking for code/documentation mismatches ... WARNING
Codoc mismatches from Rd file 'NormalyzerEvaluationResults.Rd':
NormalyzerEvaluationResults
Code: function(nr, categoricalAnova = TRUE)
Docs: function(nr)
Argument names in code not in docs:
categoricalAnova
NormalyzerEvaluationResults
Code: function(nr, categoricalAnova = TRUE)
Docs: function(nr)
Argument names in code not in docs:
categoricalAnova
* checking Rd \usage sections ... NOTE
Documented arguments not in \usage in Rd file 'calculateFeatureCV.Rd':
'sampleReplicateGroups'
Documented arguments not in \usage in Rd file 'verifySummarizedExperiment.Rd':
'fullMatrix' 'designMatrix'
Functions with \usage entries need to have the appropriate \alias
entries, and all their arguments documented.
The \usage entries must correspond to syntactically valid R code.
See chapter 'Writing R documentation files' in the 'Writing R
Extensions' manual.
* checking Rd contents ... OK
* checking for unstated dependencies in examples ... OK
* checking contents of 'data' directory ... OK
* checking data for non-ASCII characters ... OK
* checking data for ASCII and uncompressed saves ... OK
* checking files in 'vignettes' ... OK
* checking examples ... OK
Examples with CPU (user + system) or elapsed time > 5s
user system elapsed
generatePlots 16.89 1.58 18.49
NormalyzerEvaluationResults 5.70 0.33 6.03
* checking for unstated dependencies in 'tests' ... OK
* checking tests ...
Running 'testthat.R'
OK
* checking for unstated dependencies in vignettes ... OK
* checking package vignettes ... OK
* checking running R code from vignettes ... SKIPPED
* checking re-building of vignette outputs ... SKIPPED
* checking PDF version of manual ... OK
* DONE
Status: 1 WARNING, 2 NOTEs
See
'F:/biocbuild/bbs-3.22-bioc/meat/NormalyzerDE.Rcheck/00check.log'
for details.
NormalyzerDE.Rcheck/00install.out
############################################################################## ############################################################################## ### ### Running command: ### ### F:\biocbuild\bbs-3.22-bioc\R\bin\R.exe CMD INSTALL NormalyzerDE ### ############################################################################## ############################################################################## * installing to library 'F:/biocbuild/bbs-3.22-bioc/R/library' * installing *source* package 'NormalyzerDE' ... ** this is package 'NormalyzerDE' version '1.27.0' ** using staged installation ** R ** data ** inst ** byte-compile and prepare package for lazy loading ** help *** installing help indices ** building package indices ** installing vignettes ** testing if installed package can be loaded from temporary location ** testing if installed package can be loaded from final location ** testing if installed package keeps a record of temporary installation path * DONE (NormalyzerDE)
NormalyzerDE.Rcheck/tests/testthat.Rout
R version 4.5.1 (2025-06-13 ucrt) -- "Great Square Root"
Copyright (C) 2025 The R Foundation for Statistical Computing
Platform: x86_64-w64-mingw32/x64
R is free software and comes with ABSOLUTELY NO WARRANTY.
You are welcome to redistribute it under certain conditions.
Type 'license()' or 'licence()' for distribution details.
R is a collaborative project with many contributors.
Type 'contributors()' for more information and
'citation()' on how to cite R or R packages in publications.
Type 'demo()' for some demos, 'help()' for on-line help, or
'help.start()' for an HTML browser interface to help.
Type 'q()' to quit R.
> library(testthat)
> library(NormalyzerDE)
> test_check("NormalyzerDE")
[ FAIL 0 | WARN 0 | SKIP 0 | PASS 82 ]
>
> proc.time()
user system elapsed
24.95 1.01 25.98
NormalyzerDE.Rcheck/NormalyzerDE-Ex.timings
| name | user | system | elapsed | |
| NormalyzerEvaluationResults | 5.70 | 0.33 | 6.03 | |
| NormalyzerResults | 0.09 | 0.00 | 0.10 | |
| NormalyzerStatistics | 0.02 | 0.02 | 0.03 | |
| analyzeNormalizations | 3.90 | 0.03 | 3.94 | |
| calculateContrasts | 0.06 | 0.01 | 0.07 | |
| generateAnnotatedMatrix | 0.02 | 0.03 | 0.05 | |
| generatePlots | 16.89 | 1.58 | 18.49 | |
| generateStatsReport | 2.50 | 0.10 | 2.59 | |
| getRTNormalizedMatrix | 2.00 | 0.07 | 2.07 | |
| getSmoothedRTNormalizedMatrix | 3.79 | 0.03 | 3.83 | |
| getVerifiedNormalyzerObject | 0.05 | 0.00 | 0.05 | |
| globalIntensityNormalization | 0 | 0 | 0 | |
| loadData | 0 | 0 | 0 | |
| loadDesign | 0 | 0 | 0 | |
| meanNormalization | 0.00 | 0.05 | 0.03 | |
| medianNormalization | 0 | 0 | 0 | |
| normMethods | 2.27 | 0.00 | 2.28 | |
| normalyzer | 0 | 0 | 0 | |
| normalyzerDE | 1.35 | 0.02 | 1.38 | |
| performCyclicLoessNormalization | 0.00 | 0.01 | 0.01 | |
| performGlobalRLRNormalization | 0.02 | 0.00 | 0.01 | |
| performQuantileNormalization | 0.02 | 0.00 | 0.02 | |
| performSMADNormalization | 0 | 0 | 0 | |
| performVSNNormalization | 0.01 | 0.00 | 0.01 | |
| reduceTechnicalReplicates | 0.05 | 0.00 | 0.05 | |
| setupJobDir | 0 | 0 | 0 | |
| setupRawContrastObject | 0.01 | 0.00 | 0.02 | |
| setupRawDataObject | 0.04 | 0.00 | 0.03 | |
| setupTestData | 0 | 0 | 0 | |
| writeNormalizedDatasets | 3.51 | 0.05 | 3.56 | |